{"id":1229,"date":"2024-07-30T16:52:27","date_gmt":"2024-07-30T19:52:27","guid":{"rendered":"https:\/\/lucaseletro.com.br\/product\/roupeiro-acp-moveis-lana-c-4p-nature\/"},"modified":"2025-08-21T09:53:59","modified_gmt":"2025-08-21T12:53:59","slug":"guarda-roupa-acp-paolla-06-portas","status":"publish","type":"product","link":"https:\/\/lucaseletro.com.br\/?product=guarda-roupa-acp-paolla-06-portas","title":{"rendered":"ROUPEIRO ACP PAOLLA 06 PTS CINAMOMO\/OFF WHITE MDP"},"content":{"rendered":"<p><strong>Guarda Roupa ACP Paolla 06 portas<\/strong><\/p>\n<p>O guarda-roupa Paolla da ACP, em MDP, oferece seis portas e amplo espa\u00e7o interno com prateleiras e cabideiros de alum\u00ednio. Suas duas gavetas espa\u00e7osas deslizam suavemente, proporcionando organiza\u00e7\u00e3o f\u00e1cil e elegante para suas roupas e acess\u00f3rios.<\/p>\n<p><strong>Informa\u00e7\u00f5es T\u00e9cnicas:<\/strong><br \/>\n&#8211; Marca: ACP<br \/>\n&#8211; Modelo: Paolla<br \/>\n&#8211; Material: 100% MDP<\/p>\n<p><strong>Caracter\u00edsticas:<\/strong><br \/>\n&#8211; 06 portas<br \/>\n&#8211; P\u00e9s inclusos<br \/>\n&#8211; Amplo espa\u00e7o interno<br \/>\n&#8211; Cabideiro em alum\u00ednio<br \/>\n&#8211; 02 gavetas com corredi\u00e7as telesc\u00f3picas<\/p>\n<p><strong>Dimens\u00f5es:<\/strong><br \/>\n&#8211; Altura: 205cm<br \/>\n&#8211; Largura: 180cm<br \/>\n&#8211; Profundidade: 46,5cm<br \/>\n&#8211; Peso: 103,5kg<\/p>\n<p>* Garantia: 90 dias<\/p>\n","protected":false},"excerpt":{"rendered":"<p><strong>Guarda Roupa ACP Paolla 06 portas<\/strong><\/p>\n<p>O guarda-roupa Paolla da ACP, em MDP, oferece seis portas e amplo espa\u00e7o interno com prateleiras e cabideiros de alum\u00ednio. Suas duas gavetas espa\u00e7osas deslizam suavemente, proporcionando organiza\u00e7\u00e3o f\u00e1cil e elegante para suas roupas e acess\u00f3rios.<\/p>\n<p><strong>Informa\u00e7\u00f5es T\u00e9cnicas:<\/strong><br \/>\n&#8211; Marca: ACP<br \/>\n&#8211; Modelo: Paolla<br \/>\n&#8211; Material: 100% MDP<\/p>\n<p><strong>Caracter\u00edsticas:<\/strong><br \/>\n&#8211; 06 portas<br \/>\n&#8211; P\u00e9s inclusos<br \/>\n&#8211; Amplo espa\u00e7o interno<br \/>\n&#8211; Cabideiro em alum\u00ednio<br \/>\n&#8211; 02 gavetas com corredi\u00e7as telesc\u00f3picas<\/p>\n<p><strong>Dimens\u00f5es:<\/strong><br \/>\n&#8211; Altura: 205cm<br \/>\n&#8211; Largura: 180cm<br \/>\n&#8211; Profundidade: 46,5cm<br \/>\n&#8211; Peso: 103,5kg<\/p>\n<p>* Garantia: 90 dias<\/p>\n","protected":false},"featured_media":4194,"comment_status":"open","ping_status":"closed","template":"","meta":[],"product_brand":[],"product_cat":[72,71],"product_tag":[],"class_list":{"0":"post-1229","1":"product","2":"type-product","3":"status-publish","4":"has-post-thumbnail","6":"product_cat-guarda-roupas","7":"product_cat-roupeiro","9":"first","10":"instock","11":"shipping-taxable","12":"purchasable","13":"product-type-simple"},"yoast_head":"<!-- This site is optimized with the Yoast SEO Premium plugin v23.3 (Yoast SEO v27.4) - https:\/\/yoast.com\/product\/yoast-seo-premium-wordpress\/ -->\n<title>ROUPEIRO ACP PAOLLA 06 PTS CINAMOMO\/OFF WHITE MDP - Lucas Eletro<\/title>\n<meta name=\"robots\" content=\"index, follow, max-snippet:-1, max-image-preview:large, max-video-preview:-1\" \/>\n<link rel=\"canonical\" href=\"https:\/\/lucaseletro.com.br\/?product=guarda-roupa-acp-paolla-06-portas\" \/>\n<meta property=\"og:locale\" content=\"pt_BR\" \/>\n<meta property=\"og:type\" content=\"article\" \/>\n<meta property=\"og:title\" content=\"ROUPEIRO ACP PAOLLA 06 PTS CINAMOMO\/OFF WHITE MDP - &#082;&#036;1.299,00 - Lucas Eletro\" \/>\n<meta property=\"og:description\" content=\"Guarda Roupa ACP Paolla 06 portas  O guarda-roupa Paolla da ACP, em MDP, oferece seis portas e amplo espa\u00e7o interno com prateleiras e cabideiros de alum\u00ednio. Suas duas gavetas espa\u00e7osas deslizam suavemente, proporcionando organiza\u00e7\u00e3o f\u00e1cil e elegante para suas roupas e acess\u00f3rios.  Informa\u00e7\u00f5es T\u00e9cnicas: - Marca: ACP - Modelo: Paolla - Material: 100% MDP  Caracter\u00edsticas: - 06 portas - P\u00e9s inclusos - Amplo espa\u00e7o interno - Cabideiro em alum\u00ednio - 02 gavetas com corredi\u00e7as telesc\u00f3picas  Dimens\u00f5es: - Altura: 205cm - Largura: 180cm - Profundidade: 46,5cm - Peso: 103,5kg  * Garantia: 90 dias\" \/>\n<meta property=\"og:url\" content=\"https:\/\/lucaseletro.com.br\/?product=guarda-roupa-acp-paolla-06-portas\" \/>\n<meta property=\"og:site_name\" content=\"Lucas Eletro\" \/>\n<meta property=\"article:publisher\" content=\"https:\/\/www.facebook.com\/lucas.eletro.71\" \/>\n<meta property=\"article:modified_time\" content=\"2025-08-21T12:53:59+00:00\" \/>\n<meta property=\"og:image\" content=\"https:\/\/lucaseletro.com.br\/wp-content\/uploads\/2024\/07\/guarda_roupa_acp_paolla_06_portas_cinamomo_off_white_447_1_5d4e559cd4443b932e81a2ab3becddda.webp\" \/>\n\t<meta property=\"og:image:width\" content=\"768\" \/>\n\t<meta property=\"og:image:height\" content=\"480\" \/>\n\t<meta property=\"og:image:type\" content=\"image\/webp\" \/>\n<meta name=\"twitter:card\" content=\"summary_large_image\" \/>\n<meta name=\"twitter:label1\" content=\"Pre\u00e7o\" \/>\n\t<meta name=\"twitter:data1\" content=\"&#082;&#036;1.299,00\" \/>\n\t<meta name=\"twitter:label2\" content=\"Disponibilidade\" \/>\n\t<meta name=\"twitter:data2\" content=\"Em Estoque\" \/>\n<script type=\"application\/ld+json\" class=\"yoast-schema-graph\">{\"@context\":\"https:\\\/\\\/schema.org\",\"@graph\":[{\"@type\":\"WebPage\",\"@id\":\"https:\\\/\\\/lucaseletro.com.br\\\/?product=guarda-roupa-acp-paolla-06-portas\",\"url\":\"https:\\\/\\\/lucaseletro.com.br\\\/?product=guarda-roupa-acp-paolla-06-portas\",\"name\":\"ROUPEIRO ACP PAOLLA 06 PTS CINAMOMO\\\/OFF WHITE MDP - Lucas Eletro\",\"isPartOf\":{\"@id\":\"https:\\\/\\\/lucaseletro.com.br\\\/#website\"},\"primaryImageOfPage\":{\"@id\":\"https:\\\/\\\/lucaseletro.com.br\\\/?product=guarda-roupa-acp-paolla-06-portas#primaryimage\"},\"image\":{\"@id\":\"https:\\\/\\\/lucaseletro.com.br\\\/?product=guarda-roupa-acp-paolla-06-portas#primaryimage\"},\"thumbnailUrl\":\"https:\\\/\\\/lucaseletro.com.br\\\/wp-content\\\/uploads\\\/2024\\\/07\\\/guarda_roupa_acp_paolla_06_portas_cinamomo_off_white_447_1_5d4e559cd4443b932e81a2ab3becddda.webp\",\"datePublished\":\"2024-07-30T19:52:27+00:00\",\"dateModified\":\"2025-08-21T12:53:59+00:00\",\"breadcrumb\":{\"@id\":\"https:\\\/\\\/lucaseletro.com.br\\\/?product=guarda-roupa-acp-paolla-06-portas#breadcrumb\"},\"inLanguage\":\"pt-BR\",\"potentialAction\":[{\"@type\":\"ReadAction\",\"target\":[\"https:\\\/\\\/lucaseletro.com.br\\\/?product=guarda-roupa-acp-paolla-06-portas\"]}]},{\"@type\":\"ImageObject\",\"inLanguage\":\"pt-BR\",\"@id\":\"https:\\\/\\\/lucaseletro.com.br\\\/?product=guarda-roupa-acp-paolla-06-portas#primaryimage\",\"url\":\"https:\\\/\\\/lucaseletro.com.br\\\/wp-content\\\/uploads\\\/2024\\\/07\\\/guarda_roupa_acp_paolla_06_portas_cinamomo_off_white_447_1_5d4e559cd4443b932e81a2ab3becddda.webp\",\"contentUrl\":\"https:\\\/\\\/lucaseletro.com.br\\\/wp-content\\\/uploads\\\/2024\\\/07\\\/guarda_roupa_acp_paolla_06_portas_cinamomo_off_white_447_1_5d4e559cd4443b932e81a2ab3becddda.webp\",\"width\":768,\"height\":480},{\"@type\":\"BreadcrumbList\",\"@id\":\"https:\\\/\\\/lucaseletro.com.br\\\/?product=guarda-roupa-acp-paolla-06-portas#breadcrumb\",\"itemListElement\":[{\"@type\":\"ListItem\",\"position\":1,\"name\":\"In\u00edcio\",\"item\":\"https:\\\/\\\/lucaseletro.com.br\\\/\"},{\"@type\":\"ListItem\",\"position\":2,\"name\":\"Loja\",\"item\":\"https:\\\/\\\/lucaseletro.com.br\\\/?page_id=11\"},{\"@type\":\"ListItem\",\"position\":3,\"name\":\"ROUPEIRO ACP PAOLLA 06 PTS CINAMOMO\\\/OFF WHITE MDP\"}]},{\"@type\":\"WebSite\",\"@id\":\"https:\\\/\\\/lucaseletro.com.br\\\/#website\",\"url\":\"https:\\\/\\\/lucaseletro.com.br\\\/\",\"name\":\"Lucas Eletro\",\"description\":\"Realizando seus sonhos\",\"publisher\":{\"@id\":\"https:\\\/\\\/lucaseletro.com.br\\\/#organization\"},\"alternateName\":\"Lucas Eletro\",\"potentialAction\":[{\"@type\":\"SearchAction\",\"target\":{\"@type\":\"EntryPoint\",\"urlTemplate\":\"https:\\\/\\\/lucaseletro.com.br\\\/?s={search_term_string}\"},\"query-input\":{\"@type\":\"PropertyValueSpecification\",\"valueRequired\":true,\"valueName\":\"search_term_string\"}}],\"inLanguage\":\"pt-BR\"},{\"@type\":\"Organization\",\"@id\":\"https:\\\/\\\/lucaseletro.com.br\\\/#organization\",\"name\":\"Lucas Eletro\",\"alternateName\":\"Lucas Eletro\",\"url\":\"https:\\\/\\\/lucaseletro.com.br\\\/\",\"logo\":{\"@type\":\"ImageObject\",\"inLanguage\":\"pt-BR\",\"@id\":\"https:\\\/\\\/lucaseletro.com.br\\\/#\\\/schema\\\/logo\\\/image\\\/\",\"url\":\"https:\\\/\\\/lucaseletro.com.br\\\/wp-content\\\/uploads\\\/2024\\\/08\\\/Logo-WebP.webp\",\"contentUrl\":\"https:\\\/\\\/lucaseletro.com.br\\\/wp-content\\\/uploads\\\/2024\\\/08\\\/Logo-WebP.webp\",\"width\":1366,\"height\":457,\"caption\":\"Lucas Eletro\"},\"image\":{\"@id\":\"https:\\\/\\\/lucaseletro.com.br\\\/#\\\/schema\\\/logo\\\/image\\\/\"},\"sameAs\":[\"https:\\\/\\\/www.facebook.com\\\/lucas.eletro.71\"]}]}<\/script>\n<meta property=\"product:price:amount\" content=\"1299.00\" \/>\n<meta property=\"product:price:currency\" content=\"BRL\" \/>\n<meta property=\"og:availability\" content=\"instock\" \/>\n<meta property=\"product:availability\" content=\"instock\" \/>\n<meta property=\"product:condition\" content=\"new\" \/>\n<!-- \/ Yoast SEO Premium plugin. -->","yoast_head_json":{"title":"ROUPEIRO ACP PAOLLA 06 PTS CINAMOMO\/OFF WHITE MDP - Lucas Eletro","robots":{"index":"index","follow":"follow","max-snippet":"max-snippet:-1","max-image-preview":"max-image-preview:large","max-video-preview":"max-video-preview:-1"},"canonical":"https:\/\/lucaseletro.com.br\/?product=guarda-roupa-acp-paolla-06-portas","og_locale":"pt_BR","og_type":"article","og_title":"ROUPEIRO ACP PAOLLA 06 PTS CINAMOMO\/OFF WHITE MDP - &#82;&#36;1.299,00 - Lucas Eletro","og_description":"Guarda Roupa ACP Paolla 06 portas  O guarda-roupa Paolla da ACP, em MDP, oferece seis portas e amplo espa\u00e7o interno com prateleiras e cabideiros de alum\u00ednio. Suas duas gavetas espa\u00e7osas deslizam suavemente, proporcionando organiza\u00e7\u00e3o f\u00e1cil e elegante para suas roupas e acess\u00f3rios.  Informa\u00e7\u00f5es T\u00e9cnicas: - Marca: ACP - Modelo: Paolla - Material: 100% MDP  Caracter\u00edsticas: - 06 portas - P\u00e9s inclusos - Amplo espa\u00e7o interno - Cabideiro em alum\u00ednio - 02 gavetas com corredi\u00e7as telesc\u00f3picas  Dimens\u00f5es: - Altura: 205cm - Largura: 180cm - Profundidade: 46,5cm - Peso: 103,5kg  * Garantia: 90 dias","og_url":"https:\/\/lucaseletro.com.br\/?product=guarda-roupa-acp-paolla-06-portas","og_site_name":"Lucas Eletro","article_publisher":"https:\/\/www.facebook.com\/lucas.eletro.71","article_modified_time":"2025-08-21T12:53:59+00:00","og_image":[{"width":768,"height":480,"url":"https:\/\/lucaseletro.com.br\/wp-content\/uploads\/2024\/07\/guarda_roupa_acp_paolla_06_portas_cinamomo_off_white_447_1_5d4e559cd4443b932e81a2ab3becddda.webp","type":"image\/webp"}],"twitter_card":"summary_large_image","twitter_misc":{"Pre\u00e7o":"&#82;&#36;1.299,00","Disponibilidade":"Em Estoque"},"schema":{"@context":"https:\/\/schema.org","@graph":[{"@type":"WebPage","@id":"https:\/\/lucaseletro.com.br\/?product=guarda-roupa-acp-paolla-06-portas","url":"https:\/\/lucaseletro.com.br\/?product=guarda-roupa-acp-paolla-06-portas","name":"ROUPEIRO ACP PAOLLA 06 PTS CINAMOMO\/OFF WHITE MDP - Lucas Eletro","isPartOf":{"@id":"https:\/\/lucaseletro.com.br\/#website"},"primaryImageOfPage":{"@id":"https:\/\/lucaseletro.com.br\/?product=guarda-roupa-acp-paolla-06-portas#primaryimage"},"image":{"@id":"https:\/\/lucaseletro.com.br\/?product=guarda-roupa-acp-paolla-06-portas#primaryimage"},"thumbnailUrl":"https:\/\/lucaseletro.com.br\/wp-content\/uploads\/2024\/07\/guarda_roupa_acp_paolla_06_portas_cinamomo_off_white_447_1_5d4e559cd4443b932e81a2ab3becddda.webp","datePublished":"2024-07-30T19:52:27+00:00","dateModified":"2025-08-21T12:53:59+00:00","breadcrumb":{"@id":"https:\/\/lucaseletro.com.br\/?product=guarda-roupa-acp-paolla-06-portas#breadcrumb"},"inLanguage":"pt-BR","potentialAction":[{"@type":"ReadAction","target":["https:\/\/lucaseletro.com.br\/?product=guarda-roupa-acp-paolla-06-portas"]}]},{"@type":"ImageObject","inLanguage":"pt-BR","@id":"https:\/\/lucaseletro.com.br\/?product=guarda-roupa-acp-paolla-06-portas#primaryimage","url":"https:\/\/lucaseletro.com.br\/wp-content\/uploads\/2024\/07\/guarda_roupa_acp_paolla_06_portas_cinamomo_off_white_447_1_5d4e559cd4443b932e81a2ab3becddda.webp","contentUrl":"https:\/\/lucaseletro.com.br\/wp-content\/uploads\/2024\/07\/guarda_roupa_acp_paolla_06_portas_cinamomo_off_white_447_1_5d4e559cd4443b932e81a2ab3becddda.webp","width":768,"height":480},{"@type":"BreadcrumbList","@id":"https:\/\/lucaseletro.com.br\/?product=guarda-roupa-acp-paolla-06-portas#breadcrumb","itemListElement":[{"@type":"ListItem","position":1,"name":"In\u00edcio","item":"https:\/\/lucaseletro.com.br\/"},{"@type":"ListItem","position":2,"name":"Loja","item":"https:\/\/lucaseletro.com.br\/?page_id=11"},{"@type":"ListItem","position":3,"name":"ROUPEIRO ACP PAOLLA 06 PTS CINAMOMO\/OFF WHITE MDP"}]},{"@type":"WebSite","@id":"https:\/\/lucaseletro.com.br\/#website","url":"https:\/\/lucaseletro.com.br\/","name":"Lucas Eletro","description":"Realizando seus sonhos","publisher":{"@id":"https:\/\/lucaseletro.com.br\/#organization"},"alternateName":"Lucas Eletro","potentialAction":[{"@type":"SearchAction","target":{"@type":"EntryPoint","urlTemplate":"https:\/\/lucaseletro.com.br\/?s={search_term_string}"},"query-input":{"@type":"PropertyValueSpecification","valueRequired":true,"valueName":"search_term_string"}}],"inLanguage":"pt-BR"},{"@type":"Organization","@id":"https:\/\/lucaseletro.com.br\/#organization","name":"Lucas Eletro","alternateName":"Lucas Eletro","url":"https:\/\/lucaseletro.com.br\/","logo":{"@type":"ImageObject","inLanguage":"pt-BR","@id":"https:\/\/lucaseletro.com.br\/#\/schema\/logo\/image\/","url":"https:\/\/lucaseletro.com.br\/wp-content\/uploads\/2024\/08\/Logo-WebP.webp","contentUrl":"https:\/\/lucaseletro.com.br\/wp-content\/uploads\/2024\/08\/Logo-WebP.webp","width":1366,"height":457,"caption":"Lucas Eletro"},"image":{"@id":"https:\/\/lucaseletro.com.br\/#\/schema\/logo\/image\/"},"sameAs":["https:\/\/www.facebook.com\/lucas.eletro.71"]}]},"product_price_amount":"1299.00","product_price_currency":"BRL","og_availability":"instock","product_availability":"instock","product_condition":"new"},"_links":{"self":[{"href":"https:\/\/lucaseletro.com.br\/index.php?rest_route=\/wp\/v2\/product\/1229","targetHints":{"allow":["GET"]}}],"collection":[{"href":"https:\/\/lucaseletro.com.br\/index.php?rest_route=\/wp\/v2\/product"}],"about":[{"href":"https:\/\/lucaseletro.com.br\/index.php?rest_route=\/wp\/v2\/types\/product"}],"replies":[{"embeddable":true,"href":"https:\/\/lucaseletro.com.br\/index.php?rest_route=%2Fwp%2Fv2%2Fcomments&post=1229"}],"wp:featuredmedia":[{"embeddable":true,"href":"https:\/\/lucaseletro.com.br\/index.php?rest_route=\/wp\/v2\/media\/4194"}],"wp:attachment":[{"href":"https:\/\/lucaseletro.com.br\/index.php?rest_route=%2Fwp%2Fv2%2Fmedia&parent=1229"}],"wp:term":[{"taxonomy":"product_brand","embeddable":true,"href":"https:\/\/lucaseletro.com.br\/index.php?rest_route=%2Fwp%2Fv2%2Fproduct_brand&post=1229"},{"taxonomy":"product_cat","embeddable":true,"href":"https:\/\/lucaseletro.com.br\/index.php?rest_route=%2Fwp%2Fv2%2Fproduct_cat&post=1229"},{"taxonomy":"product_tag","embeddable":true,"href":"https:\/\/lucaseletro.com.br\/index.php?rest_route=%2Fwp%2Fv2%2Fproduct_tag&post=1229"}],"curies":[{"name":"wp","href":"https:\/\/api.w.org\/{rel}","templated":true}]}}