{"id":2519,"date":"2024-07-30T16:55:46","date_gmt":"2024-07-30T19:55:46","guid":{"rendered":"https:\/\/lucaseletro.com.br\/product\/fogao-atlas-cook-top-5bocas-c-a\/"},"modified":"2025-09-10T16:19:35","modified_gmt":"2025-09-10T19:19:35","slug":"fogao-atlas-cook-top-5bocas-c-a","status":"publish","type":"product","link":"https:\/\/lucaseletro.com.br\/?product=fogao-atlas-cook-top-5bocas-c-a","title":{"rendered":"FOGAO COOKTOP ITATIAIA ELECTRA PLUS 5BOCAS C\/A 127\/220"},"content":{"rendered":"<div class=\"sc-iGgWBj hZQAA-D sc-jwunkD dBWfQF\" data-testid=\"product-detail\">\n<h2 class=\"sc-dcJsrY iVJGKX\" data-testid=\"product-detail-label\">Informa\u00e7\u00f5es do Produto<\/h2>\n<p><span class=\"sc-dcJsrY jZKEso\" data-testid=\"product-detail-title\">Cooktop Fog\u00e3o 5 Bocas \u00e0 G\u00e1s Itatiaia Electra Plus Preto Bivolt, Vidro Temperado, Acendimento Autom\u00e1tico, Design Moderno<\/span><\/p>\n<div class=\"sc-iGgWBj jEOEJZ sc-cQYSec iIiVcO\" data-testid=\"product-detail-description\">\n<div class=\"sc-iGgWBj eWtIHQ sc-ddrdZi kFYyJS\" data-testid=\"rich-content-container\">Cooktop Electra Plus Itatiaia \u00c0 G\u00e1s 5 Bocas Bivolt Preto<\/p>\n<p>Transforme sua experi\u00eancia na cozinha com o Cooktop \u00e0 G\u00e1s Itatiaia Electra Plus 5 Bocas, uma combina\u00e7\u00e3o ideal de modernidade, funcionalidade e seguran\u00e7a. Com mesa de vidro temperado de alta resist\u00eancia, ele oferece um<br \/>\nvisual elegante e sofisticado que valoriza qualquer ambiente.<br \/>\nO modelo conta com 5 queimadores potentes, sendo ideal para preparar v\u00e1rias receitas ao mesmo tempo com agilidade e efici\u00eancia.<\/p>\n<p>Especifica\u00e7\u00f5es:<\/p>\n<p>Marca: Itatiaia<\/p>\n<p>Modelo: CTI-3700000481<\/p>\n<p>Cor Principal: Preto<\/p>\n<p>Pot\u00eancia Resist\u00eancia: Queimadores de alum\u00ednio para maior resist\u00eancia e pot\u00eancia das chamas.<\/p>\n<p>Seguran\u00e7a por Indu\u00e7\u00e3o: Evita queimaduras e s\u00f3 funciona com panelas compat\u00edveis.<\/p>\n<p>Prote\u00e7\u00e3o Contra Derramamento: Mant\u00e9m a cozinha limpa.<\/p>\n<p>Modo Pot\u00eancia\/Temperatura: Ajuste conforme a necessidade.<\/p>\n<p>Port\u00e1til: F\u00e1cil de transportar e usar em qualquer ambiente.<\/p>\n<p>5 Queimadores: Ideal para diversas receitas.<\/p>\n<p>Dimens\u00f5es:<\/p>\n<p>Altura: 15,8 cm<\/p>\n<p>Largura: 73 cm<\/p>\n<p>Comprimento: 45 cm<\/p>\n<p>Peso: 8,9 kg<\/p>\n<p>Garantia de 12 meses<\/p>\n<p>O Que voc\u00ea est\u00e1 comprando?<\/p>\n<p>01_Cooktop Electra Plus 5 Bocas<\/p>\n<p>01_ Manual De Instru\u00e7\u00f5es<\/p><\/div>\n<\/div>\n<\/div>\n<div class=\"sc-iGgWBj eWtIHQ\" data-testid=\"lazyload-container\">\n<div class=\"sc-bpUBKd iMekvN\" data-testid=\"mod-o\"><\/div>\n<\/div>\n<div class=\"sc-iGgWBj hODtov sc-dnhcxY bzBSHk\">\n<table class=\"sc-iGgWBj iCEidV sc-bStcSt emFJXX\">\n<tbody>\n<tr>\n<td class=\"sc-iaJaUu jUTMlm\">Informa\u00e7\u00f5es complementares<\/td>\n<td class=\"sc-feoqov jEebvX\">\n<table class=\"sc-dOoqMo iwSfwR\">\n<tbody>\n<tr>\n<td class=\"sc-gVJvzJ gJVWHr\">Alimenta\u00e7\u00e3o do Eletrodom\u00e9stico<\/td>\n<td>G\u00e1s<\/td>\n<\/tr>\n<tr>\n<td class=\"sc-gVJvzJ gJVWHr\">Conte\u00fado da Embalagem<\/td>\n<td>01_Cooktop Electra Plus 5 Bocas, 01_ Manual De Instru\u00e7\u00f5es<\/td>\n<\/tr>\n<tr>\n<td class=\"sc-gVJvzJ gJVWHr\">Cor<\/td>\n<td>Preto<\/td>\n<\/tr>\n<tr>\n<td class=\"sc-gVJvzJ gJVWHr\">Dimens\u00f5es do Produto<\/td>\n<td>Altura: 15,8 cm, Largura: 73 cm, Comprimento: 45 cm<\/td>\n<\/tr>\n<tr>\n<td class=\"sc-gVJvzJ gJVWHr\">Linha<\/td>\n<td>Electra Plus<\/td>\n<\/tr>\n<tr>\n<td class=\"sc-gVJvzJ gJVWHr\">Marca<\/td>\n<td><a class=\"sc-JrDLc gkEUmz sc-DWsrX gaOyIa sc-DWsrX gaOyIa\" href=\"https:\/\/www.magazineluiza.com.br\/marcas\/itatiaia\/\" data-testid=\"link\">Itatiaia<\/a><\/td>\n<\/tr>\n<tr>\n<td class=\"sc-gVJvzJ gJVWHr\">Material<\/td>\n<td>Vidro Temperado<\/td>\n<\/tr>\n<tr>\n<td class=\"sc-gVJvzJ gJVWHr\">Modelo<\/td>\n<td>CTI-3700000481<\/td>\n<\/tr>\n<tr>\n<td class=\"sc-gVJvzJ gJVWHr\">Peso do Produto<\/td>\n<td>8,9kg<\/td>\n<\/tr>\n<tr>\n<td class=\"sc-gVJvzJ gJVWHr\">Prazo de Garantia<\/td>\n<td>12 meses<\/td>\n<\/tr>\n<tr>\n<td class=\"sc-gVJvzJ gJVWHr\">Quantidade de Bocas<\/td>\n<td>5 unidades<\/td>\n<\/tr>\n<tr>\n<td class=\"sc-gVJvzJ gJVWHr\">Tipo de Acendimento<\/td>\n<td>autom\u00e1tico<\/td>\n<\/tr>\n<tr>\n<td class=\"sc-gVJvzJ gJVWHr\">Tipo de G\u00e1s<\/td>\n<td>g\u00e1s<\/td>\n<\/tr>\n<tr>\n<td class=\"sc-gVJvzJ gJVWHr\">Tipo de Mesa do Eletrodom\u00e9stico<\/td>\n<td>vidro temperado<\/td>\n<\/tr>\n<tr>\n<td class=\"sc-gVJvzJ gJVWHr\">Tipo de Queimadores<\/td>\n<td>queimadores de alum\u00ednio<\/td>\n<\/tr>\n<tr>\n<td class=\"sc-gVJvzJ gJVWHr\">Tipo de Vidro<\/td>\n<td>temperado<\/td>\n<\/tr>\n<tr>\n<td class=\"sc-gVJvzJ gJVWHr\">Voltagem<\/td>\n<td>Bivolt<\/td>\n<\/tr>\n<\/tbody>\n<\/table>\n<\/td>\n<\/tr>\n<\/tbody>\n<\/table>\n<\/div>\n","protected":false},"excerpt":{"rendered":"<div class=\"sc-iGgWBj hZQAA-D sc-jwunkD dBWfQF\" data-testid=\"product-detail\">\n<h2 class=\"sc-dcJsrY iVJGKX\" data-testid=\"product-detail-label\">Informa\u00e7\u00f5es do Produto<\/h2>\n<p><span class=\"sc-dcJsrY jZKEso\" data-testid=\"product-detail-title\">Cooktop Fog\u00e3o 5 Bocas \u00e0 G\u00e1s Itatiaia Electra Plus Preto Bivolt, Vidro Temperado, Acendimento Autom\u00e1tico, Design Moderno<\/span><\/p>\n<div class=\"sc-iGgWBj jEOEJZ sc-cQYSec iIiVcO\" data-testid=\"product-detail-description\">\n<div class=\"sc-iGgWBj eWtIHQ sc-ddrdZi kFYyJS\" data-testid=\"rich-content-container\">Cooktop Electra Plus Itatiaia \u00c0 G\u00e1s 5 Bocas Bivolt Preto<\/p>\n<p>Transforme sua experi\u00eancia na cozinha com o Cooktop \u00e0 G\u00e1s Itatiaia Electra Plus 5 Bocas, uma combina\u00e7\u00e3o ideal de modernidade, funcionalidade e seguran\u00e7a. Com mesa de vidro temperado de alta resist\u00eancia, ele oferece um<br \/>\nvisual elegante e sofisticado que valoriza qualquer ambiente.<br \/>\nO modelo conta com 5 queimadores potentes, sendo ideal para preparar v\u00e1rias receitas ao mesmo tempo com agilidade e efici\u00eancia.<\/p>\n<p>Especifica\u00e7\u00f5es:<\/p>\n<p>Marca: Itatiaia<\/p>\n<p>Modelo: CTI-3700000481<\/p>\n<p>Cor Principal: Preto<\/p>\n<p>Pot\u00eancia Resist\u00eancia: Queimadores de alum\u00ednio para maior resist\u00eancia e pot\u00eancia das chamas.<\/p>\n<p>Seguran\u00e7a por Indu\u00e7\u00e3o: Evita queimaduras e s\u00f3 funciona com panelas compat\u00edveis.<\/p>\n<p>Prote\u00e7\u00e3o Contra Derramamento: Mant\u00e9m a cozinha limpa.<\/p>\n<p>Modo Pot\u00eancia\/Temperatura: Ajuste conforme a necessidade.<\/p>\n<p>Port\u00e1til: F\u00e1cil de transportar e usar em qualquer ambiente.<\/p>\n<p>5 Queimadores: Ideal para diversas receitas.<\/p>\n<p>Dimens\u00f5es:<\/p>\n<p>Altura: 15,8 cm<\/p>\n<p>Largura: 73 cm<\/p>\n<p>Comprimento: 45 cm<\/p>\n<p>Peso: 8,9 kg<\/p>\n<p>Garantia de 12 meses<\/p>\n<p>O Que voc\u00ea est\u00e1 comprando?<\/p>\n<p>01_Cooktop Electra Plus 5 Bocas<\/p>\n<p>01_ Manual De Instru\u00e7\u00f5es<\/p><\/div>\n<\/div>\n<\/div>\n<div class=\"sc-iGgWBj eWtIHQ\" data-testid=\"lazyload-container\">\n<div class=\"sc-bpUBKd iMekvN\" data-testid=\"mod-o\"><\/div>\n<\/div>\n<div class=\"sc-iGgWBj hODtov sc-dnhcxY bzBSHk\">\n<table class=\"sc-iGgWBj iCEidV sc-bStcSt emFJXX\">\n<tbody>\n<tr>\n<td class=\"sc-iaJaUu jUTMlm\">Informa\u00e7\u00f5es complementares<\/td>\n<td class=\"sc-feoqov jEebvX\">\n<table class=\"sc-dOoqMo iwSfwR\">\n<tbody>\n<tr>\n<td class=\"sc-gVJvzJ gJVWHr\">Alimenta\u00e7\u00e3o do Eletrodom\u00e9stico<\/td>\n<td>G\u00e1s<\/td>\n<\/tr>\n<tr>\n<td class=\"sc-gVJvzJ gJVWHr\">Conte\u00fado da Embalagem<\/td>\n<td>01_Cooktop Electra Plus 5 Bocas, 01_ Manual De Instru\u00e7\u00f5es<\/td>\n<\/tr>\n<tr>\n<td class=\"sc-gVJvzJ gJVWHr\">Cor<\/td>\n<td>Preto<\/td>\n<\/tr>\n<tr>\n<td class=\"sc-gVJvzJ gJVWHr\">Dimens\u00f5es do Produto<\/td>\n<td>Altura: 15,8 cm, Largura: 73 cm, Comprimento: 45 cm<\/td>\n<\/tr>\n<tr>\n<td class=\"sc-gVJvzJ gJVWHr\">Linha<\/td>\n<td>Electra Plus<\/td>\n<\/tr>\n<tr>\n<td class=\"sc-gVJvzJ gJVWHr\">Marca<\/td>\n<td><a class=\"sc-JrDLc gkEUmz sc-DWsrX gaOyIa sc-DWsrX gaOyIa\" href=\"https:\/\/www.magazineluiza.com.br\/marcas\/itatiaia\/\" data-testid=\"link\">Itatiaia<\/a><\/td>\n<\/tr>\n<tr>\n<td class=\"sc-gVJvzJ gJVWHr\">Material<\/td>\n<td>Vidro Temperado<\/td>\n<\/tr>\n<tr>\n<td class=\"sc-gVJvzJ gJVWHr\">Modelo<\/td>\n<td>CTI-3700000481<\/td>\n<\/tr>\n<tr>\n<td class=\"sc-gVJvzJ gJVWHr\">Peso do Produto<\/td>\n<td>8,9kg<\/td>\n<\/tr>\n<tr>\n<td class=\"sc-gVJvzJ gJVWHr\">Prazo de Garantia<\/td>\n<td>12 meses<\/td>\n<\/tr>\n<tr>\n<td class=\"sc-gVJvzJ gJVWHr\">Quantidade de Bocas<\/td>\n<td>5 unidades<\/td>\n<\/tr>\n<tr>\n<td class=\"sc-gVJvzJ gJVWHr\">Tipo de Acendimento<\/td>\n<td>autom\u00e1tico<\/td>\n<\/tr>\n<tr>\n<td class=\"sc-gVJvzJ gJVWHr\">Tipo de G\u00e1s<\/td>\n<td>g\u00e1s<\/td>\n<\/tr>\n<tr>\n<td class=\"sc-gVJvzJ gJVWHr\">Tipo de Mesa do Eletrodom\u00e9stico<\/td>\n<td>vidro temperado<\/td>\n<\/tr>\n<tr>\n<td class=\"sc-gVJvzJ gJVWHr\">Tipo de Queimadores<\/td>\n<td>queimadores de alum\u00ednio<\/td>\n<\/tr>\n<tr>\n<td class=\"sc-gVJvzJ gJVWHr\">Tipo de Vidro<\/td>\n<td>temperado<\/td>\n<\/tr>\n<tr>\n<td class=\"sc-gVJvzJ gJVWHr\">Voltagem<\/td>\n<td>Bivolt<\/td>\n<\/tr>\n<\/tbody>\n<\/table>\n<\/td>\n<\/tr>\n<\/tbody>\n<\/table>\n<\/div>\n","protected":false},"featured_media":4470,"comment_status":"open","ping_status":"closed","template":"","meta":[],"product_brand":[],"product_cat":[32,77,86],"product_tag":[],"class_list":{"0":"post-2519","1":"product","2":"type-product","3":"status-publish","4":"has-post-thumbnail","6":"product_cat-cozinha","7":"product_cat-fogao-cozinha","8":"product_cat-fogao-cozinha-metal","10":"first","11":"instock","12":"shipping-taxable","13":"purchasable","14":"product-type-simple"},"yoast_head":"<!-- This site is optimized with the Yoast SEO Premium plugin v23.3 (Yoast SEO v27.4) - https:\/\/yoast.com\/product\/yoast-seo-premium-wordpress\/ -->\n<title>FOGAO COOKTOP ITATIAIA ELECTRA PLUS 5BOCAS C\/A 127\/220 - Lucas Eletro<\/title>\n<meta name=\"description\" content=\"Cooktop Fog\u00e3o 5 Bocas \u00e0 G\u00e1s Itatiaia Electra Plus Preto Bivolt\" \/>\n<meta name=\"robots\" content=\"index, follow, max-snippet:-1, max-image-preview:large, max-video-preview:-1\" \/>\n<link rel=\"canonical\" href=\"https:\/\/lucaseletro.com.br\/?product=fogao-atlas-cook-top-5bocas-c-a\" \/>\n<meta property=\"og:locale\" content=\"pt_BR\" \/>\n<meta property=\"og:type\" content=\"article\" \/>\n<meta property=\"og:title\" content=\"FOGAO COOKTOP ITATIAIA ELECTRA PLUS 5BOCAS C\/A 127\/220 - &#082;&#036;699,00 - Lucas Eletro\" \/>\n<meta property=\"og:description\" content=\"Informa\u00e7\u00f5es do Produto Cooktop Fog\u00e3o 5 Bocas \u00e0 G\u00e1s Itatiaia Electra Plus Preto Bivolt, Vidro Temperado, Acendimento Autom\u00e1tico, Design Moderno  Cooktop Electra Plus Itatiaia \u00c0 G\u00e1s 5 Bocas Bivolt Preto   Transforme sua experi\u00eancia na cozinha com o Cooktop \u00e0 G\u00e1s Itatiaia Electra Plus 5 Bocas, uma combina\u00e7\u00e3o ideal de modernidade, funcionalidade e seguran\u00e7a. Com mesa de vidro temperado de alta resist\u00eancia, ele oferece um visual elegante e sofisticado que valoriza qualquer ambiente. O modelo conta com 5 queimadores potentes, sendo ideal para preparar v\u00e1rias receitas ao mesmo tempo com agilidade e efici\u00eancia.   Especifica\u00e7\u00f5es:  Marca: Itatiaia  Modelo: CTI-3700000481  Cor Principal: Preto  Pot\u00eancia Resist\u00eancia: Queimadores de alum\u00ednio para maior resist\u00eancia e pot\u00eancia das chamas.  Seguran\u00e7a por Indu\u00e7\u00e3o: Evita queimaduras e s\u00f3 funciona com panelas compat\u00edveis.  Prote\u00e7\u00e3o Contra Derramamento: Mant\u00e9m a cozinha limpa.  Modo Pot\u00eancia\/Temperatura: Ajuste conforme a necessidade.  Port\u00e1til: F\u00e1cil de transportar e usar em qualquer ambiente.  5 Queimadores: Ideal para diversas receitas.    Dimens\u00f5es:  Altura: 15,8 cm  Largura: 73 cm  Comprimento: 45 cm  Peso: 8,9 kg   Garantia de 12 meses   O Que voc\u00ea est\u00e1 comprando?  01_Cooktop Electra Plus 5 Bocas  01_ Manual De Instru\u00e7\u00f5es          Informa\u00e7\u00f5es complementares     Alimenta\u00e7\u00e3o do Eletrodom\u00e9stico G\u00e1s   Conte\u00fado da Embalagem 01_Cooktop Electra Plus 5 Bocas, 01_ Manual De Instru\u00e7\u00f5es   Cor Preto   Dimens\u00f5es do Produto Altura: 15,8 cm, Largura: 73 cm, Comprimento: 45 cm   Linha Electra Plus   Marca Itatiaia   Material Vidro Temperado   Modelo CTI-3700000481   Peso do Produto 8,9kg   Prazo de Garantia 12 meses   Quantidade de Bocas 5 unidades   Tipo de Acendimento autom\u00e1tico   Tipo de G\u00e1s g\u00e1s   Tipo de Mesa do Eletrodom\u00e9stico vidro temperado   Tipo de Queimadores queimadores de alum\u00ednio   Tipo de Vidro temperado   Voltagem Bivolt\" \/>\n<meta property=\"og:url\" content=\"https:\/\/lucaseletro.com.br\/?product=fogao-atlas-cook-top-5bocas-c-a\" \/>\n<meta property=\"og:site_name\" content=\"Lucas Eletro\" \/>\n<meta property=\"article:publisher\" content=\"https:\/\/www.facebook.com\/lucas.eletro.71\" \/>\n<meta property=\"article:modified_time\" content=\"2025-09-10T19:19:35+00:00\" \/>\n<meta property=\"og:image\" content=\"https:\/\/lucaseletro.com.br\/wp-content\/uploads\/2024\/07\/517WDD3MLcL._AC_SL1000_.jpg\" \/>\n\t<meta property=\"og:image:width\" content=\"961\" \/>\n\t<meta property=\"og:image:height\" content=\"450\" \/>\n\t<meta property=\"og:image:type\" content=\"image\/jpeg\" \/>\n<meta name=\"twitter:card\" content=\"summary_large_image\" \/>\n<meta name=\"twitter:label1\" content=\"Pre\u00e7o\" \/>\n\t<meta name=\"twitter:data1\" content=\"&#082;&#036;699,00\" \/>\n\t<meta name=\"twitter:label2\" content=\"Disponibilidade\" \/>\n\t<meta name=\"twitter:data2\" content=\"Em Estoque\" \/>\n<script type=\"application\/ld+json\" class=\"yoast-schema-graph\">{\"@context\":\"https:\\\/\\\/schema.org\",\"@graph\":[{\"@type\":\"WebPage\",\"@id\":\"https:\\\/\\\/lucaseletro.com.br\\\/?product=fogao-atlas-cook-top-5bocas-c-a\",\"url\":\"https:\\\/\\\/lucaseletro.com.br\\\/?product=fogao-atlas-cook-top-5bocas-c-a\",\"name\":\"FOGAO COOKTOP ITATIAIA ELECTRA PLUS 5BOCAS C\\\/A 127\\\/220 - Lucas Eletro\",\"isPartOf\":{\"@id\":\"https:\\\/\\\/lucaseletro.com.br\\\/#website\"},\"primaryImageOfPage\":{\"@id\":\"https:\\\/\\\/lucaseletro.com.br\\\/?product=fogao-atlas-cook-top-5bocas-c-a#primaryimage\"},\"image\":{\"@id\":\"https:\\\/\\\/lucaseletro.com.br\\\/?product=fogao-atlas-cook-top-5bocas-c-a#primaryimage\"},\"thumbnailUrl\":\"https:\\\/\\\/lucaseletro.com.br\\\/wp-content\\\/uploads\\\/2024\\\/07\\\/517WDD3MLcL._AC_SL1000_.jpg\",\"datePublished\":\"2024-07-30T19:55:46+00:00\",\"dateModified\":\"2025-09-10T19:19:35+00:00\",\"description\":\"Cooktop Fog\u00e3o 5 Bocas \u00e0 G\u00e1s Itatiaia Electra Plus Preto Bivolt\",\"breadcrumb\":{\"@id\":\"https:\\\/\\\/lucaseletro.com.br\\\/?product=fogao-atlas-cook-top-5bocas-c-a#breadcrumb\"},\"inLanguage\":\"pt-BR\",\"potentialAction\":[{\"@type\":\"ReadAction\",\"target\":[\"https:\\\/\\\/lucaseletro.com.br\\\/?product=fogao-atlas-cook-top-5bocas-c-a\"]}]},{\"@type\":\"ImageObject\",\"inLanguage\":\"pt-BR\",\"@id\":\"https:\\\/\\\/lucaseletro.com.br\\\/?product=fogao-atlas-cook-top-5bocas-c-a#primaryimage\",\"url\":\"https:\\\/\\\/lucaseletro.com.br\\\/wp-content\\\/uploads\\\/2024\\\/07\\\/517WDD3MLcL._AC_SL1000_.jpg\",\"contentUrl\":\"https:\\\/\\\/lucaseletro.com.br\\\/wp-content\\\/uploads\\\/2024\\\/07\\\/517WDD3MLcL._AC_SL1000_.jpg\",\"width\":961,\"height\":450},{\"@type\":\"BreadcrumbList\",\"@id\":\"https:\\\/\\\/lucaseletro.com.br\\\/?product=fogao-atlas-cook-top-5bocas-c-a#breadcrumb\",\"itemListElement\":[{\"@type\":\"ListItem\",\"position\":1,\"name\":\"In\u00edcio\",\"item\":\"https:\\\/\\\/lucaseletro.com.br\\\/\"},{\"@type\":\"ListItem\",\"position\":2,\"name\":\"Loja\",\"item\":\"https:\\\/\\\/lucaseletro.com.br\\\/?page_id=11\"},{\"@type\":\"ListItem\",\"position\":3,\"name\":\"FOGAO COOKTOP ITATIAIA ELECTRA PLUS 5BOCAS C\\\/A 127\\\/220\"}]},{\"@type\":\"WebSite\",\"@id\":\"https:\\\/\\\/lucaseletro.com.br\\\/#website\",\"url\":\"https:\\\/\\\/lucaseletro.com.br\\\/\",\"name\":\"Lucas Eletro\",\"description\":\"Realizando seus sonhos\",\"publisher\":{\"@id\":\"https:\\\/\\\/lucaseletro.com.br\\\/#organization\"},\"alternateName\":\"Lucas Eletro\",\"potentialAction\":[{\"@type\":\"SearchAction\",\"target\":{\"@type\":\"EntryPoint\",\"urlTemplate\":\"https:\\\/\\\/lucaseletro.com.br\\\/?s={search_term_string}\"},\"query-input\":{\"@type\":\"PropertyValueSpecification\",\"valueRequired\":true,\"valueName\":\"search_term_string\"}}],\"inLanguage\":\"pt-BR\"},{\"@type\":\"Organization\",\"@id\":\"https:\\\/\\\/lucaseletro.com.br\\\/#organization\",\"name\":\"Lucas Eletro\",\"alternateName\":\"Lucas Eletro\",\"url\":\"https:\\\/\\\/lucaseletro.com.br\\\/\",\"logo\":{\"@type\":\"ImageObject\",\"inLanguage\":\"pt-BR\",\"@id\":\"https:\\\/\\\/lucaseletro.com.br\\\/#\\\/schema\\\/logo\\\/image\\\/\",\"url\":\"https:\\\/\\\/lucaseletro.com.br\\\/wp-content\\\/uploads\\\/2024\\\/08\\\/Logo-WebP.webp\",\"contentUrl\":\"https:\\\/\\\/lucaseletro.com.br\\\/wp-content\\\/uploads\\\/2024\\\/08\\\/Logo-WebP.webp\",\"width\":1366,\"height\":457,\"caption\":\"Lucas Eletro\"},\"image\":{\"@id\":\"https:\\\/\\\/lucaseletro.com.br\\\/#\\\/schema\\\/logo\\\/image\\\/\"},\"sameAs\":[\"https:\\\/\\\/www.facebook.com\\\/lucas.eletro.71\"]}]}<\/script>\n<meta property=\"product:price:amount\" content=\"699.00\" \/>\n<meta property=\"product:price:currency\" content=\"BRL\" \/>\n<meta property=\"og:availability\" content=\"instock\" \/>\n<meta property=\"product:availability\" content=\"instock\" \/>\n<meta property=\"product:condition\" content=\"new\" \/>\n<!-- \/ Yoast SEO Premium plugin. -->","yoast_head_json":{"title":"FOGAO COOKTOP ITATIAIA ELECTRA PLUS 5BOCAS C\/A 127\/220 - Lucas Eletro","description":"Cooktop Fog\u00e3o 5 Bocas \u00e0 G\u00e1s Itatiaia Electra Plus Preto Bivolt","robots":{"index":"index","follow":"follow","max-snippet":"max-snippet:-1","max-image-preview":"max-image-preview:large","max-video-preview":"max-video-preview:-1"},"canonical":"https:\/\/lucaseletro.com.br\/?product=fogao-atlas-cook-top-5bocas-c-a","og_locale":"pt_BR","og_type":"article","og_title":"FOGAO COOKTOP ITATIAIA ELECTRA PLUS 5BOCAS C\/A 127\/220 - &#82;&#36;699,00 - Lucas Eletro","og_description":"Informa\u00e7\u00f5es do Produto Cooktop Fog\u00e3o 5 Bocas \u00e0 G\u00e1s Itatiaia Electra Plus Preto Bivolt, Vidro Temperado, Acendimento Autom\u00e1tico, Design Moderno  Cooktop Electra Plus Itatiaia \u00c0 G\u00e1s 5 Bocas Bivolt Preto   Transforme sua experi\u00eancia na cozinha com o Cooktop \u00e0 G\u00e1s Itatiaia Electra Plus 5 Bocas, uma combina\u00e7\u00e3o ideal de modernidade, funcionalidade e seguran\u00e7a. Com mesa de vidro temperado de alta resist\u00eancia, ele oferece um visual elegante e sofisticado que valoriza qualquer ambiente. O modelo conta com 5 queimadores potentes, sendo ideal para preparar v\u00e1rias receitas ao mesmo tempo com agilidade e efici\u00eancia.   Especifica\u00e7\u00f5es:  Marca: Itatiaia  Modelo: CTI-3700000481  Cor Principal: Preto  Pot\u00eancia Resist\u00eancia: Queimadores de alum\u00ednio para maior resist\u00eancia e pot\u00eancia das chamas.  Seguran\u00e7a por Indu\u00e7\u00e3o: Evita queimaduras e s\u00f3 funciona com panelas compat\u00edveis.  Prote\u00e7\u00e3o Contra Derramamento: Mant\u00e9m a cozinha limpa.  Modo Pot\u00eancia\/Temperatura: Ajuste conforme a necessidade.  Port\u00e1til: F\u00e1cil de transportar e usar em qualquer ambiente.  5 Queimadores: Ideal para diversas receitas.    Dimens\u00f5es:  Altura: 15,8 cm  Largura: 73 cm  Comprimento: 45 cm  Peso: 8,9 kg   Garantia de 12 meses   O Que voc\u00ea est\u00e1 comprando?  01_Cooktop Electra Plus 5 Bocas  01_ Manual De Instru\u00e7\u00f5es          Informa\u00e7\u00f5es complementares     Alimenta\u00e7\u00e3o do Eletrodom\u00e9stico G\u00e1s   Conte\u00fado da Embalagem 01_Cooktop Electra Plus 5 Bocas, 01_ Manual De Instru\u00e7\u00f5es   Cor Preto   Dimens\u00f5es do Produto Altura: 15,8 cm, Largura: 73 cm, Comprimento: 45 cm   Linha Electra Plus   Marca Itatiaia   Material Vidro Temperado   Modelo CTI-3700000481   Peso do Produto 8,9kg   Prazo de Garantia 12 meses   Quantidade de Bocas 5 unidades   Tipo de Acendimento autom\u00e1tico   Tipo de G\u00e1s g\u00e1s   Tipo de Mesa do Eletrodom\u00e9stico vidro temperado   Tipo de Queimadores queimadores de alum\u00ednio   Tipo de Vidro temperado   Voltagem Bivolt","og_url":"https:\/\/lucaseletro.com.br\/?product=fogao-atlas-cook-top-5bocas-c-a","og_site_name":"Lucas Eletro","article_publisher":"https:\/\/www.facebook.com\/lucas.eletro.71","article_modified_time":"2025-09-10T19:19:35+00:00","og_image":[{"width":961,"height":450,"url":"https:\/\/lucaseletro.com.br\/wp-content\/uploads\/2024\/07\/517WDD3MLcL._AC_SL1000_.jpg","type":"image\/jpeg"}],"twitter_card":"summary_large_image","twitter_misc":{"Pre\u00e7o":"&#82;&#36;699,00","Disponibilidade":"Em Estoque"},"schema":{"@context":"https:\/\/schema.org","@graph":[{"@type":"WebPage","@id":"https:\/\/lucaseletro.com.br\/?product=fogao-atlas-cook-top-5bocas-c-a","url":"https:\/\/lucaseletro.com.br\/?product=fogao-atlas-cook-top-5bocas-c-a","name":"FOGAO COOKTOP ITATIAIA ELECTRA PLUS 5BOCAS C\/A 127\/220 - Lucas Eletro","isPartOf":{"@id":"https:\/\/lucaseletro.com.br\/#website"},"primaryImageOfPage":{"@id":"https:\/\/lucaseletro.com.br\/?product=fogao-atlas-cook-top-5bocas-c-a#primaryimage"},"image":{"@id":"https:\/\/lucaseletro.com.br\/?product=fogao-atlas-cook-top-5bocas-c-a#primaryimage"},"thumbnailUrl":"https:\/\/lucaseletro.com.br\/wp-content\/uploads\/2024\/07\/517WDD3MLcL._AC_SL1000_.jpg","datePublished":"2024-07-30T19:55:46+00:00","dateModified":"2025-09-10T19:19:35+00:00","description":"Cooktop Fog\u00e3o 5 Bocas \u00e0 G\u00e1s Itatiaia Electra Plus Preto Bivolt","breadcrumb":{"@id":"https:\/\/lucaseletro.com.br\/?product=fogao-atlas-cook-top-5bocas-c-a#breadcrumb"},"inLanguage":"pt-BR","potentialAction":[{"@type":"ReadAction","target":["https:\/\/lucaseletro.com.br\/?product=fogao-atlas-cook-top-5bocas-c-a"]}]},{"@type":"ImageObject","inLanguage":"pt-BR","@id":"https:\/\/lucaseletro.com.br\/?product=fogao-atlas-cook-top-5bocas-c-a#primaryimage","url":"https:\/\/lucaseletro.com.br\/wp-content\/uploads\/2024\/07\/517WDD3MLcL._AC_SL1000_.jpg","contentUrl":"https:\/\/lucaseletro.com.br\/wp-content\/uploads\/2024\/07\/517WDD3MLcL._AC_SL1000_.jpg","width":961,"height":450},{"@type":"BreadcrumbList","@id":"https:\/\/lucaseletro.com.br\/?product=fogao-atlas-cook-top-5bocas-c-a#breadcrumb","itemListElement":[{"@type":"ListItem","position":1,"name":"In\u00edcio","item":"https:\/\/lucaseletro.com.br\/"},{"@type":"ListItem","position":2,"name":"Loja","item":"https:\/\/lucaseletro.com.br\/?page_id=11"},{"@type":"ListItem","position":3,"name":"FOGAO COOKTOP ITATIAIA ELECTRA PLUS 5BOCAS C\/A 127\/220"}]},{"@type":"WebSite","@id":"https:\/\/lucaseletro.com.br\/#website","url":"https:\/\/lucaseletro.com.br\/","name":"Lucas Eletro","description":"Realizando seus sonhos","publisher":{"@id":"https:\/\/lucaseletro.com.br\/#organization"},"alternateName":"Lucas Eletro","potentialAction":[{"@type":"SearchAction","target":{"@type":"EntryPoint","urlTemplate":"https:\/\/lucaseletro.com.br\/?s={search_term_string}"},"query-input":{"@type":"PropertyValueSpecification","valueRequired":true,"valueName":"search_term_string"}}],"inLanguage":"pt-BR"},{"@type":"Organization","@id":"https:\/\/lucaseletro.com.br\/#organization","name":"Lucas Eletro","alternateName":"Lucas Eletro","url":"https:\/\/lucaseletro.com.br\/","logo":{"@type":"ImageObject","inLanguage":"pt-BR","@id":"https:\/\/lucaseletro.com.br\/#\/schema\/logo\/image\/","url":"https:\/\/lucaseletro.com.br\/wp-content\/uploads\/2024\/08\/Logo-WebP.webp","contentUrl":"https:\/\/lucaseletro.com.br\/wp-content\/uploads\/2024\/08\/Logo-WebP.webp","width":1366,"height":457,"caption":"Lucas Eletro"},"image":{"@id":"https:\/\/lucaseletro.com.br\/#\/schema\/logo\/image\/"},"sameAs":["https:\/\/www.facebook.com\/lucas.eletro.71"]}]},"product_price_amount":"699.00","product_price_currency":"BRL","og_availability":"instock","product_availability":"instock","product_condition":"new"},"_links":{"self":[{"href":"https:\/\/lucaseletro.com.br\/index.php?rest_route=\/wp\/v2\/product\/2519","targetHints":{"allow":["GET"]}}],"collection":[{"href":"https:\/\/lucaseletro.com.br\/index.php?rest_route=\/wp\/v2\/product"}],"about":[{"href":"https:\/\/lucaseletro.com.br\/index.php?rest_route=\/wp\/v2\/types\/product"}],"replies":[{"embeddable":true,"href":"https:\/\/lucaseletro.com.br\/index.php?rest_route=%2Fwp%2Fv2%2Fcomments&post=2519"}],"wp:featuredmedia":[{"embeddable":true,"href":"https:\/\/lucaseletro.com.br\/index.php?rest_route=\/wp\/v2\/media\/4470"}],"wp:attachment":[{"href":"https:\/\/lucaseletro.com.br\/index.php?rest_route=%2Fwp%2Fv2%2Fmedia&parent=2519"}],"wp:term":[{"taxonomy":"product_brand","embeddable":true,"href":"https:\/\/lucaseletro.com.br\/index.php?rest_route=%2Fwp%2Fv2%2Fproduct_brand&post=2519"},{"taxonomy":"product_cat","embeddable":true,"href":"https:\/\/lucaseletro.com.br\/index.php?rest_route=%2Fwp%2Fv2%2Fproduct_cat&post=2519"},{"taxonomy":"product_tag","embeddable":true,"href":"https:\/\/lucaseletro.com.br\/index.php?rest_route=%2Fwp%2Fv2%2Fproduct_tag&post=2519"}],"curies":[{"name":"wp","href":"https:\/\/api.w.org\/{rel}","templated":true}]}}