{"id":2652,"date":"2024-07-30T16:56:08","date_gmt":"2024-07-30T19:56:08","guid":{"rendered":"https:\/\/lucaseletro.com.br\/product\/tanquinho-new-maq-10-kg-preto-110v\/"},"modified":"2024-08-31T09:40:29","modified_gmt":"2024-08-31T12:40:29","slug":"tanquinho-new-maq-10-kg-preto-110v","status":"publish","type":"product","link":"https:\/\/lucaseletro.com.br\/?product=tanquinho-new-maq-10-kg-preto-110v","title":{"rendered":"TANQUINHO NEW MAQ 10 KG PRETO 110V"},"content":{"rendered":"<div class=\"sc-fqkvVR heuZyN sc-toTrN gwvoPz\" data-testid=\"product-detail-description\">\n<div class=\"sc-fqkvVR hlqElk sc-fdVlUD brfvue\" data-testid=\"rich-content-container\">\n<p>Caracter\u00edsticas do produto:<br \/>\nMarca: Newmaq<br \/>\nCor: Preto<br \/>\nCapacidade de Lavar: 10Kg<br \/>\nCapacidade de Secar: N\u00e3o Seca<br \/>\nAltura: 94,5 cm<br \/>\nLargura: 51,3 cm<br \/>\nProfundidade: 55,6 cm<br \/>\nQuantidade de Programa\u00e7\u00f5es: 9<br \/>\nTipo de Lavadora: Semi Automatica<br \/>\nAlimenta\u00e7\u00e3o: Dispon\u00edvel em 110V ou 220V<\/p>\n<p><strong>Especifica\u00e7\u00f5es Gerais do Produto:<\/strong><br \/>\nTimer com 9 programa (delicada, enxague, molho, econ\u00f4mica, leve, molho, normal, pesada, extra pesada)<br \/>\nTampa Transparente<br \/>\nTurbilhonamento Vertical<br \/>\nDispenser para Sab\u00e3o<br \/>\nFiltro de Reten\u00e7\u00e3o de Fiapos<br \/>\nFiltro de Drenagem<br \/>\nAgitador gigante, com eixo em a\u00e7o inox<br \/>\nCuba e Gabinete em Polietileno injetado<br \/>\nPr\u00eamio Procel<br \/>\nClassifica\u00e7\u00e3o A pelo Inmetro<br \/>\nMotor Newmaq (fabrica\u00e7\u00e3o pr\u00f3pria)<br \/>\nCor: Preto<br \/>\nCapacidade: 10 Kg de roupa seca<br \/>\nMotor Newmaq: Monovolt<\/p>\n<p><strong>Caracter\u00edsticas T\u00e9cnicas:<\/strong><br \/>\nFrequ\u00eancia: 60Hz<br \/>\nTens\u00e3o de Entrada: 127v ou 220v<br \/>\nPotencia: 400w<br \/>\nRota\u00e7\u00e3o do Motor: 1630 RPM<br \/>\nCorrente El\u00e9trica: 3,6A \u00e0 1,8A<br \/>\nCapacitor Motor: 127v &#8211; 30uf \/ 220v &#8211; 15uf<br \/>\nClassifica\u00e7\u00e3o Inmetro: A<br \/>\nConsumo de energia Voltagem: 127V &#8211; 0,15 (kWh\/ciclo) Voltagem 220V \u2013 013 (kWh\/ciclo)<br \/>\nEfici\u00eancia de Lavagem: 0,76<br \/>\nConsumo de \u00c1gua: 171,0 (Litros\/Ciclo)<br \/>\nTempo Total de Ciclo: 53 min<\/p>\n<p><strong>Dimens\u00f5es:<\/strong><br \/>\nDimens\u00f5es do Produto (LxAxP): 51,3 x 94,5 x 55,6 cm<br \/>\nDimens\u00f5es do Produto com Embalagem (LxAxP): 52,0 x 95,0 x 56,0 cm<\/p>\n<p><strong>Pesos:<\/strong><br \/>\nPeso do Produto: 9,7 kg<br \/>\nPeso do Produto com Embalagem: 11,0 kg<\/p>\n<p><strong>Garantia:<\/strong> 1 ano ( Ofertada pelo fabricante)<\/p>\n<p><strong>Fornecedor:<\/strong> Newmaq<\/p>\n<\/div>\n<\/div>\n","protected":false},"excerpt":{"rendered":"<div class=\"flex-shrink-0 flex flex-col relative items-end\">\n<div>\n<div class=\"pt-0\">\n<div class=\"gizmo-bot-avatar flex h-8 w-8 items-center justify-center overflow-hidden rounded-full\">\n<div class=\"relative p-1 rounded-sm flex items-center justify-center bg-token-main-surface-primary text-token-text-primary h-8 w-8\"><\/div>\n<\/div>\n<\/div>\n<\/div>\n<\/div>\n<div class=\"group\/conversation-turn relative flex w-full min-w-0 flex-col agent-turn\">\n<div class=\"flex-col gap-1 md:gap-3\">\n<div class=\"flex max-w-full flex-col flex-grow\">\n<div class=\"min-h-[20px] text-message flex w-full flex-col items-end gap-2 break-words [.text-message+&amp;]:mt-5 overflow-x-auto whitespace-normal\" dir=\"auto\" data-message-author-role=\"assistant\" data-message-id=\"8e266d62-c23f-4300-880a-04062ce7c0d6\">\n<div class=\"flex w-full flex-col gap-1 empty:hidden first:pt-[3px]\">\n<div class=\"markdown prose w-full break-words dark:prose-invert dark\">\n<p>A lavadora Newmaq 10Kg \u00e9 a lavadora certa para acompanhar a rotina das pessoas que n\u00e3o tem tempo a perder. Possui sistema contra manchas, que ajuda a diluir o sab\u00e3o, evitando manchas nas roupas e o possui tamb\u00e9m o BIG batedor (Roupas limpinhas com toda a efici\u00eancia da Newmaq), BIG dispenser (Sistema \u00fanico e diferenciado numa lavadora semiautom\u00e1tica) e BIG acesso (Melhor acesso para retirar e carregar suas roupas, sem complica\u00e7\u00e3o). Com ela voc\u00ea conta com 9 programas, Tampa Transparente, Turbilhonamento Vertical, Dispenser Sab\u00e3o, filtro reten\u00e7\u00e3o fiapos, filtro drenagem e agitador gigante com eixo a\u00e7o inox.<\/p>\n<\/div>\n<\/div>\n<\/div>\n<\/div>\n<\/div>\n<\/div>\n","protected":false},"featured_media":3481,"comment_status":"open","ping_status":"closed","template":"","meta":[],"product_brand":[],"product_cat":[69],"product_tag":[],"class_list":{"0":"post-2652","1":"product","2":"type-product","3":"status-publish","4":"has-post-thumbnail","6":"product_cat-lavadora","8":"first","9":"instock","10":"shipping-taxable","11":"purchasable","12":"product-type-simple"},"yoast_head":"<!-- This site is optimized with the Yoast SEO Premium plugin v23.3 (Yoast SEO v27.5) - https:\/\/yoast.com\/product\/yoast-seo-premium-wordpress\/ -->\n<title>TANQUINHO NEW MAQ 10 KG PRETO 110V - Lucas Eletro<\/title>\n<meta name=\"robots\" content=\"index, follow, max-snippet:-1, max-image-preview:large, max-video-preview:-1\" \/>\n<link rel=\"canonical\" href=\"https:\/\/lucaseletro.com.br\/?product=tanquinho-new-maq-10-kg-preto-110v\" \/>\n<meta property=\"og:locale\" content=\"pt_BR\" \/>\n<meta property=\"og:type\" content=\"article\" \/>\n<meta property=\"og:title\" content=\"TANQUINHO NEW MAQ 10 KG PRETO 110V - &#082;&#036;599,00 - Lucas Eletro\" \/>\n<meta property=\"og:description\" content=\"A lavadora Newmaq 10Kg \u00e9 a lavadora certa para acompanhar a rotina das pessoas que n\u00e3o tem tempo a perder. Possui sistema contra manchas, que ajuda a diluir o sab\u00e3o, evitando manchas nas roupas e o possui tamb\u00e9m o BIG batedor (Roupas limpinhas com toda a efici\u00eancia da Newmaq), BIG dispenser (Sistema \u00fanico e diferenciado numa lavadora semiautom\u00e1tica) e BIG acesso (Melhor acesso para retirar e carregar suas roupas, sem complica\u00e7\u00e3o). Com ela voc\u00ea conta com 9 programas, Tampa Transparente, Turbilhonamento Vertical, Dispenser Sab\u00e3o, filtro reten\u00e7\u00e3o fiapos, filtro drenagem e agitador gigante com eixo a\u00e7o inox.\" \/>\n<meta property=\"og:url\" content=\"https:\/\/lucaseletro.com.br\/?product=tanquinho-new-maq-10-kg-preto-110v\" \/>\n<meta property=\"og:site_name\" content=\"Lucas Eletro\" \/>\n<meta property=\"article:publisher\" content=\"https:\/\/www.facebook.com\/lucas.eletro.71\" \/>\n<meta property=\"article:modified_time\" content=\"2024-08-31T12:40:29+00:00\" \/>\n<meta property=\"og:image\" content=\"https:\/\/lucaseletro.com.br\/wp-content\/uploads\/2024\/08\/Tanque.webp\" \/>\n\t<meta property=\"og:image:width\" content=\"450\" \/>\n\t<meta property=\"og:image:height\" content=\"450\" \/>\n\t<meta property=\"og:image:type\" content=\"image\/webp\" \/>\n<meta name=\"twitter:card\" content=\"summary_large_image\" \/>\n<meta name=\"twitter:label1\" content=\"Pre\u00e7o\" \/>\n\t<meta name=\"twitter:data1\" content=\"&#082;&#036;599,00\" \/>\n\t<meta name=\"twitter:label2\" content=\"Disponibilidade\" \/>\n\t<meta name=\"twitter:data2\" content=\"Em Estoque\" \/>\n<script type=\"application\/ld+json\" class=\"yoast-schema-graph\">{\"@context\":\"https:\\\/\\\/schema.org\",\"@graph\":[{\"@type\":\"WebPage\",\"@id\":\"https:\\\/\\\/lucaseletro.com.br\\\/?product=tanquinho-new-maq-10-kg-preto-110v\",\"url\":\"https:\\\/\\\/lucaseletro.com.br\\\/?product=tanquinho-new-maq-10-kg-preto-110v\",\"name\":\"TANQUINHO NEW MAQ 10 KG PRETO 110V - Lucas Eletro\",\"isPartOf\":{\"@id\":\"https:\\\/\\\/lucaseletro.com.br\\\/#website\"},\"primaryImageOfPage\":{\"@id\":\"https:\\\/\\\/lucaseletro.com.br\\\/?product=tanquinho-new-maq-10-kg-preto-110v#primaryimage\"},\"image\":{\"@id\":\"https:\\\/\\\/lucaseletro.com.br\\\/?product=tanquinho-new-maq-10-kg-preto-110v#primaryimage\"},\"thumbnailUrl\":\"https:\\\/\\\/lucaseletro.com.br\\\/wp-content\\\/uploads\\\/2024\\\/08\\\/Tanque.webp\",\"datePublished\":\"2024-07-30T19:56:08+00:00\",\"dateModified\":\"2024-08-31T12:40:29+00:00\",\"breadcrumb\":{\"@id\":\"https:\\\/\\\/lucaseletro.com.br\\\/?product=tanquinho-new-maq-10-kg-preto-110v#breadcrumb\"},\"inLanguage\":\"pt-BR\",\"potentialAction\":[{\"@type\":\"ReadAction\",\"target\":[\"https:\\\/\\\/lucaseletro.com.br\\\/?product=tanquinho-new-maq-10-kg-preto-110v\"]}]},{\"@type\":\"ImageObject\",\"inLanguage\":\"pt-BR\",\"@id\":\"https:\\\/\\\/lucaseletro.com.br\\\/?product=tanquinho-new-maq-10-kg-preto-110v#primaryimage\",\"url\":\"https:\\\/\\\/lucaseletro.com.br\\\/wp-content\\\/uploads\\\/2024\\\/08\\\/Tanque.webp\",\"contentUrl\":\"https:\\\/\\\/lucaseletro.com.br\\\/wp-content\\\/uploads\\\/2024\\\/08\\\/Tanque.webp\",\"width\":450,\"height\":450},{\"@type\":\"BreadcrumbList\",\"@id\":\"https:\\\/\\\/lucaseletro.com.br\\\/?product=tanquinho-new-maq-10-kg-preto-110v#breadcrumb\",\"itemListElement\":[{\"@type\":\"ListItem\",\"position\":1,\"name\":\"In\u00edcio\",\"item\":\"https:\\\/\\\/lucaseletro.com.br\\\/\"},{\"@type\":\"ListItem\",\"position\":2,\"name\":\"Loja\",\"item\":\"https:\\\/\\\/lucaseletro.com.br\\\/?page_id=11\"},{\"@type\":\"ListItem\",\"position\":3,\"name\":\"TANQUINHO NEW MAQ 10 KG PRETO 110V\"}]},{\"@type\":\"WebSite\",\"@id\":\"https:\\\/\\\/lucaseletro.com.br\\\/#website\",\"url\":\"https:\\\/\\\/lucaseletro.com.br\\\/\",\"name\":\"Lucas Eletro\",\"description\":\"Realizando seus sonhos\",\"publisher\":{\"@id\":\"https:\\\/\\\/lucaseletro.com.br\\\/#organization\"},\"alternateName\":\"Lucas Eletro\",\"potentialAction\":[{\"@type\":\"SearchAction\",\"target\":{\"@type\":\"EntryPoint\",\"urlTemplate\":\"https:\\\/\\\/lucaseletro.com.br\\\/?s={search_term_string}\"},\"query-input\":{\"@type\":\"PropertyValueSpecification\",\"valueRequired\":true,\"valueName\":\"search_term_string\"}}],\"inLanguage\":\"pt-BR\"},{\"@type\":\"Organization\",\"@id\":\"https:\\\/\\\/lucaseletro.com.br\\\/#organization\",\"name\":\"Lucas Eletro\",\"alternateName\":\"Lucas Eletro\",\"url\":\"https:\\\/\\\/lucaseletro.com.br\\\/\",\"logo\":{\"@type\":\"ImageObject\",\"inLanguage\":\"pt-BR\",\"@id\":\"https:\\\/\\\/lucaseletro.com.br\\\/#\\\/schema\\\/logo\\\/image\\\/\",\"url\":\"https:\\\/\\\/lucaseletro.com.br\\\/wp-content\\\/uploads\\\/2024\\\/08\\\/Logo-WebP.webp\",\"contentUrl\":\"https:\\\/\\\/lucaseletro.com.br\\\/wp-content\\\/uploads\\\/2024\\\/08\\\/Logo-WebP.webp\",\"width\":1366,\"height\":457,\"caption\":\"Lucas Eletro\"},\"image\":{\"@id\":\"https:\\\/\\\/lucaseletro.com.br\\\/#\\\/schema\\\/logo\\\/image\\\/\"},\"sameAs\":[\"https:\\\/\\\/www.facebook.com\\\/lucas.eletro.71\"]}]}<\/script>\n<meta property=\"product:price:amount\" content=\"599.00\" \/>\n<meta property=\"product:price:currency\" content=\"BRL\" \/>\n<meta property=\"og:availability\" content=\"instock\" \/>\n<meta property=\"product:availability\" content=\"instock\" \/>\n<meta property=\"product:condition\" content=\"new\" \/>\n<!-- \/ Yoast SEO Premium plugin. -->","yoast_head_json":{"title":"TANQUINHO NEW MAQ 10 KG PRETO 110V - Lucas Eletro","robots":{"index":"index","follow":"follow","max-snippet":"max-snippet:-1","max-image-preview":"max-image-preview:large","max-video-preview":"max-video-preview:-1"},"canonical":"https:\/\/lucaseletro.com.br\/?product=tanquinho-new-maq-10-kg-preto-110v","og_locale":"pt_BR","og_type":"article","og_title":"TANQUINHO NEW MAQ 10 KG PRETO 110V - &#82;&#36;599,00 - Lucas Eletro","og_description":"A lavadora Newmaq 10Kg \u00e9 a lavadora certa para acompanhar a rotina das pessoas que n\u00e3o tem tempo a perder. Possui sistema contra manchas, que ajuda a diluir o sab\u00e3o, evitando manchas nas roupas e o possui tamb\u00e9m o BIG batedor (Roupas limpinhas com toda a efici\u00eancia da Newmaq), BIG dispenser (Sistema \u00fanico e diferenciado numa lavadora semiautom\u00e1tica) e BIG acesso (Melhor acesso para retirar e carregar suas roupas, sem complica\u00e7\u00e3o). Com ela voc\u00ea conta com 9 programas, Tampa Transparente, Turbilhonamento Vertical, Dispenser Sab\u00e3o, filtro reten\u00e7\u00e3o fiapos, filtro drenagem e agitador gigante com eixo a\u00e7o inox.","og_url":"https:\/\/lucaseletro.com.br\/?product=tanquinho-new-maq-10-kg-preto-110v","og_site_name":"Lucas Eletro","article_publisher":"https:\/\/www.facebook.com\/lucas.eletro.71","article_modified_time":"2024-08-31T12:40:29+00:00","og_image":[{"width":450,"height":450,"url":"https:\/\/lucaseletro.com.br\/wp-content\/uploads\/2024\/08\/Tanque.webp","type":"image\/webp"}],"twitter_card":"summary_large_image","twitter_misc":{"Pre\u00e7o":"&#82;&#36;599,00","Disponibilidade":"Em Estoque"},"schema":{"@context":"https:\/\/schema.org","@graph":[{"@type":"WebPage","@id":"https:\/\/lucaseletro.com.br\/?product=tanquinho-new-maq-10-kg-preto-110v","url":"https:\/\/lucaseletro.com.br\/?product=tanquinho-new-maq-10-kg-preto-110v","name":"TANQUINHO NEW MAQ 10 KG PRETO 110V - Lucas Eletro","isPartOf":{"@id":"https:\/\/lucaseletro.com.br\/#website"},"primaryImageOfPage":{"@id":"https:\/\/lucaseletro.com.br\/?product=tanquinho-new-maq-10-kg-preto-110v#primaryimage"},"image":{"@id":"https:\/\/lucaseletro.com.br\/?product=tanquinho-new-maq-10-kg-preto-110v#primaryimage"},"thumbnailUrl":"https:\/\/lucaseletro.com.br\/wp-content\/uploads\/2024\/08\/Tanque.webp","datePublished":"2024-07-30T19:56:08+00:00","dateModified":"2024-08-31T12:40:29+00:00","breadcrumb":{"@id":"https:\/\/lucaseletro.com.br\/?product=tanquinho-new-maq-10-kg-preto-110v#breadcrumb"},"inLanguage":"pt-BR","potentialAction":[{"@type":"ReadAction","target":["https:\/\/lucaseletro.com.br\/?product=tanquinho-new-maq-10-kg-preto-110v"]}]},{"@type":"ImageObject","inLanguage":"pt-BR","@id":"https:\/\/lucaseletro.com.br\/?product=tanquinho-new-maq-10-kg-preto-110v#primaryimage","url":"https:\/\/lucaseletro.com.br\/wp-content\/uploads\/2024\/08\/Tanque.webp","contentUrl":"https:\/\/lucaseletro.com.br\/wp-content\/uploads\/2024\/08\/Tanque.webp","width":450,"height":450},{"@type":"BreadcrumbList","@id":"https:\/\/lucaseletro.com.br\/?product=tanquinho-new-maq-10-kg-preto-110v#breadcrumb","itemListElement":[{"@type":"ListItem","position":1,"name":"In\u00edcio","item":"https:\/\/lucaseletro.com.br\/"},{"@type":"ListItem","position":2,"name":"Loja","item":"https:\/\/lucaseletro.com.br\/?page_id=11"},{"@type":"ListItem","position":3,"name":"TANQUINHO NEW MAQ 10 KG PRETO 110V"}]},{"@type":"WebSite","@id":"https:\/\/lucaseletro.com.br\/#website","url":"https:\/\/lucaseletro.com.br\/","name":"Lucas Eletro","description":"Realizando seus sonhos","publisher":{"@id":"https:\/\/lucaseletro.com.br\/#organization"},"alternateName":"Lucas Eletro","potentialAction":[{"@type":"SearchAction","target":{"@type":"EntryPoint","urlTemplate":"https:\/\/lucaseletro.com.br\/?s={search_term_string}"},"query-input":{"@type":"PropertyValueSpecification","valueRequired":true,"valueName":"search_term_string"}}],"inLanguage":"pt-BR"},{"@type":"Organization","@id":"https:\/\/lucaseletro.com.br\/#organization","name":"Lucas Eletro","alternateName":"Lucas Eletro","url":"https:\/\/lucaseletro.com.br\/","logo":{"@type":"ImageObject","inLanguage":"pt-BR","@id":"https:\/\/lucaseletro.com.br\/#\/schema\/logo\/image\/","url":"https:\/\/lucaseletro.com.br\/wp-content\/uploads\/2024\/08\/Logo-WebP.webp","contentUrl":"https:\/\/lucaseletro.com.br\/wp-content\/uploads\/2024\/08\/Logo-WebP.webp","width":1366,"height":457,"caption":"Lucas Eletro"},"image":{"@id":"https:\/\/lucaseletro.com.br\/#\/schema\/logo\/image\/"},"sameAs":["https:\/\/www.facebook.com\/lucas.eletro.71"]}]},"product_price_amount":"599.00","product_price_currency":"BRL","og_availability":"instock","product_availability":"instock","product_condition":"new"},"_links":{"self":[{"href":"https:\/\/lucaseletro.com.br\/index.php?rest_route=\/wp\/v2\/product\/2652","targetHints":{"allow":["GET"]}}],"collection":[{"href":"https:\/\/lucaseletro.com.br\/index.php?rest_route=\/wp\/v2\/product"}],"about":[{"href":"https:\/\/lucaseletro.com.br\/index.php?rest_route=\/wp\/v2\/types\/product"}],"replies":[{"embeddable":true,"href":"https:\/\/lucaseletro.com.br\/index.php?rest_route=%2Fwp%2Fv2%2Fcomments&post=2652"}],"wp:featuredmedia":[{"embeddable":true,"href":"https:\/\/lucaseletro.com.br\/index.php?rest_route=\/wp\/v2\/media\/3481"}],"wp:attachment":[{"href":"https:\/\/lucaseletro.com.br\/index.php?rest_route=%2Fwp%2Fv2%2Fmedia&parent=2652"}],"wp:term":[{"taxonomy":"product_brand","embeddable":true,"href":"https:\/\/lucaseletro.com.br\/index.php?rest_route=%2Fwp%2Fv2%2Fproduct_brand&post=2652"},{"taxonomy":"product_cat","embeddable":true,"href":"https:\/\/lucaseletro.com.br\/index.php?rest_route=%2Fwp%2Fv2%2Fproduct_cat&post=2652"},{"taxonomy":"product_tag","embeddable":true,"href":"https:\/\/lucaseletro.com.br\/index.php?rest_route=%2Fwp%2Fv2%2Fproduct_tag&post=2652"}],"curies":[{"name":"wp","href":"https:\/\/api.w.org\/{rel}","templated":true}]}}