{"id":2849,"date":"2024-07-30T16:56:51","date_gmt":"2024-07-30T19:56:51","guid":{"rendered":"https:\/\/lucaseletro.com.br\/product\/fogao-atlas-monaco-plus5-5-bocas-branco-c-ac\/"},"modified":"2024-09-27T16:38:24","modified_gmt":"2024-09-27T19:38:24","slug":"fogao-atlas-monaco-plus5-5-bocas-branco-c-ac","status":"publish","type":"product","link":"https:\/\/lucaseletro.com.br\/?product=fogao-atlas-monaco-plus5-5-bocas-branco-c-ac","title":{"rendered":"FOGAO ATLAS MONACO PLUS5 5 BOCAS BRANCO C\/AC"},"content":{"rendered":"<div class=\"row\"><span class=\"col col-6 col-sm-6 col-md-4 col-lg-2 col-xg-2 label\">Voltagem: <\/span><span class=\"col col-6 col-sm-6 col-md-8 col-lg-10 col-xg-10 data\" data-th=\"Voltagem\">Bivolt<\/span><\/div>\n<div class=\"row\"><span class=\"col col-6 col-sm-6 col-md-4 col-lg-2 col-xg-2 label\">Cor: <\/span><span class=\"col col-6 col-sm-6 col-md-8 col-lg-10 col-xg-10 data\" data-th=\"Cor\">Branco<\/span><\/div>\n<div class=\"row\"><span class=\"col col-6 col-sm-6 col-md-4 col-lg-2 col-xg-2 label\">Linha: <\/span><span class=\"col col-6 col-sm-6 col-md-8 col-lg-10 col-xg-10 data\" data-th=\"Linha\">M\u00f4naco Plus<\/span><\/div>\n<div class=\"row\"><span class=\"col col-6 col-sm-6 col-md-4 col-lg-2 col-xg-2 label\">Quantidade de Bocas: <\/span><span class=\"col col-6 col-sm-6 col-md-8 col-lg-10 col-xg-10 data\" data-th=\"Quantidade de Bocas\">5 bocas<\/span><\/div>\n<div class=\"row\"><span class=\"col col-6 col-sm-6 col-md-4 col-lg-2 col-xg-2 label\">Tipo de Acendimento: <\/span><span class=\"col col-6 col-sm-6 col-md-8 col-lg-10 col-xg-10 data\" data-th=\"Tipo de Acendimento\">Autom\u00e1tico<\/span><\/div>\n<div class=\"row\"><span class=\"col col-6 col-sm-6 col-md-4 col-lg-2 col-xg-2 label\">Garantia: <\/span><span class=\"col col-6 col-sm-6 col-md-8 col-lg-10 col-xg-10 data\" data-th=\"Garantia\">12 Meses<\/span><\/div>\n<div class=\"row\"><span class=\"col col-6 col-sm-6 col-md-4 col-lg-2 col-xg-2 label\">Acabamento da Mesa: <\/span><span class=\"col col-6 col-sm-6 col-md-8 col-lg-10 col-xg-10 data\" data-th=\"Acabamento da Mesa\">Inox<\/span><\/div>\n<div class=\"row\"><span class=\"col col-6 col-sm-6 col-md-4 col-lg-2 col-xg-2 label\">Instala\u00e7\u00e3o: <\/span><span class=\"col col-6 col-sm-6 col-md-8 col-lg-10 col-xg-10 data\" data-th=\"Instala\u00e7\u00e3o\">Fog\u00e3o de Piso<\/span><\/div>\n<div class=\"row\"><span class=\"col col-6 col-sm-6 col-md-4 col-lg-2 col-xg-2 label\">Turbo Convec\u00e7\u00e3o: <\/span><span class=\"col col-6 col-sm-6 col-md-8 col-lg-10 col-xg-10 data\" data-th=\"Turbo Convec\u00e7\u00e3o\">N\u00e3o<\/span><\/div>\n<div class=\"row\"><span class=\"col col-6 col-sm-6 col-md-4 col-lg-2 col-xg-2 label\">Dimens\u00f5es do Produto: (largura x altura x profundidade)<\/span><span class=\"col col-6 col-sm-6 col-md-8 col-lg-10 col-xg-10 data\" data-th=\"Dimens\u00f5es do Produto (largura x altura x profundidade)\">75 x 88,6 x 58,5 cm<\/span><\/div>\n<div class=\"row\"><span class=\"col col-6 col-sm-6 col-md-4 col-lg-2 col-xg-2 label\">Grill: <\/span><span class=\"col col-6 col-sm-6 col-md-8 col-lg-10 col-xg-10 data\" data-th=\"Grill\">N\u00e3o<\/span><\/div>\n<div class=\"row\"><span class=\"col col-6 col-sm-6 col-md-4 col-lg-2 col-xg-2 label\">Funcionamento: <\/span><span class=\"col col-6 col-sm-6 col-md-8 col-lg-10 col-xg-10 data\" data-th=\"Funcionamento\">G\u00e1s<\/span><\/div>\n<div class=\"row\"><span class=\"col col-6 col-sm-6 col-md-4 col-lg-2 col-xg-2 label\">Capacidade do Forno: <\/span><span class=\"col col-6 col-sm-6 col-md-8 col-lg-10 col-xg-10 data\" data-th=\"Capacidade do Forno\">86,5 Litros<\/span><\/div>\n<div class=\"row\"><span class=\"col col-6 col-sm-6 col-md-4 col-lg-2 col-xg-2 label\">Acabamento do Forno: <\/span><span class=\"col col-6 col-sm-6 col-md-8 col-lg-10 col-xg-10 data\" data-th=\"Acabamento do Forno\">Limpa F\u00e1cil<\/span><\/div>\n<div class=\"row\"><span class=\"col col-6 col-sm-6 col-md-4 col-lg-2 col-xg-2 label\">Luz no Forno: <\/span><span class=\"col col-6 col-sm-6 col-md-8 col-lg-10 col-xg-10 data\" data-th=\"Luz no Forno\">N\u00e3o<\/span><\/div>\n<div class=\"row\"><span class=\"col col-6 col-sm-6 col-md-4 col-lg-2 col-xg-2 label\">Vidro do Forno: <\/span><span class=\"col col-6 col-sm-6 col-md-8 col-lg-10 col-xg-10 data\" data-th=\"Vidro do Forno\">Vidro Duplo<\/span><\/div>\n<div class=\"row\"><span class=\"col col-6 col-sm-6 col-md-4 col-lg-2 col-xg-2 label\">Tampa: <\/span><span class=\"col col-6 col-sm-6 col-md-8 col-lg-10 col-xg-10 data\" data-th=\"Tampa\">Sim<\/span><\/div>\n<div class=\"row\"><span class=\"col col-6 col-sm-6 col-md-4 col-lg-2 col-xg-2 label\">Trempes: <\/span><span class=\"col col-6 col-sm-6 col-md-8 col-lg-10 col-xg-10 data\" data-th=\"Trempes\">Dupla de a\u00e7o esmaltado<\/span><\/div>\n<div class=\"row\"><span class=\"col col-6 col-sm-6 col-md-4 col-lg-2 col-xg-2 label\">Grades do Forno: <\/span><span class=\"col col-6 col-sm-6 col-md-8 col-lg-10 col-xg-10 data\" data-th=\"Grades do Forno\">1 Grade deslizante<\/span><\/div>\n<div class=\"row\"><span class=\"col col-6 col-sm-6 col-md-4 col-lg-2 col-xg-2 label\">Bot\u00f5es Remov\u00edveis: <\/span><span class=\"col col-6 col-sm-6 col-md-8 col-lg-10 col-xg-10 data\" data-th=\"Bot\u00f5es Remov\u00edveis\">Sim<\/span><\/div>\n<div class=\"row\"><span class=\"col col-6 col-sm-6 col-md-4 col-lg-2 col-xg-2 label\">Fabrica\u00e7\u00e3o: <\/span><span class=\"col col-6 col-sm-6 col-md-8 col-lg-10 col-xg-10 data\" data-th=\"Fabrica\u00e7\u00e3o\">Nacional<\/span><\/div>\n<div class=\"row\"><span class=\"col col-6 col-sm-6 col-md-4 col-lg-2 col-xg-2 label\">Pot\u00eancia dos Queimadores: <\/span><span class=\"col col-6 col-sm-6 col-md-8 col-lg-10 col-xg-10 data\" data-th=\"Pot\u00eancia dos Queimadores\">2Q Ramal de 1,7kW, 2Q Fam\u00edlia de 2,0kW e 1Q Mega Chama de 3,0kW<\/span><\/div>\n<div class=\"row\"><span class=\"col col-6 col-sm-6 col-md-4 col-lg-2 col-xg-2 label\">Sistema Corta\/Bloqueia G\u00e1s: <\/span><span class=\"col col-6 col-sm-6 col-md-8 col-lg-10 col-xg-10 data\" data-th=\"Sistema Corta\/Bloqueia G\u00e1s\">Sim<\/span><\/div>\n<div class=\"row\"><span class=\"col col-6 col-sm-6 col-md-4 col-lg-2 col-xg-2 label\">Efici\u00eancia Energ\u00e9tica: <\/span><span class=\"col col-6 col-sm-6 col-md-8 col-lg-10 col-xg-10 data\" data-th=\"Efici\u00eancia Energ\u00e9tica\">A<\/span><\/div>\n<div class=\"row\"><span class=\"col col-6 col-sm-6 col-md-4 col-lg-2 col-xg-2 label\">Padr\u00e3o de Tomada: <\/span><span class=\"col col-6 col-sm-6 col-md-8 col-lg-10 col-xg-10 data\" data-th=\"Padr\u00e3o de Tomada\">10A<\/span><\/div>\n<div class=\"row\"><span class=\"col col-6 col-sm-6 col-md-4 col-lg-2 col-xg-2 label\">Comprimento do Cabo de Energia: <\/span><span class=\"col col-6 col-sm-6 col-md-8 col-lg-10 col-xg-10 data\" data-th=\"Comprimento do Cabo de Energia\">96 cm<\/span><\/div>\n<div class=\"row\"><span class=\"col col-6 col-sm-6 col-md-4 col-lg-2 col-xg-2 label\">EAN: <\/span><span class=\"col col-6 col-sm-6 col-md-8 col-lg-10 col-xg-10 data\" data-th=\"EAN\">7897180505349<\/span><\/div>\n<div class=\"row\"><span class=\"col col-6 col-sm-6 col-md-4 col-lg-2 col-xg-2 label\">Convers\u00e3o de G\u00e1s: <\/span><span class=\"col col-6 col-sm-6 col-md-8 col-lg-10 col-xg-10 data\" data-th=\"Convers\u00e3o de G\u00e1s\">Gratuita, se solicitada em at\u00e9 90 dias ap\u00f3s o recebimento do produto<\/span><\/div>\n<div class=\"row\"><span class=\"col col-6 col-sm-6 col-md-4 col-lg-2 col-xg-2 label\">Servi\u00e7o de Instala\u00e7\u00e3o: <\/span><span class=\"col col-6 col-sm-6 col-md-8 col-lg-10 col-xg-10 data\" data-th=\"Servi\u00e7o de Instala\u00e7\u00e3o\">N\u00e3o realizamos. Consulte nosso SAC para indica\u00e7\u00f5es de assist\u00eancia t\u00e9cnica credenciada na sua regi\u00e3o.<\/span><\/div>\n","protected":false},"excerpt":{"rendered":"<p>Possui mesa em inox, tampa de vidro na mesa, grades duplas de a\u00e7o esmaltado, acendimento autom\u00e1tico e bot\u00f5es remov\u00edveis \u2013 que facilita na hora da limpeza.<\/p>\n","protected":false},"featured_media":3513,"comment_status":"open","ping_status":"closed","template":"","meta":[],"product_brand":[],"product_cat":[77],"product_tag":[],"class_list":{"0":"post-2849","1":"product","2":"type-product","3":"status-publish","4":"has-post-thumbnail","6":"product_cat-fogao-cozinha","8":"first","9":"instock","10":"shipping-taxable","11":"purchasable","12":"product-type-simple"},"yoast_head":"<!-- This site is optimized with the Yoast SEO Premium plugin v23.3 (Yoast SEO v27.4) - https:\/\/yoast.com\/product\/yoast-seo-premium-wordpress\/ -->\n<title>FOGAO ATLAS MONACO PLUS5 5 BOCAS BRANCO C\/AC - Lucas Eletro<\/title>\n<meta name=\"robots\" content=\"index, follow, max-snippet:-1, max-image-preview:large, max-video-preview:-1\" \/>\n<link rel=\"canonical\" href=\"https:\/\/lucaseletro.com.br\/?product=fogao-atlas-monaco-plus5-5-bocas-branco-c-ac\" \/>\n<meta property=\"og:locale\" content=\"pt_BR\" \/>\n<meta property=\"og:type\" content=\"article\" \/>\n<meta property=\"og:title\" content=\"FOGAO ATLAS MONACO PLUS5 5 BOCAS BRANCO C\/AC - &#082;&#036;1.499,00 - Lucas Eletro\" \/>\n<meta property=\"og:description\" content=\"Possui mesa em inox, tampa de vidro na mesa, grades duplas de a\u00e7o esmaltado, acendimento autom\u00e1tico e bot\u00f5es remov\u00edveis \u2013 que facilita na hora da limpeza.\" \/>\n<meta property=\"og:url\" content=\"https:\/\/lucaseletro.com.br\/?product=fogao-atlas-monaco-plus5-5-bocas-branco-c-ac\" \/>\n<meta property=\"og:site_name\" content=\"Lucas Eletro\" \/>\n<meta property=\"article:publisher\" content=\"https:\/\/www.facebook.com\/lucas.eletro.71\" \/>\n<meta property=\"article:modified_time\" content=\"2024-09-27T19:38:24+00:00\" \/>\n<meta property=\"og:image\" content=\"https:\/\/lucaseletro.com.br\/wp-content\/uploads\/2024\/07\/Fogao-Atlas.webp\" \/>\n\t<meta property=\"og:image:width\" content=\"558\" \/>\n\t<meta property=\"og:image:height\" content=\"558\" \/>\n\t<meta property=\"og:image:type\" content=\"image\/webp\" \/>\n<meta name=\"twitter:card\" content=\"summary_large_image\" \/>\n<meta name=\"twitter:label1\" content=\"Pre\u00e7o\" \/>\n\t<meta name=\"twitter:data1\" content=\"&#082;&#036;1.499,00\" \/>\n\t<meta name=\"twitter:label2\" content=\"Disponibilidade\" \/>\n\t<meta name=\"twitter:data2\" content=\"Em Estoque\" \/>\n<script type=\"application\/ld+json\" class=\"yoast-schema-graph\">{\"@context\":\"https:\\\/\\\/schema.org\",\"@graph\":[{\"@type\":\"WebPage\",\"@id\":\"https:\\\/\\\/lucaseletro.com.br\\\/?product=fogao-atlas-monaco-plus5-5-bocas-branco-c-ac\",\"url\":\"https:\\\/\\\/lucaseletro.com.br\\\/?product=fogao-atlas-monaco-plus5-5-bocas-branco-c-ac\",\"name\":\"FOGAO ATLAS MONACO PLUS5 5 BOCAS BRANCO C\\\/AC - Lucas Eletro\",\"isPartOf\":{\"@id\":\"https:\\\/\\\/lucaseletro.com.br\\\/#website\"},\"primaryImageOfPage\":{\"@id\":\"https:\\\/\\\/lucaseletro.com.br\\\/?product=fogao-atlas-monaco-plus5-5-bocas-branco-c-ac#primaryimage\"},\"image\":{\"@id\":\"https:\\\/\\\/lucaseletro.com.br\\\/?product=fogao-atlas-monaco-plus5-5-bocas-branco-c-ac#primaryimage\"},\"thumbnailUrl\":\"https:\\\/\\\/lucaseletro.com.br\\\/wp-content\\\/uploads\\\/2024\\\/07\\\/Fogao-Atlas.webp\",\"datePublished\":\"2024-07-30T19:56:51+00:00\",\"dateModified\":\"2024-09-27T19:38:24+00:00\",\"breadcrumb\":{\"@id\":\"https:\\\/\\\/lucaseletro.com.br\\\/?product=fogao-atlas-monaco-plus5-5-bocas-branco-c-ac#breadcrumb\"},\"inLanguage\":\"pt-BR\",\"potentialAction\":[{\"@type\":\"ReadAction\",\"target\":[\"https:\\\/\\\/lucaseletro.com.br\\\/?product=fogao-atlas-monaco-plus5-5-bocas-branco-c-ac\"]}]},{\"@type\":\"ImageObject\",\"inLanguage\":\"pt-BR\",\"@id\":\"https:\\\/\\\/lucaseletro.com.br\\\/?product=fogao-atlas-monaco-plus5-5-bocas-branco-c-ac#primaryimage\",\"url\":\"https:\\\/\\\/lucaseletro.com.br\\\/wp-content\\\/uploads\\\/2024\\\/07\\\/Fogao-Atlas.webp\",\"contentUrl\":\"https:\\\/\\\/lucaseletro.com.br\\\/wp-content\\\/uploads\\\/2024\\\/07\\\/Fogao-Atlas.webp\",\"width\":558,\"height\":558},{\"@type\":\"BreadcrumbList\",\"@id\":\"https:\\\/\\\/lucaseletro.com.br\\\/?product=fogao-atlas-monaco-plus5-5-bocas-branco-c-ac#breadcrumb\",\"itemListElement\":[{\"@type\":\"ListItem\",\"position\":1,\"name\":\"In\u00edcio\",\"item\":\"https:\\\/\\\/lucaseletro.com.br\\\/\"},{\"@type\":\"ListItem\",\"position\":2,\"name\":\"Loja\",\"item\":\"https:\\\/\\\/lucaseletro.com.br\\\/?page_id=11\"},{\"@type\":\"ListItem\",\"position\":3,\"name\":\"FOGAO ATLAS MONACO PLUS5 5 BOCAS BRANCO C\\\/AC\"}]},{\"@type\":\"WebSite\",\"@id\":\"https:\\\/\\\/lucaseletro.com.br\\\/#website\",\"url\":\"https:\\\/\\\/lucaseletro.com.br\\\/\",\"name\":\"Lucas Eletro\",\"description\":\"Realizando seus sonhos\",\"publisher\":{\"@id\":\"https:\\\/\\\/lucaseletro.com.br\\\/#organization\"},\"alternateName\":\"Lucas Eletro\",\"potentialAction\":[{\"@type\":\"SearchAction\",\"target\":{\"@type\":\"EntryPoint\",\"urlTemplate\":\"https:\\\/\\\/lucaseletro.com.br\\\/?s={search_term_string}\"},\"query-input\":{\"@type\":\"PropertyValueSpecification\",\"valueRequired\":true,\"valueName\":\"search_term_string\"}}],\"inLanguage\":\"pt-BR\"},{\"@type\":\"Organization\",\"@id\":\"https:\\\/\\\/lucaseletro.com.br\\\/#organization\",\"name\":\"Lucas Eletro\",\"alternateName\":\"Lucas Eletro\",\"url\":\"https:\\\/\\\/lucaseletro.com.br\\\/\",\"logo\":{\"@type\":\"ImageObject\",\"inLanguage\":\"pt-BR\",\"@id\":\"https:\\\/\\\/lucaseletro.com.br\\\/#\\\/schema\\\/logo\\\/image\\\/\",\"url\":\"https:\\\/\\\/lucaseletro.com.br\\\/wp-content\\\/uploads\\\/2024\\\/08\\\/Logo-WebP.webp\",\"contentUrl\":\"https:\\\/\\\/lucaseletro.com.br\\\/wp-content\\\/uploads\\\/2024\\\/08\\\/Logo-WebP.webp\",\"width\":1366,\"height\":457,\"caption\":\"Lucas Eletro\"},\"image\":{\"@id\":\"https:\\\/\\\/lucaseletro.com.br\\\/#\\\/schema\\\/logo\\\/image\\\/\"},\"sameAs\":[\"https:\\\/\\\/www.facebook.com\\\/lucas.eletro.71\"]}]}<\/script>\n<meta property=\"product:price:amount\" content=\"1499.00\" \/>\n<meta property=\"product:price:currency\" content=\"BRL\" \/>\n<meta property=\"og:availability\" content=\"instock\" \/>\n<meta property=\"product:availability\" content=\"instock\" \/>\n<meta property=\"product:condition\" content=\"new\" \/>\n<!-- \/ Yoast SEO Premium plugin. -->","yoast_head_json":{"title":"FOGAO ATLAS MONACO PLUS5 5 BOCAS BRANCO C\/AC - Lucas Eletro","robots":{"index":"index","follow":"follow","max-snippet":"max-snippet:-1","max-image-preview":"max-image-preview:large","max-video-preview":"max-video-preview:-1"},"canonical":"https:\/\/lucaseletro.com.br\/?product=fogao-atlas-monaco-plus5-5-bocas-branco-c-ac","og_locale":"pt_BR","og_type":"article","og_title":"FOGAO ATLAS MONACO PLUS5 5 BOCAS BRANCO C\/AC - &#82;&#36;1.499,00 - Lucas Eletro","og_description":"Possui mesa em inox, tampa de vidro na mesa, grades duplas de a\u00e7o esmaltado, acendimento autom\u00e1tico e bot\u00f5es remov\u00edveis \u2013 que facilita na hora da limpeza.","og_url":"https:\/\/lucaseletro.com.br\/?product=fogao-atlas-monaco-plus5-5-bocas-branco-c-ac","og_site_name":"Lucas Eletro","article_publisher":"https:\/\/www.facebook.com\/lucas.eletro.71","article_modified_time":"2024-09-27T19:38:24+00:00","og_image":[{"width":558,"height":558,"url":"https:\/\/lucaseletro.com.br\/wp-content\/uploads\/2024\/07\/Fogao-Atlas.webp","type":"image\/webp"}],"twitter_card":"summary_large_image","twitter_misc":{"Pre\u00e7o":"&#82;&#36;1.499,00","Disponibilidade":"Em Estoque"},"schema":{"@context":"https:\/\/schema.org","@graph":[{"@type":"WebPage","@id":"https:\/\/lucaseletro.com.br\/?product=fogao-atlas-monaco-plus5-5-bocas-branco-c-ac","url":"https:\/\/lucaseletro.com.br\/?product=fogao-atlas-monaco-plus5-5-bocas-branco-c-ac","name":"FOGAO ATLAS MONACO PLUS5 5 BOCAS BRANCO C\/AC - Lucas Eletro","isPartOf":{"@id":"https:\/\/lucaseletro.com.br\/#website"},"primaryImageOfPage":{"@id":"https:\/\/lucaseletro.com.br\/?product=fogao-atlas-monaco-plus5-5-bocas-branco-c-ac#primaryimage"},"image":{"@id":"https:\/\/lucaseletro.com.br\/?product=fogao-atlas-monaco-plus5-5-bocas-branco-c-ac#primaryimage"},"thumbnailUrl":"https:\/\/lucaseletro.com.br\/wp-content\/uploads\/2024\/07\/Fogao-Atlas.webp","datePublished":"2024-07-30T19:56:51+00:00","dateModified":"2024-09-27T19:38:24+00:00","breadcrumb":{"@id":"https:\/\/lucaseletro.com.br\/?product=fogao-atlas-monaco-plus5-5-bocas-branco-c-ac#breadcrumb"},"inLanguage":"pt-BR","potentialAction":[{"@type":"ReadAction","target":["https:\/\/lucaseletro.com.br\/?product=fogao-atlas-monaco-plus5-5-bocas-branco-c-ac"]}]},{"@type":"ImageObject","inLanguage":"pt-BR","@id":"https:\/\/lucaseletro.com.br\/?product=fogao-atlas-monaco-plus5-5-bocas-branco-c-ac#primaryimage","url":"https:\/\/lucaseletro.com.br\/wp-content\/uploads\/2024\/07\/Fogao-Atlas.webp","contentUrl":"https:\/\/lucaseletro.com.br\/wp-content\/uploads\/2024\/07\/Fogao-Atlas.webp","width":558,"height":558},{"@type":"BreadcrumbList","@id":"https:\/\/lucaseletro.com.br\/?product=fogao-atlas-monaco-plus5-5-bocas-branco-c-ac#breadcrumb","itemListElement":[{"@type":"ListItem","position":1,"name":"In\u00edcio","item":"https:\/\/lucaseletro.com.br\/"},{"@type":"ListItem","position":2,"name":"Loja","item":"https:\/\/lucaseletro.com.br\/?page_id=11"},{"@type":"ListItem","position":3,"name":"FOGAO ATLAS MONACO PLUS5 5 BOCAS BRANCO C\/AC"}]},{"@type":"WebSite","@id":"https:\/\/lucaseletro.com.br\/#website","url":"https:\/\/lucaseletro.com.br\/","name":"Lucas Eletro","description":"Realizando seus sonhos","publisher":{"@id":"https:\/\/lucaseletro.com.br\/#organization"},"alternateName":"Lucas Eletro","potentialAction":[{"@type":"SearchAction","target":{"@type":"EntryPoint","urlTemplate":"https:\/\/lucaseletro.com.br\/?s={search_term_string}"},"query-input":{"@type":"PropertyValueSpecification","valueRequired":true,"valueName":"search_term_string"}}],"inLanguage":"pt-BR"},{"@type":"Organization","@id":"https:\/\/lucaseletro.com.br\/#organization","name":"Lucas Eletro","alternateName":"Lucas Eletro","url":"https:\/\/lucaseletro.com.br\/","logo":{"@type":"ImageObject","inLanguage":"pt-BR","@id":"https:\/\/lucaseletro.com.br\/#\/schema\/logo\/image\/","url":"https:\/\/lucaseletro.com.br\/wp-content\/uploads\/2024\/08\/Logo-WebP.webp","contentUrl":"https:\/\/lucaseletro.com.br\/wp-content\/uploads\/2024\/08\/Logo-WebP.webp","width":1366,"height":457,"caption":"Lucas Eletro"},"image":{"@id":"https:\/\/lucaseletro.com.br\/#\/schema\/logo\/image\/"},"sameAs":["https:\/\/www.facebook.com\/lucas.eletro.71"]}]},"product_price_amount":"1499.00","product_price_currency":"BRL","og_availability":"instock","product_availability":"instock","product_condition":"new"},"_links":{"self":[{"href":"https:\/\/lucaseletro.com.br\/index.php?rest_route=\/wp\/v2\/product\/2849","targetHints":{"allow":["GET"]}}],"collection":[{"href":"https:\/\/lucaseletro.com.br\/index.php?rest_route=\/wp\/v2\/product"}],"about":[{"href":"https:\/\/lucaseletro.com.br\/index.php?rest_route=\/wp\/v2\/types\/product"}],"replies":[{"embeddable":true,"href":"https:\/\/lucaseletro.com.br\/index.php?rest_route=%2Fwp%2Fv2%2Fcomments&post=2849"}],"wp:featuredmedia":[{"embeddable":true,"href":"https:\/\/lucaseletro.com.br\/index.php?rest_route=\/wp\/v2\/media\/3513"}],"wp:attachment":[{"href":"https:\/\/lucaseletro.com.br\/index.php?rest_route=%2Fwp%2Fv2%2Fmedia&parent=2849"}],"wp:term":[{"taxonomy":"product_brand","embeddable":true,"href":"https:\/\/lucaseletro.com.br\/index.php?rest_route=%2Fwp%2Fv2%2Fproduct_brand&post=2849"},{"taxonomy":"product_cat","embeddable":true,"href":"https:\/\/lucaseletro.com.br\/index.php?rest_route=%2Fwp%2Fv2%2Fproduct_cat&post=2849"},{"taxonomy":"product_tag","embeddable":true,"href":"https:\/\/lucaseletro.com.br\/index.php?rest_route=%2Fwp%2Fv2%2Fproduct_tag&post=2849"}],"curies":[{"name":"wp","href":"https:\/\/api.w.org\/{rel}","templated":true}]}}