{"id":3775,"date":"2024-11-14T10:50:15","date_gmt":"2024-11-14T13:50:15","guid":{"rendered":"https:\/\/lucaseletro.com.br\/?post_type=product&#038;p=3775"},"modified":"2025-09-04T09:25:16","modified_gmt":"2025-09-04T12:25:16","slug":"sofa-canada-3x2-lugares-inca-marrom","status":"publish","type":"product","link":"https:\/\/lucaseletro.com.br\/?product=sofa-canada-3x2-lugares-inca-marrom","title":{"rendered":"SOFA CANADA 3X2 LUGARES INCA MARROM"},"content":{"rendered":"<p>Caracter\u00edsticas do produto<br \/>\nQuantidade de Lugares 02 a 05 Lugares<br \/>\nGarantia 06 Meses<br \/>\nInforma\u00e7\u00f5es adicionais<\/p>\n<p>Marca: ESTOFAR<\/p>\n<p>Cor: INCA MARROM<\/p>\n<p>Dimens\u00f5es em cm:<\/p>\n<p>3 lugares: l: 1,85 a: 0,96 p: 0,52<\/p>\n<p>2 lugares l: 1,44 a: 0,96 p: 0,52<\/p>\n<p>Peso do produto em kg: 61kg (conjunto)<\/p>\n<p>Material de fabrica\u00e7\u00e3o: 100% eucalipto<\/p>\n<p>P\u00e9s: sim<\/p>\n<p>Tamanho: 7cm<\/p>\n<p>Material: DIVERSOS<\/p>\n<p>Quantidade: 9<\/p>\n<p>Composi\u00e7\u00e3o: espuma\/madeira\/fibra\/tecido<\/p>\n<p>Peso suportado: 110\/120kg por assento<\/p>\n<p>Tecido: INCA<\/p>\n","protected":false},"excerpt":{"rendered":"<p>Caracter\u00edsticas do produto<br \/>\nQuantidade de Lugares 02 a 05 Lugares<br \/>\nGarantia 06 Meses<br \/>\nInforma\u00e7\u00f5es adicionais<\/p>\n<p>Marca: ESTOFAR<\/p>\n<p>Cor: INCA MARROM<\/p>\n<p>Dimens\u00f5es em cm:<\/p>\n<p>3 lugares: l: 1,85 a: 0,96 p: 0,52<\/p>\n<p>2 lugares l: 1,44 a: 0,96 p: 0,52<\/p>\n<p>Peso do produto em kg: 61kg (conjunto)<\/p>\n<p>Material de fabrica\u00e7\u00e3o: 100% eucalipto<\/p>\n<p>P\u00e9s: sim<\/p>\n<p>Tamanho: 7cm<\/p>\n<p>Material: DIVERSOS<\/p>\n<p>Quantidade: 9<\/p>\n<p>Composi\u00e7\u00e3o: espuma\/madeira\/fibra\/tecido<\/p>\n<p>Peso suportado: 110\/120kg por assento<\/p>\n<p>Tecido: INCA<\/p>\n","protected":false},"featured_media":3776,"comment_status":"open","ping_status":"closed","template":"","meta":[],"product_brand":[],"product_cat":[83,84],"product_tag":[],"class_list":{"0":"post-3775","1":"product","2":"type-product","3":"status-publish","4":"has-post-thumbnail","6":"product_cat-decoracao","7":"product_cat-sofas","9":"first","10":"outofstock","11":"shipping-taxable","12":"purchasable","13":"product-type-simple"},"yoast_head":"<!-- This site is optimized with the Yoast SEO Premium plugin v23.3 (Yoast SEO v27.4) - https:\/\/yoast.com\/product\/yoast-seo-premium-wordpress\/ -->\n<title>SOFA CANADA 3X2 LUGARES INCA MARROM - Lucas Eletro<\/title>\n<meta name=\"description\" content=\"SOFA 3X2 LUGARES CANADA CONFORTO E SOFISTICA\u00c7AO PRA SUA CASA .\" \/>\n<meta name=\"robots\" content=\"index, follow, max-snippet:-1, max-image-preview:large, max-video-preview:-1\" \/>\n<link rel=\"canonical\" href=\"https:\/\/lucaseletro.com.br\/?product=sofa-canada-3x2-lugares-inca-marrom\" \/>\n<meta property=\"og:locale\" content=\"pt_BR\" \/>\n<meta property=\"og:type\" content=\"article\" \/>\n<meta property=\"og:title\" content=\"SOFA CANADA 3X2 LUGARES INCA MARROM - &#082;&#036;1.499,00 - Lucas Eletro\" \/>\n<meta property=\"og:description\" content=\"Caracter\u00edsticas do produto Quantidade de Lugares 02 a 05 Lugares Garantia 06 Meses Informa\u00e7\u00f5es adicionais  Marca: ESTOFAR  Cor: INCA MARROM  Dimens\u00f5es em cm:  3 lugares: l: 1,85 a: 0,96 p: 0,52  2 lugares l: 1,44 a: 0,96 p: 0,52  Peso do produto em kg: 61kg (conjunto)  Material de fabrica\u00e7\u00e3o: 100% eucalipto  P\u00e9s: sim  Tamanho: 7cm  Material: DIVERSOS  Quantidade: 9  Composi\u00e7\u00e3o: espuma\/madeira\/fibra\/tecido  Peso suportado: 110\/120kg por assento  Tecido: INCA\" \/>\n<meta property=\"og:url\" content=\"https:\/\/lucaseletro.com.br\/?product=sofa-canada-3x2-lugares-inca-marrom\" \/>\n<meta property=\"og:site_name\" content=\"Lucas Eletro\" \/>\n<meta property=\"article:publisher\" content=\"https:\/\/www.facebook.com\/lucas.eletro.71\" \/>\n<meta property=\"article:modified_time\" content=\"2025-09-04T12:25:16+00:00\" \/>\n<meta property=\"og:image\" content=\"https:\/\/lucaseletro.com.br\/wp-content\/uploads\/2024\/11\/WhatsApp-Image-2024-11-14-at-10.38.27.jpeg\" \/>\n\t<meta property=\"og:image:width\" content=\"1600\" \/>\n\t<meta property=\"og:image:height\" content=\"1200\" \/>\n\t<meta property=\"og:image:type\" content=\"image\/jpeg\" \/>\n<meta name=\"twitter:card\" content=\"summary_large_image\" \/>\n<meta name=\"twitter:label1\" content=\"Pre\u00e7o\" \/>\n\t<meta name=\"twitter:data1\" content=\"&#082;&#036;1.499,00\" \/>\n\t<meta name=\"twitter:label2\" content=\"Disponibilidade\" \/>\n\t<meta name=\"twitter:data2\" content=\"Fora de estoque\" \/>\n<script type=\"application\/ld+json\" class=\"yoast-schema-graph\">{\"@context\":\"https:\\\/\\\/schema.org\",\"@graph\":[{\"@type\":\"WebPage\",\"@id\":\"https:\\\/\\\/lucaseletro.com.br\\\/?product=sofa-canada-3x2-lugares-inca-marrom\",\"url\":\"https:\\\/\\\/lucaseletro.com.br\\\/?product=sofa-canada-3x2-lugares-inca-marrom\",\"name\":\"SOFA CANADA 3X2 LUGARES INCA MARROM - Lucas Eletro\",\"isPartOf\":{\"@id\":\"https:\\\/\\\/lucaseletro.com.br\\\/#website\"},\"primaryImageOfPage\":{\"@id\":\"https:\\\/\\\/lucaseletro.com.br\\\/?product=sofa-canada-3x2-lugares-inca-marrom#primaryimage\"},\"image\":{\"@id\":\"https:\\\/\\\/lucaseletro.com.br\\\/?product=sofa-canada-3x2-lugares-inca-marrom#primaryimage\"},\"thumbnailUrl\":\"https:\\\/\\\/lucaseletro.com.br\\\/wp-content\\\/uploads\\\/2024\\\/11\\\/WhatsApp-Image-2024-11-14-at-10.38.27.jpeg\",\"datePublished\":\"2024-11-14T13:50:15+00:00\",\"dateModified\":\"2025-09-04T12:25:16+00:00\",\"description\":\"SOFA 3X2 LUGARES CANADA CONFORTO E SOFISTICA\u00c7AO PRA SUA CASA .\",\"breadcrumb\":{\"@id\":\"https:\\\/\\\/lucaseletro.com.br\\\/?product=sofa-canada-3x2-lugares-inca-marrom#breadcrumb\"},\"inLanguage\":\"pt-BR\",\"potentialAction\":[{\"@type\":\"ReadAction\",\"target\":[\"https:\\\/\\\/lucaseletro.com.br\\\/?product=sofa-canada-3x2-lugares-inca-marrom\"]}]},{\"@type\":\"ImageObject\",\"inLanguage\":\"pt-BR\",\"@id\":\"https:\\\/\\\/lucaseletro.com.br\\\/?product=sofa-canada-3x2-lugares-inca-marrom#primaryimage\",\"url\":\"https:\\\/\\\/lucaseletro.com.br\\\/wp-content\\\/uploads\\\/2024\\\/11\\\/WhatsApp-Image-2024-11-14-at-10.38.27.jpeg\",\"contentUrl\":\"https:\\\/\\\/lucaseletro.com.br\\\/wp-content\\\/uploads\\\/2024\\\/11\\\/WhatsApp-Image-2024-11-14-at-10.38.27.jpeg\",\"width\":1600,\"height\":1200},{\"@type\":\"BreadcrumbList\",\"@id\":\"https:\\\/\\\/lucaseletro.com.br\\\/?product=sofa-canada-3x2-lugares-inca-marrom#breadcrumb\",\"itemListElement\":[{\"@type\":\"ListItem\",\"position\":1,\"name\":\"In\u00edcio\",\"item\":\"https:\\\/\\\/lucaseletro.com.br\\\/\"},{\"@type\":\"ListItem\",\"position\":2,\"name\":\"Loja\",\"item\":\"https:\\\/\\\/lucaseletro.com.br\\\/?page_id=11\"},{\"@type\":\"ListItem\",\"position\":3,\"name\":\"SOFA CANADA 3X2 LUGARES INCA MARROM\"}]},{\"@type\":\"WebSite\",\"@id\":\"https:\\\/\\\/lucaseletro.com.br\\\/#website\",\"url\":\"https:\\\/\\\/lucaseletro.com.br\\\/\",\"name\":\"Lucas Eletro\",\"description\":\"Realizando seus sonhos\",\"publisher\":{\"@id\":\"https:\\\/\\\/lucaseletro.com.br\\\/#organization\"},\"alternateName\":\"Lucas Eletro\",\"potentialAction\":[{\"@type\":\"SearchAction\",\"target\":{\"@type\":\"EntryPoint\",\"urlTemplate\":\"https:\\\/\\\/lucaseletro.com.br\\\/?s={search_term_string}\"},\"query-input\":{\"@type\":\"PropertyValueSpecification\",\"valueRequired\":true,\"valueName\":\"search_term_string\"}}],\"inLanguage\":\"pt-BR\"},{\"@type\":\"Organization\",\"@id\":\"https:\\\/\\\/lucaseletro.com.br\\\/#organization\",\"name\":\"Lucas Eletro\",\"alternateName\":\"Lucas Eletro\",\"url\":\"https:\\\/\\\/lucaseletro.com.br\\\/\",\"logo\":{\"@type\":\"ImageObject\",\"inLanguage\":\"pt-BR\",\"@id\":\"https:\\\/\\\/lucaseletro.com.br\\\/#\\\/schema\\\/logo\\\/image\\\/\",\"url\":\"https:\\\/\\\/lucaseletro.com.br\\\/wp-content\\\/uploads\\\/2024\\\/08\\\/Logo-WebP.webp\",\"contentUrl\":\"https:\\\/\\\/lucaseletro.com.br\\\/wp-content\\\/uploads\\\/2024\\\/08\\\/Logo-WebP.webp\",\"width\":1366,\"height\":457,\"caption\":\"Lucas Eletro\"},\"image\":{\"@id\":\"https:\\\/\\\/lucaseletro.com.br\\\/#\\\/schema\\\/logo\\\/image\\\/\"},\"sameAs\":[\"https:\\\/\\\/www.facebook.com\\\/lucas.eletro.71\"]}]}<\/script>\n<meta property=\"product:price:amount\" content=\"1499.00\" \/>\n<meta property=\"product:price:currency\" content=\"BRL\" \/>\n<meta property=\"og:availability\" content=\"out of stock\" \/>\n<meta property=\"product:availability\" content=\"out of stock\" \/>\n<meta property=\"product:condition\" content=\"new\" \/>\n<!-- \/ Yoast SEO Premium plugin. -->","yoast_head_json":{"title":"SOFA CANADA 3X2 LUGARES INCA MARROM - Lucas Eletro","description":"SOFA 3X2 LUGARES CANADA CONFORTO E SOFISTICA\u00c7AO PRA SUA CASA .","robots":{"index":"index","follow":"follow","max-snippet":"max-snippet:-1","max-image-preview":"max-image-preview:large","max-video-preview":"max-video-preview:-1"},"canonical":"https:\/\/lucaseletro.com.br\/?product=sofa-canada-3x2-lugares-inca-marrom","og_locale":"pt_BR","og_type":"article","og_title":"SOFA CANADA 3X2 LUGARES INCA MARROM - &#82;&#36;1.499,00 - Lucas Eletro","og_description":"Caracter\u00edsticas do produto Quantidade de Lugares 02 a 05 Lugares Garantia 06 Meses Informa\u00e7\u00f5es adicionais  Marca: ESTOFAR  Cor: INCA MARROM  Dimens\u00f5es em cm:  3 lugares: l: 1,85 a: 0,96 p: 0,52  2 lugares l: 1,44 a: 0,96 p: 0,52  Peso do produto em kg: 61kg (conjunto)  Material de fabrica\u00e7\u00e3o: 100% eucalipto  P\u00e9s: sim  Tamanho: 7cm  Material: DIVERSOS  Quantidade: 9  Composi\u00e7\u00e3o: espuma\/madeira\/fibra\/tecido  Peso suportado: 110\/120kg por assento  Tecido: INCA","og_url":"https:\/\/lucaseletro.com.br\/?product=sofa-canada-3x2-lugares-inca-marrom","og_site_name":"Lucas Eletro","article_publisher":"https:\/\/www.facebook.com\/lucas.eletro.71","article_modified_time":"2025-09-04T12:25:16+00:00","og_image":[{"width":1600,"height":1200,"url":"https:\/\/lucaseletro.com.br\/wp-content\/uploads\/2024\/11\/WhatsApp-Image-2024-11-14-at-10.38.27.jpeg","type":"image\/jpeg"}],"twitter_card":"summary_large_image","twitter_misc":{"Pre\u00e7o":"&#82;&#36;1.499,00","Disponibilidade":"Fora de estoque"},"schema":{"@context":"https:\/\/schema.org","@graph":[{"@type":"WebPage","@id":"https:\/\/lucaseletro.com.br\/?product=sofa-canada-3x2-lugares-inca-marrom","url":"https:\/\/lucaseletro.com.br\/?product=sofa-canada-3x2-lugares-inca-marrom","name":"SOFA CANADA 3X2 LUGARES INCA MARROM - Lucas Eletro","isPartOf":{"@id":"https:\/\/lucaseletro.com.br\/#website"},"primaryImageOfPage":{"@id":"https:\/\/lucaseletro.com.br\/?product=sofa-canada-3x2-lugares-inca-marrom#primaryimage"},"image":{"@id":"https:\/\/lucaseletro.com.br\/?product=sofa-canada-3x2-lugares-inca-marrom#primaryimage"},"thumbnailUrl":"https:\/\/lucaseletro.com.br\/wp-content\/uploads\/2024\/11\/WhatsApp-Image-2024-11-14-at-10.38.27.jpeg","datePublished":"2024-11-14T13:50:15+00:00","dateModified":"2025-09-04T12:25:16+00:00","description":"SOFA 3X2 LUGARES CANADA CONFORTO E SOFISTICA\u00c7AO PRA SUA CASA .","breadcrumb":{"@id":"https:\/\/lucaseletro.com.br\/?product=sofa-canada-3x2-lugares-inca-marrom#breadcrumb"},"inLanguage":"pt-BR","potentialAction":[{"@type":"ReadAction","target":["https:\/\/lucaseletro.com.br\/?product=sofa-canada-3x2-lugares-inca-marrom"]}]},{"@type":"ImageObject","inLanguage":"pt-BR","@id":"https:\/\/lucaseletro.com.br\/?product=sofa-canada-3x2-lugares-inca-marrom#primaryimage","url":"https:\/\/lucaseletro.com.br\/wp-content\/uploads\/2024\/11\/WhatsApp-Image-2024-11-14-at-10.38.27.jpeg","contentUrl":"https:\/\/lucaseletro.com.br\/wp-content\/uploads\/2024\/11\/WhatsApp-Image-2024-11-14-at-10.38.27.jpeg","width":1600,"height":1200},{"@type":"BreadcrumbList","@id":"https:\/\/lucaseletro.com.br\/?product=sofa-canada-3x2-lugares-inca-marrom#breadcrumb","itemListElement":[{"@type":"ListItem","position":1,"name":"In\u00edcio","item":"https:\/\/lucaseletro.com.br\/"},{"@type":"ListItem","position":2,"name":"Loja","item":"https:\/\/lucaseletro.com.br\/?page_id=11"},{"@type":"ListItem","position":3,"name":"SOFA CANADA 3X2 LUGARES INCA MARROM"}]},{"@type":"WebSite","@id":"https:\/\/lucaseletro.com.br\/#website","url":"https:\/\/lucaseletro.com.br\/","name":"Lucas Eletro","description":"Realizando seus sonhos","publisher":{"@id":"https:\/\/lucaseletro.com.br\/#organization"},"alternateName":"Lucas Eletro","potentialAction":[{"@type":"SearchAction","target":{"@type":"EntryPoint","urlTemplate":"https:\/\/lucaseletro.com.br\/?s={search_term_string}"},"query-input":{"@type":"PropertyValueSpecification","valueRequired":true,"valueName":"search_term_string"}}],"inLanguage":"pt-BR"},{"@type":"Organization","@id":"https:\/\/lucaseletro.com.br\/#organization","name":"Lucas Eletro","alternateName":"Lucas Eletro","url":"https:\/\/lucaseletro.com.br\/","logo":{"@type":"ImageObject","inLanguage":"pt-BR","@id":"https:\/\/lucaseletro.com.br\/#\/schema\/logo\/image\/","url":"https:\/\/lucaseletro.com.br\/wp-content\/uploads\/2024\/08\/Logo-WebP.webp","contentUrl":"https:\/\/lucaseletro.com.br\/wp-content\/uploads\/2024\/08\/Logo-WebP.webp","width":1366,"height":457,"caption":"Lucas Eletro"},"image":{"@id":"https:\/\/lucaseletro.com.br\/#\/schema\/logo\/image\/"},"sameAs":["https:\/\/www.facebook.com\/lucas.eletro.71"]}]},"product_price_amount":"1499.00","product_price_currency":"BRL","og_availability":"out of stock","product_availability":"out of stock","product_condition":"new"},"_links":{"self":[{"href":"https:\/\/lucaseletro.com.br\/index.php?rest_route=\/wp\/v2\/product\/3775","targetHints":{"allow":["GET"]}}],"collection":[{"href":"https:\/\/lucaseletro.com.br\/index.php?rest_route=\/wp\/v2\/product"}],"about":[{"href":"https:\/\/lucaseletro.com.br\/index.php?rest_route=\/wp\/v2\/types\/product"}],"replies":[{"embeddable":true,"href":"https:\/\/lucaseletro.com.br\/index.php?rest_route=%2Fwp%2Fv2%2Fcomments&post=3775"}],"wp:featuredmedia":[{"embeddable":true,"href":"https:\/\/lucaseletro.com.br\/index.php?rest_route=\/wp\/v2\/media\/3776"}],"wp:attachment":[{"href":"https:\/\/lucaseletro.com.br\/index.php?rest_route=%2Fwp%2Fv2%2Fmedia&parent=3775"}],"wp:term":[{"taxonomy":"product_brand","embeddable":true,"href":"https:\/\/lucaseletro.com.br\/index.php?rest_route=%2Fwp%2Fv2%2Fproduct_brand&post=3775"},{"taxonomy":"product_cat","embeddable":true,"href":"https:\/\/lucaseletro.com.br\/index.php?rest_route=%2Fwp%2Fv2%2Fproduct_cat&post=3775"},{"taxonomy":"product_tag","embeddable":true,"href":"https:\/\/lucaseletro.com.br\/index.php?rest_route=%2Fwp%2Fv2%2Fproduct_tag&post=3775"}],"curies":[{"name":"wp","href":"https:\/\/api.w.org\/{rel}","templated":true}]}}