{"id":443,"date":"2024-07-30T16:51:06","date_gmt":"2024-07-30T19:51:06","guid":{"rendered":"https:\/\/lucaseletro.com.br\/product\/roupeiro-zanzini-maximus-plus-cinamomo-areia-6p-6g\/"},"modified":"2025-09-02T08:12:30","modified_gmt":"2025-09-02T11:12:30","slug":"roupeiro-zanzini-maximus-plus-cinamomo-areia-6p-6g","status":"publish","type":"product","link":"https:\/\/lucaseletro.com.br\/?product=roupeiro-zanzini-maximus-plus-cinamomo-areia-6p-6g","title":{"rendered":"ROUPEIRO ZANZINI MAXIMUS PLUS CINAMOMO\/AREIA 6P 6G"},"content":{"rendered":"<p>O Guarda Roupa Maximus Plus \u00e9 um produto de amplo espa\u00e7o com excelente divis\u00e3o interna, com seis gavetas que deslizam suavemente sobre corredi\u00e7as telesc\u00f3picas, uma gaveta com chave e tambor de a\u00e7o para maior seguran\u00e7a, duas prateleiras para guardar as roupas que precisam ser dobradas, cabideiros met\u00e1licos para pendurar as roupas com organiza\u00e7\u00e3o. Sem falar no design moderno para compor o ambiente de seu quarto com beleza e qualidade.<br \/>\nAcabamento da Prateleira: Pintura Texturizada UV<br \/>\nEscala de Brilho da Prateleira: Fosco<br \/>\nPossui Cabideiros: 02<br \/>\nAcabamento da Gaveta: Pintura Texturizada UV<br \/>\nEscala de Brilho da Gaveta: Fosco<br \/>\nMaterial do Puxador da Gaveta: MDF<br \/>\nPossui Organizador de Gaveta: N\u00e3o<br \/>\nAcabamento da Porta: Pintura Texturizada UV<br \/>\nEscala de Brilho da Porta: Fosco<br \/>\nMaterial do Puxador da Porta: MDF<br \/>\nAmbiente Principal: Quarto<br \/>\ncodigo_ean: 7909903517192<br \/>\nComplexidade da Montagem: M\u00e9dia: pode ser montado por mais de uma pessoa e\/ou necessite de maior conhecimento para montagem<br \/>\nCor: Cinamomo\/Areia<br \/>\nCor do Produto: Cinamomo\/Areia<br \/>\nCor Interna: Trama<br \/>\nEscala de Brilho: Fosco<br \/>\nGaveta com Chave: Sim<br \/>\nGuarda-Roupa Suporta At\u00e9 (kg): 40 kg<br \/>\nItens Inclusos: 1 Guarda Roupa, Kit Ferragens e Manual de Montagem<br \/>\nLinha ou Cole\u00e7\u00e3o: Maximus<br \/>\nManual de Montagem e Instala\u00e7\u00e3o: https:\/\/product-hub-prd.madeiramadeira.com.br\/882521\/documents\/d6b9291a-d7dc-438d-9ba7-b43f9bb2f9aab84a65733a5140403710220606.pdf<br \/>\nMaterial da Gaveta: MDF<br \/>\nMaterial da Porta: MDP<br \/>\nMaterial da Prateleira: MDP<br \/>\nMaterial Principal: MDP<br \/>\nmodular: N\u00e3o<br \/>\nNecessita Montagem: Sim<br \/>\nOrigem do Produto: Nacional<br \/>\nPeso: 139 kg<br \/>\nPeso M\u00e1ximo por Gaveta: 3 kg<br \/>\nPeso M\u00e1ximo por Prateleira: 5 kg<br \/>\nPossui Calceiros: N\u00e3o<br \/>\nPossui Espa\u00e7o para Vestidos Longos: N\u00e3o<br \/>\nPossui Espelho: N\u00e3o<br \/>\nPossui Espelho Interno: N\u00e3o<br \/>\nPossui Ganchos: N\u00e3o<br \/>\nPossui ilumina\u00e7\u00e3o: N\u00e3o<br \/>\nPossui Nichos: N\u00e3o<br \/>\nPossui Painel de TV: N\u00e3o<br \/>\nPossui P\u00e9s: N\u00e3o<br \/>\nPossui Portas: Sim<br \/>\nPossui Prateleiras: Sim<br \/>\nPossui Sapateira: N\u00e3o<br \/>\nProduto Montado: Sim<br \/>\nQuantidade de Gavetas: 06 Gavetas<br \/>\nQuantidade de Prateleiras: 02 Prateleiras<br \/>\nRecomenda\u00e7\u00f5es de Uso, Manuten\u00e7\u00e3o e Limpeza: Limpar com flanela ou pano macio seco, n\u00e3o utilizar produtos abrasivos, desengordurantes, \u00e1lcool ou qualquer outro produto qu\u00edmico. N\u00e3o expor o produto diretamente \u00e0 luz solar e \u00e0 umidade<br \/>\nSistema de Montagem: Parafusos auto atarraxantes, cola, cavilhas, pregos<br \/>\nSuporta At\u00e9 (kg): 40 kg<br \/>\nTipo de Corredi\u00e7a da Gaveta: Met\u00e1lica Telesc\u00f3pica<br \/>\nTipo de Dobradi\u00e7a\/Corredi\u00e7a da Porta: Met\u00e1lica<br \/>\nTipo de Gaveta: Externa<br \/>\nTipo de Guarda-Roupa: Casal<br \/>\nTipo de Puxador da Gaveta: Externo<br \/>\nTipo de Puxador da Porta: Externo<\/p>\n","protected":false},"excerpt":{"rendered":"<div class=\"css-cs5a0t\">\n<div class=\"dsvia-flex css-rtcfjm\" data-testid=\"dsvia-base-div\">\n<p class=\"dsvia-text css-bqvivw\">Altura (cm)<\/p>\n<p><span class=\"css-emfmc0\">230,3 cm<\/span><\/p>\n<\/div>\n<\/div>\n<div class=\"css-cs5a0t\">\n<div class=\"dsvia-flex css-rtcfjm\" data-testid=\"dsvia-base-div\">\n<p class=\"dsvia-text css-bqvivw\">Tipo de porta<\/p>\n<p><span class=\"css-emfmc0\">Bater<\/span><\/p>\n<\/div>\n<\/div>\n<div class=\"css-cs5a0t\">\n<div class=\"dsvia-flex css-rtcfjm\" data-testid=\"dsvia-base-div\">\n<p class=\"dsvia-text css-bqvivw\">Largura (cm)<\/p>\n<p><span class=\"css-emfmc0\">230,1 cm<\/span><\/p>\n<\/div>\n<\/div>\n<div class=\"css-cs5a0t\">\n<div class=\"dsvia-flex css-rtcfjm\" data-testid=\"dsvia-base-div\">\n<p class=\"dsvia-text css-bqvivw\">Profundidade (cm)<\/p>\n<p><span class=\"css-emfmc0\">46,3 cm<\/span><\/p>\n<\/div>\n<\/div>\n","protected":false},"featured_media":4156,"comment_status":"open","ping_status":"closed","template":"","meta":[],"product_brand":[],"product_cat":[72,78,71],"product_tag":[],"class_list":{"0":"post-443","1":"product","2":"type-product","3":"status-publish","4":"has-post-thumbnail","6":"product_cat-guarda-roupas","7":"product_cat-quartos","8":"product_cat-roupeiro","10":"first","11":"instock","12":"shipping-taxable","13":"purchasable","14":"product-type-simple"},"yoast_head":"<!-- This site is optimized with the Yoast SEO Premium plugin v23.3 (Yoast SEO v27.5) - https:\/\/yoast.com\/product\/yoast-seo-premium-wordpress\/ -->\n<title>ROUPEIRO ZANZINI MAXIMUS PLUS CINAMOMO\/AREIA 6P 6G - Lucas Eletro<\/title>\n<meta name=\"robots\" content=\"index, follow, max-snippet:-1, max-image-preview:large, max-video-preview:-1\" \/>\n<link rel=\"canonical\" href=\"https:\/\/lucaseletro.com.br\/?product=roupeiro-zanzini-maximus-plus-cinamomo-areia-6p-6g\" \/>\n<meta property=\"og:locale\" content=\"pt_BR\" \/>\n<meta property=\"og:type\" content=\"article\" \/>\n<meta property=\"og:title\" content=\"ROUPEIRO ZANZINI MAXIMUS PLUS CINAMOMO\/AREIA 6P 6G - &#082;&#036;1.899,00 - Lucas Eletro\" \/>\n<meta property=\"og:description\" content=\"Altura (cm) 230,3 cm      Tipo de porta Bater      Largura (cm) 230,1 cm      Profundidade (cm) 46,3 cm\" \/>\n<meta property=\"og:url\" content=\"https:\/\/lucaseletro.com.br\/?product=roupeiro-zanzini-maximus-plus-cinamomo-areia-6p-6g\" \/>\n<meta property=\"og:site_name\" content=\"Lucas Eletro\" \/>\n<meta property=\"article:publisher\" content=\"https:\/\/www.facebook.com\/lucas.eletro.71\" \/>\n<meta property=\"article:modified_time\" content=\"2025-09-02T11:12:30+00:00\" \/>\n<meta property=\"og:image\" content=\"https:\/\/lucaseletro.com.br\/wp-content\/uploads\/2024\/08\/cropped-Logo-FivIcon-1.webp\" \/>\n\t<meta property=\"og:image:width\" content=\"512\" \/>\n\t<meta property=\"og:image:height\" content=\"512\" \/>\n\t<meta property=\"og:image:type\" content=\"image\/webp\" \/>\n<meta name=\"twitter:card\" content=\"summary_large_image\" \/>\n<meta name=\"twitter:label1\" content=\"Pre\u00e7o\" \/>\n\t<meta name=\"twitter:data1\" content=\"&#082;&#036;1.899,00\" \/>\n\t<meta name=\"twitter:label2\" content=\"Disponibilidade\" \/>\n\t<meta name=\"twitter:data2\" content=\"Em Estoque\" \/>\n<script type=\"application\/ld+json\" class=\"yoast-schema-graph\">{\"@context\":\"https:\\\/\\\/schema.org\",\"@graph\":[{\"@type\":\"WebPage\",\"@id\":\"https:\\\/\\\/lucaseletro.com.br\\\/?product=roupeiro-zanzini-maximus-plus-cinamomo-areia-6p-6g\",\"url\":\"https:\\\/\\\/lucaseletro.com.br\\\/?product=roupeiro-zanzini-maximus-plus-cinamomo-areia-6p-6g\",\"name\":\"ROUPEIRO ZANZINI MAXIMUS PLUS CINAMOMO\\\/AREIA 6P 6G - Lucas Eletro\",\"isPartOf\":{\"@id\":\"https:\\\/\\\/lucaseletro.com.br\\\/#website\"},\"primaryImageOfPage\":{\"@id\":\"https:\\\/\\\/lucaseletro.com.br\\\/?product=roupeiro-zanzini-maximus-plus-cinamomo-areia-6p-6g#primaryimage\"},\"image\":{\"@id\":\"https:\\\/\\\/lucaseletro.com.br\\\/?product=roupeiro-zanzini-maximus-plus-cinamomo-areia-6p-6g#primaryimage\"},\"thumbnailUrl\":\"https:\\\/\\\/lucaseletro.com.br\\\/wp-content\\\/uploads\\\/2024\\\/07\\\/2xg-1.avif\",\"datePublished\":\"2024-07-30T19:51:06+00:00\",\"dateModified\":\"2025-09-02T11:12:30+00:00\",\"breadcrumb\":{\"@id\":\"https:\\\/\\\/lucaseletro.com.br\\\/?product=roupeiro-zanzini-maximus-plus-cinamomo-areia-6p-6g#breadcrumb\"},\"inLanguage\":\"pt-BR\",\"potentialAction\":[{\"@type\":\"ReadAction\",\"target\":[\"https:\\\/\\\/lucaseletro.com.br\\\/?product=roupeiro-zanzini-maximus-plus-cinamomo-areia-6p-6g\"]}]},{\"@type\":\"ImageObject\",\"inLanguage\":\"pt-BR\",\"@id\":\"https:\\\/\\\/lucaseletro.com.br\\\/?product=roupeiro-zanzini-maximus-plus-cinamomo-areia-6p-6g#primaryimage\",\"url\":\"https:\\\/\\\/lucaseletro.com.br\\\/wp-content\\\/uploads\\\/2024\\\/07\\\/2xg-1.avif\",\"contentUrl\":\"https:\\\/\\\/lucaseletro.com.br\\\/wp-content\\\/uploads\\\/2024\\\/07\\\/2xg-1.avif\",\"width\":500,\"height\":500},{\"@type\":\"BreadcrumbList\",\"@id\":\"https:\\\/\\\/lucaseletro.com.br\\\/?product=roupeiro-zanzini-maximus-plus-cinamomo-areia-6p-6g#breadcrumb\",\"itemListElement\":[{\"@type\":\"ListItem\",\"position\":1,\"name\":\"In\u00edcio\",\"item\":\"https:\\\/\\\/lucaseletro.com.br\\\/\"},{\"@type\":\"ListItem\",\"position\":2,\"name\":\"Loja\",\"item\":\"https:\\\/\\\/lucaseletro.com.br\\\/?page_id=11\"},{\"@type\":\"ListItem\",\"position\":3,\"name\":\"ROUPEIRO ZANZINI MAXIMUS PLUS CINAMOMO\\\/AREIA 6P 6G\"}]},{\"@type\":\"WebSite\",\"@id\":\"https:\\\/\\\/lucaseletro.com.br\\\/#website\",\"url\":\"https:\\\/\\\/lucaseletro.com.br\\\/\",\"name\":\"Lucas Eletro\",\"description\":\"Realizando seus sonhos\",\"publisher\":{\"@id\":\"https:\\\/\\\/lucaseletro.com.br\\\/#organization\"},\"alternateName\":\"Lucas Eletro\",\"potentialAction\":[{\"@type\":\"SearchAction\",\"target\":{\"@type\":\"EntryPoint\",\"urlTemplate\":\"https:\\\/\\\/lucaseletro.com.br\\\/?s={search_term_string}\"},\"query-input\":{\"@type\":\"PropertyValueSpecification\",\"valueRequired\":true,\"valueName\":\"search_term_string\"}}],\"inLanguage\":\"pt-BR\"},{\"@type\":\"Organization\",\"@id\":\"https:\\\/\\\/lucaseletro.com.br\\\/#organization\",\"name\":\"Lucas Eletro\",\"alternateName\":\"Lucas Eletro\",\"url\":\"https:\\\/\\\/lucaseletro.com.br\\\/\",\"logo\":{\"@type\":\"ImageObject\",\"inLanguage\":\"pt-BR\",\"@id\":\"https:\\\/\\\/lucaseletro.com.br\\\/#\\\/schema\\\/logo\\\/image\\\/\",\"url\":\"https:\\\/\\\/lucaseletro.com.br\\\/wp-content\\\/uploads\\\/2024\\\/08\\\/Logo-WebP.webp\",\"contentUrl\":\"https:\\\/\\\/lucaseletro.com.br\\\/wp-content\\\/uploads\\\/2024\\\/08\\\/Logo-WebP.webp\",\"width\":1366,\"height\":457,\"caption\":\"Lucas Eletro\"},\"image\":{\"@id\":\"https:\\\/\\\/lucaseletro.com.br\\\/#\\\/schema\\\/logo\\\/image\\\/\"},\"sameAs\":[\"https:\\\/\\\/www.facebook.com\\\/lucas.eletro.71\"]}]}<\/script>\n<meta property=\"product:price:amount\" content=\"1899.00\" \/>\n<meta property=\"product:price:currency\" content=\"BRL\" \/>\n<meta property=\"og:availability\" content=\"instock\" \/>\n<meta property=\"product:availability\" content=\"instock\" \/>\n<meta property=\"product:condition\" content=\"new\" \/>\n<!-- \/ Yoast SEO Premium plugin. -->","yoast_head_json":{"title":"ROUPEIRO ZANZINI MAXIMUS PLUS CINAMOMO\/AREIA 6P 6G - Lucas Eletro","robots":{"index":"index","follow":"follow","max-snippet":"max-snippet:-1","max-image-preview":"max-image-preview:large","max-video-preview":"max-video-preview:-1"},"canonical":"https:\/\/lucaseletro.com.br\/?product=roupeiro-zanzini-maximus-plus-cinamomo-areia-6p-6g","og_locale":"pt_BR","og_type":"article","og_title":"ROUPEIRO ZANZINI MAXIMUS PLUS CINAMOMO\/AREIA 6P 6G - &#82;&#36;1.899,00 - Lucas Eletro","og_description":"Altura (cm) 230,3 cm      Tipo de porta Bater      Largura (cm) 230,1 cm      Profundidade (cm) 46,3 cm","og_url":"https:\/\/lucaseletro.com.br\/?product=roupeiro-zanzini-maximus-plus-cinamomo-areia-6p-6g","og_site_name":"Lucas Eletro","article_publisher":"https:\/\/www.facebook.com\/lucas.eletro.71","article_modified_time":"2025-09-02T11:12:30+00:00","og_image":[{"width":512,"height":512,"url":"https:\/\/lucaseletro.com.br\/wp-content\/uploads\/2024\/08\/cropped-Logo-FivIcon-1.webp","type":"image\/webp"}],"twitter_card":"summary_large_image","twitter_misc":{"Pre\u00e7o":"&#82;&#36;1.899,00","Disponibilidade":"Em Estoque"},"schema":{"@context":"https:\/\/schema.org","@graph":[{"@type":"WebPage","@id":"https:\/\/lucaseletro.com.br\/?product=roupeiro-zanzini-maximus-plus-cinamomo-areia-6p-6g","url":"https:\/\/lucaseletro.com.br\/?product=roupeiro-zanzini-maximus-plus-cinamomo-areia-6p-6g","name":"ROUPEIRO ZANZINI MAXIMUS PLUS CINAMOMO\/AREIA 6P 6G - Lucas Eletro","isPartOf":{"@id":"https:\/\/lucaseletro.com.br\/#website"},"primaryImageOfPage":{"@id":"https:\/\/lucaseletro.com.br\/?product=roupeiro-zanzini-maximus-plus-cinamomo-areia-6p-6g#primaryimage"},"image":{"@id":"https:\/\/lucaseletro.com.br\/?product=roupeiro-zanzini-maximus-plus-cinamomo-areia-6p-6g#primaryimage"},"thumbnailUrl":"https:\/\/lucaseletro.com.br\/wp-content\/uploads\/2024\/07\/2xg-1.avif","datePublished":"2024-07-30T19:51:06+00:00","dateModified":"2025-09-02T11:12:30+00:00","breadcrumb":{"@id":"https:\/\/lucaseletro.com.br\/?product=roupeiro-zanzini-maximus-plus-cinamomo-areia-6p-6g#breadcrumb"},"inLanguage":"pt-BR","potentialAction":[{"@type":"ReadAction","target":["https:\/\/lucaseletro.com.br\/?product=roupeiro-zanzini-maximus-plus-cinamomo-areia-6p-6g"]}]},{"@type":"ImageObject","inLanguage":"pt-BR","@id":"https:\/\/lucaseletro.com.br\/?product=roupeiro-zanzini-maximus-plus-cinamomo-areia-6p-6g#primaryimage","url":"https:\/\/lucaseletro.com.br\/wp-content\/uploads\/2024\/07\/2xg-1.avif","contentUrl":"https:\/\/lucaseletro.com.br\/wp-content\/uploads\/2024\/07\/2xg-1.avif","width":500,"height":500},{"@type":"BreadcrumbList","@id":"https:\/\/lucaseletro.com.br\/?product=roupeiro-zanzini-maximus-plus-cinamomo-areia-6p-6g#breadcrumb","itemListElement":[{"@type":"ListItem","position":1,"name":"In\u00edcio","item":"https:\/\/lucaseletro.com.br\/"},{"@type":"ListItem","position":2,"name":"Loja","item":"https:\/\/lucaseletro.com.br\/?page_id=11"},{"@type":"ListItem","position":3,"name":"ROUPEIRO ZANZINI MAXIMUS PLUS CINAMOMO\/AREIA 6P 6G"}]},{"@type":"WebSite","@id":"https:\/\/lucaseletro.com.br\/#website","url":"https:\/\/lucaseletro.com.br\/","name":"Lucas Eletro","description":"Realizando seus sonhos","publisher":{"@id":"https:\/\/lucaseletro.com.br\/#organization"},"alternateName":"Lucas Eletro","potentialAction":[{"@type":"SearchAction","target":{"@type":"EntryPoint","urlTemplate":"https:\/\/lucaseletro.com.br\/?s={search_term_string}"},"query-input":{"@type":"PropertyValueSpecification","valueRequired":true,"valueName":"search_term_string"}}],"inLanguage":"pt-BR"},{"@type":"Organization","@id":"https:\/\/lucaseletro.com.br\/#organization","name":"Lucas Eletro","alternateName":"Lucas Eletro","url":"https:\/\/lucaseletro.com.br\/","logo":{"@type":"ImageObject","inLanguage":"pt-BR","@id":"https:\/\/lucaseletro.com.br\/#\/schema\/logo\/image\/","url":"https:\/\/lucaseletro.com.br\/wp-content\/uploads\/2024\/08\/Logo-WebP.webp","contentUrl":"https:\/\/lucaseletro.com.br\/wp-content\/uploads\/2024\/08\/Logo-WebP.webp","width":1366,"height":457,"caption":"Lucas Eletro"},"image":{"@id":"https:\/\/lucaseletro.com.br\/#\/schema\/logo\/image\/"},"sameAs":["https:\/\/www.facebook.com\/lucas.eletro.71"]}]},"product_price_amount":"1899.00","product_price_currency":"BRL","og_availability":"instock","product_availability":"instock","product_condition":"new"},"_links":{"self":[{"href":"https:\/\/lucaseletro.com.br\/index.php?rest_route=\/wp\/v2\/product\/443","targetHints":{"allow":["GET"]}}],"collection":[{"href":"https:\/\/lucaseletro.com.br\/index.php?rest_route=\/wp\/v2\/product"}],"about":[{"href":"https:\/\/lucaseletro.com.br\/index.php?rest_route=\/wp\/v2\/types\/product"}],"replies":[{"embeddable":true,"href":"https:\/\/lucaseletro.com.br\/index.php?rest_route=%2Fwp%2Fv2%2Fcomments&post=443"}],"wp:featuredmedia":[{"embeddable":true,"href":"https:\/\/lucaseletro.com.br\/index.php?rest_route=\/wp\/v2\/media\/4156"}],"wp:attachment":[{"href":"https:\/\/lucaseletro.com.br\/index.php?rest_route=%2Fwp%2Fv2%2Fmedia&parent=443"}],"wp:term":[{"taxonomy":"product_brand","embeddable":true,"href":"https:\/\/lucaseletro.com.br\/index.php?rest_route=%2Fwp%2Fv2%2Fproduct_brand&post=443"},{"taxonomy":"product_cat","embeddable":true,"href":"https:\/\/lucaseletro.com.br\/index.php?rest_route=%2Fwp%2Fv2%2Fproduct_cat&post=443"},{"taxonomy":"product_tag","embeddable":true,"href":"https:\/\/lucaseletro.com.br\/index.php?rest_route=%2Fwp%2Fv2%2Fproduct_tag&post=443"}],"curies":[{"name":"wp","href":"https:\/\/api.w.org\/{rel}","templated":true}]}}