{"id":4859,"date":"2026-04-15T09:35:55","date_gmt":"2026-04-15T12:35:55","guid":{"rendered":"https:\/\/lucaseletro.com.br\/?post_type=product&#038;p=4859"},"modified":"2026-04-15T09:36:06","modified_gmt":"2026-04-15T12:36:06","slug":"sofa-retratil-parma-c-molas-ensacadas","status":"publish","type":"product","link":"https:\/\/lucaseletro.com.br\/?product=sofa-retratil-parma-c-molas-ensacadas","title":{"rendered":"sofa retratil parma C\/molas ensacadas"},"content":{"rendered":"<p data-start=\"66\" data-end=\"151\"><strong data-start=\"66\" data-end=\"73\">P\u00c9S<\/strong><br data-start=\"73\" data-end=\"76\" \/>Os p\u00e9s s\u00e3o fabricados em Pinus, na cor tabaco, e j\u00e1 v\u00e3o fixados no produto.<\/p>\n<p data-start=\"153\" data-end=\"313\"><strong data-start=\"153\" data-end=\"163\">BRA\u00c7OS<\/strong><br data-start=\"163\" data-end=\"166\" \/>Bra\u00e7os padr\u00e3o acolchoados de 25 cm ou bra\u00e7os retos e quadrados de 20 cm ou 25 cm.<br data-start=\"247\" data-end=\"250\" \/>Bra\u00e7os parafusados, facilitando a desmontagem, caso necess\u00e1rio.<\/p>\n<p data-start=\"315\" data-end=\"625\"><strong data-start=\"315\" data-end=\"326\">ASSENTO<\/strong><br data-start=\"326\" data-end=\"329\" \/>Assentos com mecanismos feitos com tubos de a\u00e7o e retr\u00e1til de metal, percintas el\u00e1sticas italianas transpassadas e entrela\u00e7adas por uma percintadora autom\u00e1tica, molas espirais, molas pocket (ensacadas), espuma\u00e7\u00e3o hiper soft D28 e manta acr\u00edlica siliconada, totalizando 16 cm de altura no assento.<\/p>\n<p data-start=\"627\" data-end=\"763\"><strong data-start=\"627\" data-end=\"640\">ESTRUTURA<\/strong><br data-start=\"640\" data-end=\"643\" \/>Madeira de eucalipto reflorestada, seca e imunizada.<br data-start=\"695\" data-end=\"698\" \/>Os m\u00f3dulos s\u00e3o unidos por sistemas de macho e f\u00eamea galvanizados.<\/p>\n<p data-start=\"765\" data-end=\"914\"><strong data-start=\"765\" data-end=\"776\">ENCOSTO<\/strong><br data-start=\"776\" data-end=\"779\" \/>Sistema de catraca blindada reclin\u00e1vel com 6 est\u00e1gios, com encaixe que permite f\u00e1cil desmontagem, e almofadas 100% em fibra siliconada.<\/p>\n","protected":false},"excerpt":{"rendered":"<p>Este modelo \u00e9 ideal para salas de TV, focado em quem busca resist\u00eancia e conforto &#8220;aconchegante&#8221; devido \u00e0 tecnologia de molas ensacadas que evita a deforma\u00e7\u00e3o r\u00e1pida e proporciona suporte individualizado<\/p>\n","protected":false},"featured_media":4860,"comment_status":"open","ping_status":"closed","template":"","meta":[],"product_brand":[117],"product_cat":[84],"product_tag":[],"class_list":{"0":"post-4859","1":"product","2":"type-product","3":"status-publish","4":"has-post-thumbnail","6":"product_brand-maguimoveis-e-estofados","7":"product_cat-sofas","9":"first","10":"instock","11":"shipping-taxable","12":"purchasable","13":"product-type-simple"},"yoast_head":"<!-- This site is optimized with the Yoast SEO Premium plugin v23.3 (Yoast SEO v27.4) - https:\/\/yoast.com\/product\/yoast-seo-premium-wordpress\/ -->\n<title>sofa retratil parma C\/molas ensacadas - Lucas Eletro<\/title>\n<meta name=\"robots\" content=\"index, follow, max-snippet:-1, max-image-preview:large, max-video-preview:-1\" \/>\n<link rel=\"canonical\" href=\"https:\/\/lucaseletro.com.br\/?product=sofa-retratil-parma-c-molas-ensacadas\" \/>\n<meta property=\"og:locale\" content=\"pt_BR\" \/>\n<meta property=\"og:type\" content=\"article\" \/>\n<meta property=\"og:title\" content=\"sofa retratil parma C\/molas ensacadas - &#082;&#036;3.299,00 - Lucas Eletro\" \/>\n<meta property=\"og:description\" content=\"Este modelo \u00e9 ideal para salas de TV, focado em quem busca resist\u00eancia e conforto &quot;aconchegante&quot; devido \u00e0 tecnologia de molas ensacadas que evita a deforma\u00e7\u00e3o r\u00e1pida e proporciona suporte individualizado\" \/>\n<meta property=\"og:url\" content=\"https:\/\/lucaseletro.com.br\/?product=sofa-retratil-parma-c-molas-ensacadas\" \/>\n<meta property=\"og:site_name\" content=\"Lucas Eletro\" \/>\n<meta property=\"article:publisher\" content=\"https:\/\/www.facebook.com\/lucas.eletro.71\" \/>\n<meta property=\"article:modified_time\" content=\"2026-04-15T12:36:06+00:00\" \/>\n<meta property=\"og:image\" content=\"https:\/\/lucaseletro.com.br\/wp-content\/uploads\/2026\/04\/sofa-retratil-parma-25-molas-ensacadas-frente.webp\" \/>\n\t<meta property=\"og:image:width\" content=\"1200\" \/>\n\t<meta property=\"og:image:height\" content=\"800\" \/>\n\t<meta property=\"og:image:type\" content=\"image\/webp\" \/>\n<meta name=\"twitter:card\" content=\"summary_large_image\" \/>\n<meta name=\"twitter:label1\" content=\"Pre\u00e7o\" \/>\n\t<meta name=\"twitter:data1\" content=\"&#082;&#036;3.299,00\" \/>\n\t<meta name=\"twitter:label2\" content=\"Disponibilidade\" \/>\n\t<meta name=\"twitter:data2\" content=\"Em Estoque\" \/>\n<script type=\"application\/ld+json\" class=\"yoast-schema-graph\">{\"@context\":\"https:\\\/\\\/schema.org\",\"@graph\":[{\"@type\":\"WebPage\",\"@id\":\"https:\\\/\\\/lucaseletro.com.br\\\/?product=sofa-retratil-parma-c-molas-ensacadas\",\"url\":\"https:\\\/\\\/lucaseletro.com.br\\\/?product=sofa-retratil-parma-c-molas-ensacadas\",\"name\":\"sofa retratil parma C\\\/molas ensacadas - Lucas Eletro\",\"isPartOf\":{\"@id\":\"https:\\\/\\\/lucaseletro.com.br\\\/#website\"},\"primaryImageOfPage\":{\"@id\":\"https:\\\/\\\/lucaseletro.com.br\\\/?product=sofa-retratil-parma-c-molas-ensacadas#primaryimage\"},\"image\":{\"@id\":\"https:\\\/\\\/lucaseletro.com.br\\\/?product=sofa-retratil-parma-c-molas-ensacadas#primaryimage\"},\"thumbnailUrl\":\"https:\\\/\\\/lucaseletro.com.br\\\/wp-content\\\/uploads\\\/2026\\\/04\\\/sofa-retratil-parma-25-molas-ensacadas-frente.webp\",\"datePublished\":\"2026-04-15T12:35:55+00:00\",\"dateModified\":\"2026-04-15T12:36:06+00:00\",\"breadcrumb\":{\"@id\":\"https:\\\/\\\/lucaseletro.com.br\\\/?product=sofa-retratil-parma-c-molas-ensacadas#breadcrumb\"},\"inLanguage\":\"pt-BR\",\"potentialAction\":[{\"@type\":\"ReadAction\",\"target\":[\"https:\\\/\\\/lucaseletro.com.br\\\/?product=sofa-retratil-parma-c-molas-ensacadas\"]}]},{\"@type\":\"ImageObject\",\"inLanguage\":\"pt-BR\",\"@id\":\"https:\\\/\\\/lucaseletro.com.br\\\/?product=sofa-retratil-parma-c-molas-ensacadas#primaryimage\",\"url\":\"https:\\\/\\\/lucaseletro.com.br\\\/wp-content\\\/uploads\\\/2026\\\/04\\\/sofa-retratil-parma-25-molas-ensacadas-frente.webp\",\"contentUrl\":\"https:\\\/\\\/lucaseletro.com.br\\\/wp-content\\\/uploads\\\/2026\\\/04\\\/sofa-retratil-parma-25-molas-ensacadas-frente.webp\",\"width\":1200,\"height\":800},{\"@type\":\"BreadcrumbList\",\"@id\":\"https:\\\/\\\/lucaseletro.com.br\\\/?product=sofa-retratil-parma-c-molas-ensacadas#breadcrumb\",\"itemListElement\":[{\"@type\":\"ListItem\",\"position\":1,\"name\":\"In\u00edcio\",\"item\":\"https:\\\/\\\/lucaseletro.com.br\\\/\"},{\"@type\":\"ListItem\",\"position\":2,\"name\":\"Loja\",\"item\":\"https:\\\/\\\/lucaseletro.com.br\\\/?page_id=11\"},{\"@type\":\"ListItem\",\"position\":3,\"name\":\"sofa retratil parma C\\\/molas ensacadas\"}]},{\"@type\":\"WebSite\",\"@id\":\"https:\\\/\\\/lucaseletro.com.br\\\/#website\",\"url\":\"https:\\\/\\\/lucaseletro.com.br\\\/\",\"name\":\"Lucas Eletro\",\"description\":\"Realizando seus sonhos\",\"publisher\":{\"@id\":\"https:\\\/\\\/lucaseletro.com.br\\\/#organization\"},\"alternateName\":\"Lucas Eletro\",\"potentialAction\":[{\"@type\":\"SearchAction\",\"target\":{\"@type\":\"EntryPoint\",\"urlTemplate\":\"https:\\\/\\\/lucaseletro.com.br\\\/?s={search_term_string}\"},\"query-input\":{\"@type\":\"PropertyValueSpecification\",\"valueRequired\":true,\"valueName\":\"search_term_string\"}}],\"inLanguage\":\"pt-BR\"},{\"@type\":\"Organization\",\"@id\":\"https:\\\/\\\/lucaseletro.com.br\\\/#organization\",\"name\":\"Lucas Eletro\",\"alternateName\":\"Lucas Eletro\",\"url\":\"https:\\\/\\\/lucaseletro.com.br\\\/\",\"logo\":{\"@type\":\"ImageObject\",\"inLanguage\":\"pt-BR\",\"@id\":\"https:\\\/\\\/lucaseletro.com.br\\\/#\\\/schema\\\/logo\\\/image\\\/\",\"url\":\"https:\\\/\\\/lucaseletro.com.br\\\/wp-content\\\/uploads\\\/2024\\\/08\\\/Logo-WebP.webp\",\"contentUrl\":\"https:\\\/\\\/lucaseletro.com.br\\\/wp-content\\\/uploads\\\/2024\\\/08\\\/Logo-WebP.webp\",\"width\":1366,\"height\":457,\"caption\":\"Lucas Eletro\"},\"image\":{\"@id\":\"https:\\\/\\\/lucaseletro.com.br\\\/#\\\/schema\\\/logo\\\/image\\\/\"},\"sameAs\":[\"https:\\\/\\\/www.facebook.com\\\/lucas.eletro.71\"]}]}<\/script>\n<meta property=\"product:price:amount\" content=\"3299.00\" \/>\n<meta property=\"product:price:currency\" content=\"BRL\" \/>\n<meta property=\"og:availability\" content=\"instock\" \/>\n<meta property=\"product:availability\" content=\"instock\" \/>\n<meta property=\"product:condition\" content=\"new\" \/>\n<!-- \/ Yoast SEO Premium plugin. -->","yoast_head_json":{"title":"sofa retratil parma C\/molas ensacadas - Lucas Eletro","robots":{"index":"index","follow":"follow","max-snippet":"max-snippet:-1","max-image-preview":"max-image-preview:large","max-video-preview":"max-video-preview:-1"},"canonical":"https:\/\/lucaseletro.com.br\/?product=sofa-retratil-parma-c-molas-ensacadas","og_locale":"pt_BR","og_type":"article","og_title":"sofa retratil parma C\/molas ensacadas - &#82;&#36;3.299,00 - Lucas Eletro","og_description":"Este modelo \u00e9 ideal para salas de TV, focado em quem busca resist\u00eancia e conforto \"aconchegante\" devido \u00e0 tecnologia de molas ensacadas que evita a deforma\u00e7\u00e3o r\u00e1pida e proporciona suporte individualizado","og_url":"https:\/\/lucaseletro.com.br\/?product=sofa-retratil-parma-c-molas-ensacadas","og_site_name":"Lucas Eletro","article_publisher":"https:\/\/www.facebook.com\/lucas.eletro.71","article_modified_time":"2026-04-15T12:36:06+00:00","og_image":[{"width":1200,"height":800,"url":"https:\/\/lucaseletro.com.br\/wp-content\/uploads\/2026\/04\/sofa-retratil-parma-25-molas-ensacadas-frente.webp","type":"image\/webp"}],"twitter_card":"summary_large_image","twitter_misc":{"Pre\u00e7o":"&#82;&#36;3.299,00","Disponibilidade":"Em Estoque"},"schema":{"@context":"https:\/\/schema.org","@graph":[{"@type":"WebPage","@id":"https:\/\/lucaseletro.com.br\/?product=sofa-retratil-parma-c-molas-ensacadas","url":"https:\/\/lucaseletro.com.br\/?product=sofa-retratil-parma-c-molas-ensacadas","name":"sofa retratil parma C\/molas ensacadas - Lucas Eletro","isPartOf":{"@id":"https:\/\/lucaseletro.com.br\/#website"},"primaryImageOfPage":{"@id":"https:\/\/lucaseletro.com.br\/?product=sofa-retratil-parma-c-molas-ensacadas#primaryimage"},"image":{"@id":"https:\/\/lucaseletro.com.br\/?product=sofa-retratil-parma-c-molas-ensacadas#primaryimage"},"thumbnailUrl":"https:\/\/lucaseletro.com.br\/wp-content\/uploads\/2026\/04\/sofa-retratil-parma-25-molas-ensacadas-frente.webp","datePublished":"2026-04-15T12:35:55+00:00","dateModified":"2026-04-15T12:36:06+00:00","breadcrumb":{"@id":"https:\/\/lucaseletro.com.br\/?product=sofa-retratil-parma-c-molas-ensacadas#breadcrumb"},"inLanguage":"pt-BR","potentialAction":[{"@type":"ReadAction","target":["https:\/\/lucaseletro.com.br\/?product=sofa-retratil-parma-c-molas-ensacadas"]}]},{"@type":"ImageObject","inLanguage":"pt-BR","@id":"https:\/\/lucaseletro.com.br\/?product=sofa-retratil-parma-c-molas-ensacadas#primaryimage","url":"https:\/\/lucaseletro.com.br\/wp-content\/uploads\/2026\/04\/sofa-retratil-parma-25-molas-ensacadas-frente.webp","contentUrl":"https:\/\/lucaseletro.com.br\/wp-content\/uploads\/2026\/04\/sofa-retratil-parma-25-molas-ensacadas-frente.webp","width":1200,"height":800},{"@type":"BreadcrumbList","@id":"https:\/\/lucaseletro.com.br\/?product=sofa-retratil-parma-c-molas-ensacadas#breadcrumb","itemListElement":[{"@type":"ListItem","position":1,"name":"In\u00edcio","item":"https:\/\/lucaseletro.com.br\/"},{"@type":"ListItem","position":2,"name":"Loja","item":"https:\/\/lucaseletro.com.br\/?page_id=11"},{"@type":"ListItem","position":3,"name":"sofa retratil parma C\/molas ensacadas"}]},{"@type":"WebSite","@id":"https:\/\/lucaseletro.com.br\/#website","url":"https:\/\/lucaseletro.com.br\/","name":"Lucas Eletro","description":"Realizando seus sonhos","publisher":{"@id":"https:\/\/lucaseletro.com.br\/#organization"},"alternateName":"Lucas Eletro","potentialAction":[{"@type":"SearchAction","target":{"@type":"EntryPoint","urlTemplate":"https:\/\/lucaseletro.com.br\/?s={search_term_string}"},"query-input":{"@type":"PropertyValueSpecification","valueRequired":true,"valueName":"search_term_string"}}],"inLanguage":"pt-BR"},{"@type":"Organization","@id":"https:\/\/lucaseletro.com.br\/#organization","name":"Lucas Eletro","alternateName":"Lucas Eletro","url":"https:\/\/lucaseletro.com.br\/","logo":{"@type":"ImageObject","inLanguage":"pt-BR","@id":"https:\/\/lucaseletro.com.br\/#\/schema\/logo\/image\/","url":"https:\/\/lucaseletro.com.br\/wp-content\/uploads\/2024\/08\/Logo-WebP.webp","contentUrl":"https:\/\/lucaseletro.com.br\/wp-content\/uploads\/2024\/08\/Logo-WebP.webp","width":1366,"height":457,"caption":"Lucas Eletro"},"image":{"@id":"https:\/\/lucaseletro.com.br\/#\/schema\/logo\/image\/"},"sameAs":["https:\/\/www.facebook.com\/lucas.eletro.71"]}]},"product_price_amount":"3299.00","product_price_currency":"BRL","og_availability":"instock","product_availability":"instock","product_condition":"new"},"_links":{"self":[{"href":"https:\/\/lucaseletro.com.br\/index.php?rest_route=\/wp\/v2\/product\/4859","targetHints":{"allow":["GET"]}}],"collection":[{"href":"https:\/\/lucaseletro.com.br\/index.php?rest_route=\/wp\/v2\/product"}],"about":[{"href":"https:\/\/lucaseletro.com.br\/index.php?rest_route=\/wp\/v2\/types\/product"}],"replies":[{"embeddable":true,"href":"https:\/\/lucaseletro.com.br\/index.php?rest_route=%2Fwp%2Fv2%2Fcomments&post=4859"}],"wp:featuredmedia":[{"embeddable":true,"href":"https:\/\/lucaseletro.com.br\/index.php?rest_route=\/wp\/v2\/media\/4860"}],"wp:attachment":[{"href":"https:\/\/lucaseletro.com.br\/index.php?rest_route=%2Fwp%2Fv2%2Fmedia&parent=4859"}],"wp:term":[{"taxonomy":"product_brand","embeddable":true,"href":"https:\/\/lucaseletro.com.br\/index.php?rest_route=%2Fwp%2Fv2%2Fproduct_brand&post=4859"},{"taxonomy":"product_cat","embeddable":true,"href":"https:\/\/lucaseletro.com.br\/index.php?rest_route=%2Fwp%2Fv2%2Fproduct_cat&post=4859"},{"taxonomy":"product_tag","embeddable":true,"href":"https:\/\/lucaseletro.com.br\/index.php?rest_route=%2Fwp%2Fv2%2Fproduct_tag&post=4859"}],"curies":[{"name":"wp","href":"https:\/\/api.w.org\/{rel}","templated":true}]}}