{"id":839,"date":"2024-07-30T16:51:46","date_gmt":"2024-07-30T19:51:46","guid":{"rendered":"https:\/\/lucaseletro.com.br\/product\/colchao-gazin-molas-dual-face-molejo-198x58-al27\/"},"modified":"2025-08-28T07:51:38","modified_gmt":"2025-08-28T10:51:38","slug":"colchao-gazin-molas-dual-face-molejo-198x58-al27","status":"publish","type":"product","link":"https:\/\/lucaseletro.com.br\/?product=colchao-gazin-molas-dual-face-molejo-198x58-al27","title":{"rendered":"COLCHAO GAZIN COMPOSTO SONOPROMAX 188X88X18"},"content":{"rendered":"<div class=\"sc-iGgWBj hZQAA-D sc-ffNNoV fQykGN\" data-testid=\"product-detail\">\n<h2 class=\"sc-dcJsrY iVJGKX\" data-testid=\"product-detail-label\">Informa\u00e7\u00f5es do Produto<\/h2>\n<p><span class=\"sc-dcJsrY jZKEso\" data-testid=\"product-detail-title\">Colch\u00e3o Solteiro Composto Densidade 60 Sonopro 0,88&#215;1,88&#215;0,18 Gazin<\/span><\/p>\n<div class=\"sc-iGgWBj jEOEJZ sc-ddrdZi byFCyB\" data-testid=\"product-detail-description\">\n<div class=\"sc-iGgWBj eWtIHQ sc-kcgnCw gPNwvu\" data-testid=\"rich-content-container\">Mais um grande sucesso da marca Gazin, tamb\u00e9m estar\u00e1 presente na cole\u00e7\u00e3o Sonopro. Esse modelo traz consigo a jun\u00e7\u00e3o de requinte absoluto aliado ao conforto al\u00e9m do convencional, proporcionando noites de sono sempre tranquilas. Um dos modelos que vai levar mais qualidade de vida pra dentro da sua casa.<br \/>\nCom Revestimento superior em tecido em plano, que n\u00e3o e propenso ao acumulo de poeira e mat\u00e9rias org\u00e2nico, al\u00e9m de ser de f\u00e1cil higieniza\u00e7\u00e3o.<\/p>\n<p>Aten\u00e7\u00e3o:<br \/>\n* Imagens meramente ilustrativas.<br \/>\nMODELO: SONOPRO<\/p>\n<p>Matelass\u00ea: Tecido Plano<\/p>\n<p>Manta: D28<\/p>\n<p>Manta: Aglomerado<\/p>\n<p>Peso suportado: 150kg<\/p>\n<p>Dimens\u00f5es do produto:<br \/>\nAltura: 18 cm<br \/>\nLargura: 88 cm<br \/>\nProfundidade: 188 cm<br \/>\nPeso: 12 kg<\/p>\n<p>Garantia: 12 meses<\/p><\/div>\n<\/div>\n<\/div>\n<div class=\"sc-iGgWBj eWtIHQ\" data-testid=\"lazyload-container\">\n<div class=\"sc-bpUBKd iMekvN\" data-testid=\"mod-o\"><\/div>\n<\/div>\n<div class=\"sc-iGgWBj hODtov sc-lkkHPy ccsMKd\">\n<table class=\"sc-iGgWBj iCEidV sc-bStcSt emFJXX\">\n<tbody>\n<tr>\n<td class=\"sc-iaJaUu jUTMlm\">Modelo<\/td>\n<td class=\"sc-feoqov jEebvX\">\n<table class=\"sc-dOoqMo iwSfwR\">\n<tbody>\n<tr>\n<td>SONOPRO 0,88<\/td>\n<\/tr>\n<\/tbody>\n<\/table>\n<\/td>\n<\/tr>\n<tr>\n<td class=\"sc-iaJaUu jUTMlm\">Garantia<\/td>\n<td class=\"sc-feoqov jEebvX\">\n<table class=\"sc-dOoqMo iwSfwR\">\n<tbody>\n<tr>\n<td>12 meses<\/td>\n<\/tr>\n<\/tbody>\n<\/table>\n<\/td>\n<\/tr>\n<tr>\n<td class=\"sc-iaJaUu jUTMlm\">Produto<\/td>\n<td class=\"sc-feoqov jEebvX\">\n<table class=\"sc-dOoqMo iwSfwR\">\n<tbody>\n<tr>\n<td>Colch\u00e3o<\/td>\n<\/tr>\n<\/tbody>\n<\/table>\n<\/td>\n<\/tr>\n<tr>\n<td class=\"sc-iaJaUu jUTMlm\">Estrutura do Colch\u00e3o<\/td>\n<td class=\"sc-feoqov jEebvX\">\n<table class=\"sc-dOoqMo iwSfwR\">\n<tbody>\n<tr>\n<td>Espuma<\/td>\n<\/tr>\n<\/tbody>\n<\/table>\n<\/td>\n<\/tr>\n<tr>\n<td class=\"sc-iaJaUu jUTMlm\">Classifica\u00e7\u00e3o do Colch\u00e3o<\/td>\n<td class=\"sc-feoqov jEebvX\">\n<table class=\"sc-dOoqMo iwSfwR\">\n<tbody>\n<tr>\n<td>Solteiro<\/td>\n<\/tr>\n<\/tbody>\n<\/table>\n<\/td>\n<\/tr>\n<tr>\n<td class=\"sc-iaJaUu jUTMlm\">Tipo do Colch\u00e3o<\/td>\n<td class=\"sc-feoqov jEebvX\">\n<table class=\"sc-dOoqMo iwSfwR\">\n<tbody>\n<tr>\n<td>Solteir\u00e3o<\/td>\n<\/tr>\n<\/tbody>\n<\/table>\n<\/td>\n<\/tr>\n<tr>\n<td class=\"sc-iaJaUu jUTMlm\">Informa\u00e7\u00f5es complementares<\/td>\n<td class=\"sc-feoqov jEebvX\">\n<table class=\"sc-dOoqMo iwSfwR\">\n<tbody>\n<tr>\n<td class=\"sc-gVJvzJ gJVWHr\">Altura<\/td>\n<td>18 cm<\/td>\n<\/tr>\n<tr>\n<td class=\"sc-gVJvzJ gJVWHr\">Cor<\/td>\n<td>Marrom<\/td>\n<\/tr>\n<tr>\n<td class=\"sc-gVJvzJ gJVWHr\">Densidade<\/td>\n<td>60<\/td>\n<\/tr>\n<tr>\n<td class=\"sc-gVJvzJ gJVWHr\">Dimens\u00f5es do Produto<\/td>\n<td>Altura: 18 cm Largura: 88 cm Profundidade: 188 cm<\/td>\n<\/tr>\n<tr>\n<td class=\"sc-gVJvzJ gJVWHr\">Largura x Profundidade<\/td>\n<td>88&#215;188<\/td>\n<\/tr>\n<tr>\n<td class=\"sc-gVJvzJ gJVWHr\">Linha<\/td>\n<td>Sonopro<\/td>\n<\/tr>\n<tr>\n<td class=\"sc-gVJvzJ gJVWHr\">Marca<\/td>\n<td><a class=\"sc-JrDLc gkEUmz sc-DWsrX gaOyIa sc-DWsrX gaOyIa\" href=\"https:\/\/www.magazineluiza.com.br\/marcas\/gazin\/\" data-testid=\"link\">Gazin<\/a><\/td>\n<\/tr>\n<tr>\n<td class=\"sc-gVJvzJ gJVWHr\">Modelo<\/td>\n<td>SONOPRO<\/td>\n<\/tr>\n<tr>\n<td class=\"sc-gVJvzJ gJVWHr\">Peso do Produto<\/td>\n<td>12 kg<\/td>\n<\/tr>\n<tr>\n<td class=\"sc-gVJvzJ gJVWHr\">Prazo de Garantia<\/td>\n<td>12 meses<\/td>\n<\/tr>\n<tr>\n<td class=\"sc-gVJvzJ gJVWHr\">Tamanho<\/td>\n<td>Solteiro<\/td>\n<\/tr>\n<tr>\n<td class=\"sc-gVJvzJ gJVWHr\">Tamanho do Colch\u00e3o<\/td>\n<td>Solteiro<\/td>\n<\/tr>\n<tr>\n<td class=\"sc-gVJvzJ gJVWHr\">Tecido<\/td>\n<td>Plano<\/td>\n<\/tr>\n<\/tbody>\n<\/table>\n<\/td>\n<\/tr>\n<\/tbody>\n<\/table>\n<\/div>\n","protected":false},"excerpt":{"rendered":"<div class=\"sc-iGgWBj hZQAA-D sc-ffNNoV fQykGN\" data-testid=\"product-detail\">\n<h2 class=\"sc-dcJsrY iVJGKX\" data-testid=\"product-detail-label\">Informa\u00e7\u00f5es do Produto<\/h2>\n<p><span class=\"sc-dcJsrY jZKEso\" data-testid=\"product-detail-title\">Colch\u00e3o Solteiro Composto Densidade 60 Sonopro 0,88&#215;1,88&#215;0,18 Gazin<\/span><\/p>\n<div class=\"sc-iGgWBj jEOEJZ sc-ddrdZi byFCyB\" data-testid=\"product-detail-description\">\n<div class=\"sc-iGgWBj eWtIHQ sc-kcgnCw gPNwvu\" data-testid=\"rich-content-container\">Mais um grande sucesso da marca Gazin, tamb\u00e9m estar\u00e1 presente na cole\u00e7\u00e3o Sonopro. Esse modelo traz consigo a jun\u00e7\u00e3o de requinte absoluto aliado ao conforto al\u00e9m do convencional, proporcionando noites de sono sempre tranquilas. Um dos modelos que vai levar mais qualidade de vida pra dentro da sua casa.<br \/>\nCom Revestimento superior em tecido em plano, que n\u00e3o e propenso ao acumulo de poeira e mat\u00e9rias org\u00e2nico, al\u00e9m de ser de f\u00e1cil higieniza\u00e7\u00e3o.<\/p>\n<p>Aten\u00e7\u00e3o:<br \/>\n* Imagens meramente ilustrativas.<br \/>\nMODELO: SONOPRO<\/p>\n<p>Matelass\u00ea: Tecido Plano<\/p>\n<p>Manta: D28<\/p>\n<p>Manta: Aglomerado<\/p>\n<p>Peso suportado: 150kg<\/p>\n<p>Dimens\u00f5es do produto:<br \/>\nAltura: 18 cm<br \/>\nLargura: 88 cm<br \/>\nProfundidade: 188 cm<br \/>\nPeso: 12 kg<\/p>\n<p>Garantia: 12 meses<\/p><\/div>\n<\/div>\n<\/div>\n<div class=\"sc-iGgWBj eWtIHQ\" data-testid=\"lazyload-container\">\n<div class=\"sc-bpUBKd iMekvN\" data-testid=\"mod-o\"><\/div>\n<\/div>\n<div class=\"sc-iGgWBj hODtov sc-lkkHPy ccsMKd\">\n<table class=\"sc-iGgWBj iCEidV sc-bStcSt emFJXX\">\n<tbody>\n<tr>\n<td class=\"sc-iaJaUu jUTMlm\">Modelo<\/td>\n<td class=\"sc-feoqov jEebvX\">\n<table class=\"sc-dOoqMo iwSfwR\">\n<tbody>\n<tr>\n<td>SONOPRO 0,88<\/td>\n<\/tr>\n<\/tbody>\n<\/table>\n<\/td>\n<\/tr>\n<tr>\n<td class=\"sc-iaJaUu jUTMlm\">Garantia<\/td>\n<td class=\"sc-feoqov jEebvX\">\n<table class=\"sc-dOoqMo iwSfwR\">\n<tbody>\n<tr>\n<td>12 meses<\/td>\n<\/tr>\n<\/tbody>\n<\/table>\n<\/td>\n<\/tr>\n<tr>\n<td class=\"sc-iaJaUu jUTMlm\">Produto<\/td>\n<td class=\"sc-feoqov jEebvX\">\n<table class=\"sc-dOoqMo iwSfwR\">\n<tbody>\n<tr>\n<td>Colch\u00e3o<\/td>\n<\/tr>\n<\/tbody>\n<\/table>\n<\/td>\n<\/tr>\n<tr>\n<td class=\"sc-iaJaUu jUTMlm\">Estrutura do Colch\u00e3o<\/td>\n<td class=\"sc-feoqov jEebvX\">\n<table class=\"sc-dOoqMo iwSfwR\">\n<tbody>\n<tr>\n<td>Espuma<\/td>\n<\/tr>\n<\/tbody>\n<\/table>\n<\/td>\n<\/tr>\n<tr>\n<td class=\"sc-iaJaUu jUTMlm\">Classifica\u00e7\u00e3o do Colch\u00e3o<\/td>\n<td class=\"sc-feoqov jEebvX\">\n<table class=\"sc-dOoqMo iwSfwR\">\n<tbody>\n<tr>\n<td>Solteiro<\/td>\n<\/tr>\n<\/tbody>\n<\/table>\n<\/td>\n<\/tr>\n<tr>\n<td class=\"sc-iaJaUu jUTMlm\">Tipo do Colch\u00e3o<\/td>\n<td class=\"sc-feoqov jEebvX\">\n<table class=\"sc-dOoqMo iwSfwR\">\n<tbody>\n<tr>\n<td>Solteir\u00e3o<\/td>\n<\/tr>\n<\/tbody>\n<\/table>\n<\/td>\n<\/tr>\n<tr>\n<td class=\"sc-iaJaUu jUTMlm\">Informa\u00e7\u00f5es complementares<\/td>\n<td class=\"sc-feoqov jEebvX\">\n<table class=\"sc-dOoqMo iwSfwR\">\n<tbody>\n<tr>\n<td class=\"sc-gVJvzJ gJVWHr\">Altura<\/td>\n<td>18 cm<\/td>\n<\/tr>\n<tr>\n<td class=\"sc-gVJvzJ gJVWHr\">Cor<\/td>\n<td>Marrom<\/td>\n<\/tr>\n<tr>\n<td class=\"sc-gVJvzJ gJVWHr\">Densidade<\/td>\n<td>60<\/td>\n<\/tr>\n<tr>\n<td class=\"sc-gVJvzJ gJVWHr\">Dimens\u00f5es do Produto<\/td>\n<td>Altura: 18 cm Largura: 88 cm Profundidade: 188 cm<\/td>\n<\/tr>\n<tr>\n<td class=\"sc-gVJvzJ gJVWHr\">Largura x Profundidade<\/td>\n<td>88&#215;188<\/td>\n<\/tr>\n<tr>\n<td class=\"sc-gVJvzJ gJVWHr\">Linha<\/td>\n<td>Sonopro<\/td>\n<\/tr>\n<tr>\n<td class=\"sc-gVJvzJ gJVWHr\">Marca<\/td>\n<td><a class=\"sc-JrDLc gkEUmz sc-DWsrX gaOyIa sc-DWsrX gaOyIa\" href=\"https:\/\/www.magazineluiza.com.br\/marcas\/gazin\/\" data-testid=\"link\">Gazin<\/a><\/td>\n<\/tr>\n<tr>\n<td class=\"sc-gVJvzJ gJVWHr\">Modelo<\/td>\n<td>SONOPRO<\/td>\n<\/tr>\n<tr>\n<td class=\"sc-gVJvzJ gJVWHr\">Peso do Produto<\/td>\n<td>12 kg<\/td>\n<\/tr>\n<tr>\n<td class=\"sc-gVJvzJ gJVWHr\">Prazo de Garantia<\/td>\n<td>12 meses<\/td>\n<\/tr>\n<tr>\n<td class=\"sc-gVJvzJ gJVWHr\">Tamanho<\/td>\n<td>Solteiro<\/td>\n<\/tr>\n<tr>\n<td class=\"sc-gVJvzJ gJVWHr\">Tamanho do Colch\u00e3o<\/td>\n<td>Solteiro<\/td>\n<\/tr>\n<tr>\n<td class=\"sc-gVJvzJ gJVWHr\">Tecido<\/td>\n<td>Plano<\/td>\n<\/tr>\n<\/tbody>\n<\/table>\n<\/td>\n<\/tr>\n<\/tbody>\n<\/table>\n<\/div>\n","protected":false},"featured_media":4321,"comment_status":"open","ping_status":"closed","template":"","meta":[],"product_brand":[],"product_cat":[82,78],"product_tag":[],"class_list":{"0":"post-839","1":"product","2":"type-product","3":"status-publish","4":"has-post-thumbnail","6":"product_cat-colchoes","7":"product_cat-quartos","9":"first","10":"instock","11":"shipping-taxable","12":"purchasable","13":"product-type-simple"},"yoast_head":"<!-- This site is optimized with the Yoast SEO Premium plugin v23.3 (Yoast SEO v27.5) - https:\/\/yoast.com\/product\/yoast-seo-premium-wordpress\/ -->\n<title>COLCHAO GAZIN COMPOSTO SONOPROMAX 188X88X18 - Lucas Eletro<\/title>\n<meta name=\"description\" content=\"COLCHAO GAZIN COMPOSTO SONOPROMAX 188X88X18\" \/>\n<meta name=\"robots\" content=\"index, follow, max-snippet:-1, max-image-preview:large, max-video-preview:-1\" \/>\n<link rel=\"canonical\" href=\"https:\/\/lucaseletro.com.br\/?product=colchao-gazin-molas-dual-face-molejo-198x58-al27\" \/>\n<meta property=\"og:locale\" content=\"pt_BR\" \/>\n<meta property=\"og:type\" content=\"article\" \/>\n<meta property=\"og:title\" content=\"COLCHAO GAZIN COMPOSTO SONOPROMAX 188X88X18 - &#082;&#036;699,00 - Lucas Eletro\" \/>\n<meta property=\"og:description\" content=\"Informa\u00e7\u00f5es do Produto Colch\u00e3o Solteiro Composto Densidade 60 Sonopro 0,88x1,88x0,18 Gazin  Mais um grande sucesso da marca Gazin, tamb\u00e9m estar\u00e1 presente na cole\u00e7\u00e3o Sonopro. Esse modelo traz consigo a jun\u00e7\u00e3o de requinte absoluto aliado ao conforto al\u00e9m do convencional, proporcionando noites de sono sempre tranquilas. Um dos modelos que vai levar mais qualidade de vida pra dentro da sua casa. Com Revestimento superior em tecido em plano, que n\u00e3o e propenso ao acumulo de poeira e mat\u00e9rias org\u00e2nico, al\u00e9m de ser de f\u00e1cil higieniza\u00e7\u00e3o.  Aten\u00e7\u00e3o: * Imagens meramente ilustrativas. MODELO: SONOPRO  Matelass\u00ea: Tecido Plano  Manta: D28  Manta: Aglomerado  Peso suportado: 150kg  Dimens\u00f5es do produto: Altura: 18 cm Largura: 88 cm Profundidade: 188 cm Peso: 12 kg  Garantia: 12 meses          Modelo     SONOPRO 0,88       Garantia     12 meses       Produto     Colch\u00e3o       Estrutura do Colch\u00e3o     Espuma       Classifica\u00e7\u00e3o do Colch\u00e3o     Solteiro       Tipo do Colch\u00e3o     Solteir\u00e3o       Informa\u00e7\u00f5es complementares     Altura 18 cm   Cor Marrom   Densidade 60   Dimens\u00f5es do Produto Altura: 18 cm Largura: 88 cm Profundidade: 188 cm   Largura x Profundidade 88x188   Linha Sonopro   Marca Gazin   Modelo SONOPRO   Peso do Produto 12 kg   Prazo de Garantia 12 meses   Tamanho Solteiro   Tamanho do Colch\u00e3o Solteiro   Tecido Plano\" \/>\n<meta property=\"og:url\" content=\"https:\/\/lucaseletro.com.br\/?product=colchao-gazin-molas-dual-face-molejo-198x58-al27\" \/>\n<meta property=\"og:site_name\" content=\"Lucas Eletro\" \/>\n<meta property=\"article:publisher\" content=\"https:\/\/www.facebook.com\/lucas.eletro.71\" \/>\n<meta property=\"article:modified_time\" content=\"2025-08-28T10:51:38+00:00\" \/>\n<meta property=\"og:image\" content=\"https:\/\/lucaseletro.com.br\/wp-content\/uploads\/2024\/07\/9e2829902afa314af5cff59503448b6a.webp\" \/>\n\t<meta property=\"og:image:width\" content=\"560\" \/>\n\t<meta property=\"og:image:height\" content=\"560\" \/>\n\t<meta property=\"og:image:type\" content=\"image\/webp\" \/>\n<meta name=\"twitter:card\" content=\"summary_large_image\" \/>\n<meta name=\"twitter:label1\" content=\"Pre\u00e7o\" \/>\n\t<meta name=\"twitter:data1\" content=\"&#082;&#036;699,00\" \/>\n\t<meta name=\"twitter:label2\" content=\"Disponibilidade\" \/>\n\t<meta name=\"twitter:data2\" content=\"Em Estoque\" \/>\n<script type=\"application\/ld+json\" class=\"yoast-schema-graph\">{\"@context\":\"https:\\\/\\\/schema.org\",\"@graph\":[{\"@type\":\"WebPage\",\"@id\":\"https:\\\/\\\/lucaseletro.com.br\\\/?product=colchao-gazin-molas-dual-face-molejo-198x58-al27\",\"url\":\"https:\\\/\\\/lucaseletro.com.br\\\/?product=colchao-gazin-molas-dual-face-molejo-198x58-al27\",\"name\":\"COLCHAO GAZIN COMPOSTO SONOPROMAX 188X88X18 - Lucas Eletro\",\"isPartOf\":{\"@id\":\"https:\\\/\\\/lucaseletro.com.br\\\/#website\"},\"primaryImageOfPage\":{\"@id\":\"https:\\\/\\\/lucaseletro.com.br\\\/?product=colchao-gazin-molas-dual-face-molejo-198x58-al27#primaryimage\"},\"image\":{\"@id\":\"https:\\\/\\\/lucaseletro.com.br\\\/?product=colchao-gazin-molas-dual-face-molejo-198x58-al27#primaryimage\"},\"thumbnailUrl\":\"https:\\\/\\\/lucaseletro.com.br\\\/wp-content\\\/uploads\\\/2024\\\/07\\\/9e2829902afa314af5cff59503448b6a.webp\",\"datePublished\":\"2024-07-30T19:51:46+00:00\",\"dateModified\":\"2025-08-28T10:51:38+00:00\",\"description\":\"COLCHAO GAZIN COMPOSTO SONOPROMAX 188X88X18\",\"breadcrumb\":{\"@id\":\"https:\\\/\\\/lucaseletro.com.br\\\/?product=colchao-gazin-molas-dual-face-molejo-198x58-al27#breadcrumb\"},\"inLanguage\":\"pt-BR\",\"potentialAction\":[{\"@type\":\"ReadAction\",\"target\":[\"https:\\\/\\\/lucaseletro.com.br\\\/?product=colchao-gazin-molas-dual-face-molejo-198x58-al27\"]}]},{\"@type\":\"ImageObject\",\"inLanguage\":\"pt-BR\",\"@id\":\"https:\\\/\\\/lucaseletro.com.br\\\/?product=colchao-gazin-molas-dual-face-molejo-198x58-al27#primaryimage\",\"url\":\"https:\\\/\\\/lucaseletro.com.br\\\/wp-content\\\/uploads\\\/2024\\\/07\\\/9e2829902afa314af5cff59503448b6a.webp\",\"contentUrl\":\"https:\\\/\\\/lucaseletro.com.br\\\/wp-content\\\/uploads\\\/2024\\\/07\\\/9e2829902afa314af5cff59503448b6a.webp\",\"width\":560,\"height\":560},{\"@type\":\"BreadcrumbList\",\"@id\":\"https:\\\/\\\/lucaseletro.com.br\\\/?product=colchao-gazin-molas-dual-face-molejo-198x58-al27#breadcrumb\",\"itemListElement\":[{\"@type\":\"ListItem\",\"position\":1,\"name\":\"In\u00edcio\",\"item\":\"https:\\\/\\\/lucaseletro.com.br\\\/\"},{\"@type\":\"ListItem\",\"position\":2,\"name\":\"Loja\",\"item\":\"https:\\\/\\\/lucaseletro.com.br\\\/?page_id=11\"},{\"@type\":\"ListItem\",\"position\":3,\"name\":\"COLCHAO GAZIN COMPOSTO SONOPROMAX 188X88X18\"}]},{\"@type\":\"WebSite\",\"@id\":\"https:\\\/\\\/lucaseletro.com.br\\\/#website\",\"url\":\"https:\\\/\\\/lucaseletro.com.br\\\/\",\"name\":\"Lucas Eletro\",\"description\":\"Realizando seus sonhos\",\"publisher\":{\"@id\":\"https:\\\/\\\/lucaseletro.com.br\\\/#organization\"},\"alternateName\":\"Lucas Eletro\",\"potentialAction\":[{\"@type\":\"SearchAction\",\"target\":{\"@type\":\"EntryPoint\",\"urlTemplate\":\"https:\\\/\\\/lucaseletro.com.br\\\/?s={search_term_string}\"},\"query-input\":{\"@type\":\"PropertyValueSpecification\",\"valueRequired\":true,\"valueName\":\"search_term_string\"}}],\"inLanguage\":\"pt-BR\"},{\"@type\":\"Organization\",\"@id\":\"https:\\\/\\\/lucaseletro.com.br\\\/#organization\",\"name\":\"Lucas Eletro\",\"alternateName\":\"Lucas Eletro\",\"url\":\"https:\\\/\\\/lucaseletro.com.br\\\/\",\"logo\":{\"@type\":\"ImageObject\",\"inLanguage\":\"pt-BR\",\"@id\":\"https:\\\/\\\/lucaseletro.com.br\\\/#\\\/schema\\\/logo\\\/image\\\/\",\"url\":\"https:\\\/\\\/lucaseletro.com.br\\\/wp-content\\\/uploads\\\/2024\\\/08\\\/Logo-WebP.webp\",\"contentUrl\":\"https:\\\/\\\/lucaseletro.com.br\\\/wp-content\\\/uploads\\\/2024\\\/08\\\/Logo-WebP.webp\",\"width\":1366,\"height\":457,\"caption\":\"Lucas Eletro\"},\"image\":{\"@id\":\"https:\\\/\\\/lucaseletro.com.br\\\/#\\\/schema\\\/logo\\\/image\\\/\"},\"sameAs\":[\"https:\\\/\\\/www.facebook.com\\\/lucas.eletro.71\"]}]}<\/script>\n<meta property=\"product:price:amount\" content=\"699.00\" \/>\n<meta property=\"product:price:currency\" content=\"BRL\" \/>\n<meta property=\"og:availability\" content=\"instock\" \/>\n<meta property=\"product:availability\" content=\"instock\" \/>\n<meta property=\"product:condition\" content=\"new\" \/>\n<!-- \/ Yoast SEO Premium plugin. -->","yoast_head_json":{"title":"COLCHAO GAZIN COMPOSTO SONOPROMAX 188X88X18 - Lucas Eletro","description":"COLCHAO GAZIN COMPOSTO SONOPROMAX 188X88X18","robots":{"index":"index","follow":"follow","max-snippet":"max-snippet:-1","max-image-preview":"max-image-preview:large","max-video-preview":"max-video-preview:-1"},"canonical":"https:\/\/lucaseletro.com.br\/?product=colchao-gazin-molas-dual-face-molejo-198x58-al27","og_locale":"pt_BR","og_type":"article","og_title":"COLCHAO GAZIN COMPOSTO SONOPROMAX 188X88X18 - &#82;&#36;699,00 - Lucas Eletro","og_description":"Informa\u00e7\u00f5es do Produto Colch\u00e3o Solteiro Composto Densidade 60 Sonopro 0,88x1,88x0,18 Gazin  Mais um grande sucesso da marca Gazin, tamb\u00e9m estar\u00e1 presente na cole\u00e7\u00e3o Sonopro. Esse modelo traz consigo a jun\u00e7\u00e3o de requinte absoluto aliado ao conforto al\u00e9m do convencional, proporcionando noites de sono sempre tranquilas. Um dos modelos que vai levar mais qualidade de vida pra dentro da sua casa. Com Revestimento superior em tecido em plano, que n\u00e3o e propenso ao acumulo de poeira e mat\u00e9rias org\u00e2nico, al\u00e9m de ser de f\u00e1cil higieniza\u00e7\u00e3o.  Aten\u00e7\u00e3o: * Imagens meramente ilustrativas. MODELO: SONOPRO  Matelass\u00ea: Tecido Plano  Manta: D28  Manta: Aglomerado  Peso suportado: 150kg  Dimens\u00f5es do produto: Altura: 18 cm Largura: 88 cm Profundidade: 188 cm Peso: 12 kg  Garantia: 12 meses          Modelo     SONOPRO 0,88       Garantia     12 meses       Produto     Colch\u00e3o       Estrutura do Colch\u00e3o     Espuma       Classifica\u00e7\u00e3o do Colch\u00e3o     Solteiro       Tipo do Colch\u00e3o     Solteir\u00e3o       Informa\u00e7\u00f5es complementares     Altura 18 cm   Cor Marrom   Densidade 60   Dimens\u00f5es do Produto Altura: 18 cm Largura: 88 cm Profundidade: 188 cm   Largura x Profundidade 88x188   Linha Sonopro   Marca Gazin   Modelo SONOPRO   Peso do Produto 12 kg   Prazo de Garantia 12 meses   Tamanho Solteiro   Tamanho do Colch\u00e3o Solteiro   Tecido Plano","og_url":"https:\/\/lucaseletro.com.br\/?product=colchao-gazin-molas-dual-face-molejo-198x58-al27","og_site_name":"Lucas Eletro","article_publisher":"https:\/\/www.facebook.com\/lucas.eletro.71","article_modified_time":"2025-08-28T10:51:38+00:00","og_image":[{"width":560,"height":560,"url":"https:\/\/lucaseletro.com.br\/wp-content\/uploads\/2024\/07\/9e2829902afa314af5cff59503448b6a.webp","type":"image\/webp"}],"twitter_card":"summary_large_image","twitter_misc":{"Pre\u00e7o":"&#82;&#36;699,00","Disponibilidade":"Em Estoque"},"schema":{"@context":"https:\/\/schema.org","@graph":[{"@type":"WebPage","@id":"https:\/\/lucaseletro.com.br\/?product=colchao-gazin-molas-dual-face-molejo-198x58-al27","url":"https:\/\/lucaseletro.com.br\/?product=colchao-gazin-molas-dual-face-molejo-198x58-al27","name":"COLCHAO GAZIN COMPOSTO SONOPROMAX 188X88X18 - Lucas Eletro","isPartOf":{"@id":"https:\/\/lucaseletro.com.br\/#website"},"primaryImageOfPage":{"@id":"https:\/\/lucaseletro.com.br\/?product=colchao-gazin-molas-dual-face-molejo-198x58-al27#primaryimage"},"image":{"@id":"https:\/\/lucaseletro.com.br\/?product=colchao-gazin-molas-dual-face-molejo-198x58-al27#primaryimage"},"thumbnailUrl":"https:\/\/lucaseletro.com.br\/wp-content\/uploads\/2024\/07\/9e2829902afa314af5cff59503448b6a.webp","datePublished":"2024-07-30T19:51:46+00:00","dateModified":"2025-08-28T10:51:38+00:00","description":"COLCHAO GAZIN COMPOSTO SONOPROMAX 188X88X18","breadcrumb":{"@id":"https:\/\/lucaseletro.com.br\/?product=colchao-gazin-molas-dual-face-molejo-198x58-al27#breadcrumb"},"inLanguage":"pt-BR","potentialAction":[{"@type":"ReadAction","target":["https:\/\/lucaseletro.com.br\/?product=colchao-gazin-molas-dual-face-molejo-198x58-al27"]}]},{"@type":"ImageObject","inLanguage":"pt-BR","@id":"https:\/\/lucaseletro.com.br\/?product=colchao-gazin-molas-dual-face-molejo-198x58-al27#primaryimage","url":"https:\/\/lucaseletro.com.br\/wp-content\/uploads\/2024\/07\/9e2829902afa314af5cff59503448b6a.webp","contentUrl":"https:\/\/lucaseletro.com.br\/wp-content\/uploads\/2024\/07\/9e2829902afa314af5cff59503448b6a.webp","width":560,"height":560},{"@type":"BreadcrumbList","@id":"https:\/\/lucaseletro.com.br\/?product=colchao-gazin-molas-dual-face-molejo-198x58-al27#breadcrumb","itemListElement":[{"@type":"ListItem","position":1,"name":"In\u00edcio","item":"https:\/\/lucaseletro.com.br\/"},{"@type":"ListItem","position":2,"name":"Loja","item":"https:\/\/lucaseletro.com.br\/?page_id=11"},{"@type":"ListItem","position":3,"name":"COLCHAO GAZIN COMPOSTO SONOPROMAX 188X88X18"}]},{"@type":"WebSite","@id":"https:\/\/lucaseletro.com.br\/#website","url":"https:\/\/lucaseletro.com.br\/","name":"Lucas Eletro","description":"Realizando seus sonhos","publisher":{"@id":"https:\/\/lucaseletro.com.br\/#organization"},"alternateName":"Lucas Eletro","potentialAction":[{"@type":"SearchAction","target":{"@type":"EntryPoint","urlTemplate":"https:\/\/lucaseletro.com.br\/?s={search_term_string}"},"query-input":{"@type":"PropertyValueSpecification","valueRequired":true,"valueName":"search_term_string"}}],"inLanguage":"pt-BR"},{"@type":"Organization","@id":"https:\/\/lucaseletro.com.br\/#organization","name":"Lucas Eletro","alternateName":"Lucas Eletro","url":"https:\/\/lucaseletro.com.br\/","logo":{"@type":"ImageObject","inLanguage":"pt-BR","@id":"https:\/\/lucaseletro.com.br\/#\/schema\/logo\/image\/","url":"https:\/\/lucaseletro.com.br\/wp-content\/uploads\/2024\/08\/Logo-WebP.webp","contentUrl":"https:\/\/lucaseletro.com.br\/wp-content\/uploads\/2024\/08\/Logo-WebP.webp","width":1366,"height":457,"caption":"Lucas Eletro"},"image":{"@id":"https:\/\/lucaseletro.com.br\/#\/schema\/logo\/image\/"},"sameAs":["https:\/\/www.facebook.com\/lucas.eletro.71"]}]},"product_price_amount":"699.00","product_price_currency":"BRL","og_availability":"instock","product_availability":"instock","product_condition":"new"},"_links":{"self":[{"href":"https:\/\/lucaseletro.com.br\/index.php?rest_route=\/wp\/v2\/product\/839","targetHints":{"allow":["GET"]}}],"collection":[{"href":"https:\/\/lucaseletro.com.br\/index.php?rest_route=\/wp\/v2\/product"}],"about":[{"href":"https:\/\/lucaseletro.com.br\/index.php?rest_route=\/wp\/v2\/types\/product"}],"replies":[{"embeddable":true,"href":"https:\/\/lucaseletro.com.br\/index.php?rest_route=%2Fwp%2Fv2%2Fcomments&post=839"}],"wp:featuredmedia":[{"embeddable":true,"href":"https:\/\/lucaseletro.com.br\/index.php?rest_route=\/wp\/v2\/media\/4321"}],"wp:attachment":[{"href":"https:\/\/lucaseletro.com.br\/index.php?rest_route=%2Fwp%2Fv2%2Fmedia&parent=839"}],"wp:term":[{"taxonomy":"product_brand","embeddable":true,"href":"https:\/\/lucaseletro.com.br\/index.php?rest_route=%2Fwp%2Fv2%2Fproduct_brand&post=839"},{"taxonomy":"product_cat","embeddable":true,"href":"https:\/\/lucaseletro.com.br\/index.php?rest_route=%2Fwp%2Fv2%2Fproduct_cat&post=839"},{"taxonomy":"product_tag","embeddable":true,"href":"https:\/\/lucaseletro.com.br\/index.php?rest_route=%2Fwp%2Fv2%2Fproduct_tag&post=839"}],"curies":[{"name":"wp","href":"https:\/\/api.w.org\/{rel}","templated":true}]}}